{"id":6899,"date":"2020-08-07T06:36:12","date_gmt":"2020-08-07T08:36:12","guid":{"rendered":"https:\/\/www.specagra.ee.nemokamossvetaines.hostingas.lt\/?post_type=product&#038;p=6899"},"modified":"2020-12-02T05:33:00","modified_gmt":"2020-12-02T07:33:00","slug":"teleskopiniu-krautuvu-remontas","status":"publish","type":"product","link":"https:\/\/www.specagra.ee\/?product=teleskopiniu-krautuvu-remontas","title":{"rendered":"Teleskopini\u0173 krautuv\u0173 remontas"},"content":{"rendered":"<p>Manipuliatori\u0173, teleskopini\u0173 str\u0117li\u0173 remontas;<br \/>\nRemontuojame \u012fvairi\u0173 teleskop\u0173 str\u0117les;<br \/>\nSustipriname. Suviriname, naudojame speciali\u0105 virinimo technologij\u0105;<br \/>\nVis\u0173 tip\u0173 hidraulini\u0173 ir pneumatini\u0173 cilindr\u0173 remontas;<br \/>\nHidraulini\u0173 \u017earn\u0173 gamyba ir remontas;<br \/>\nHidraulini\u0173 skirstytuv\u0173 remontas;<br \/>\nHidraulini\u0173 siurbli\u0173 remontas;<br \/>\nHidraulini\u0173 varikli\u0173 remontas.<\/p>\n","protected":false},"excerpt":{"rendered":"<p>Manipuliatori\u0173, teleskopini\u0173 str\u0117li\u0173 remontas; Remontuojame \u012fvairi\u0173 teleskop\u0173 str\u0117les; Sustipriname. Suviriname, naudojame speciali\u0105 virinimo technologij\u0105; Vis\u0173 tip\u0173 hidraulini\u0173 ir pneumatini\u0173 cilindr\u0173 remontas; Hidraulini\u0173 \u017earn\u0173 gamyba ir remontas; Hidraulini\u0173 skirstytuv\u0173 remontas; Hidraulini\u0173 siurbli\u0173 remontas; Hidraulini\u0173 varikli\u0173 remontas.<\/p>\n","protected":false},"featured_media":12247,"template":"","meta":{"_acf_changed":false},"product_brand":[],"product_cat":[171],"product_tag":[],"class_list":{"0":"post-6899","1":"product","2":"type-product","3":"status-publish","4":"has-post-thumbnail","6":"product_cat-hooldus-ja-muud-teenused","8":"first","9":"instock","10":"shipping-taxable","11":"product-type-simple"},"acf":[],"yoast_head":"<!-- This site is optimized with the Yoast SEO plugin v27.4 - https:\/\/yoast.com\/product\/yoast-seo-wordpress\/ -->\n<title>Teleskopini\u0173 krautuv\u0173 remontas - Specagra<\/title>\n<meta name=\"robots\" content=\"index, follow, max-snippet:-1, max-image-preview:large, max-video-preview:-1\" \/>\n<link rel=\"canonical\" href=\"https:\/\/www.specagra.ee\/?product=teleskopiniu-krautuvu-remontas\" \/>\n<meta property=\"og:locale\" content=\"et_EE\" \/>\n<meta property=\"og:type\" content=\"article\" \/>\n<meta property=\"og:title\" content=\"Teleskopini\u0173 krautuv\u0173 remontas - Specagra\" \/>\n<meta property=\"og:description\" content=\"Manipuliatori\u0173, teleskopini\u0173 str\u0117li\u0173 remontas; Remontuojame \u012fvairi\u0173 teleskop\u0173 str\u0117les; Sustipriname. Suviriname, naudojame speciali\u0105 virinimo technologij\u0105; Vis\u0173 tip\u0173 hidraulini\u0173 ir pneumatini\u0173 cilindr\u0173 remontas; Hidraulini\u0173 \u017earn\u0173 gamyba ir remontas; Hidraulini\u0173 skirstytuv\u0173 remontas; Hidraulini\u0173 siurbli\u0173 remontas; Hidraulini\u0173 varikli\u0173 remontas.\" \/>\n<meta property=\"og:url\" content=\"https:\/\/www.specagra.ee\/?product=teleskopiniu-krautuvu-remontas\" \/>\n<meta property=\"og:site_name\" content=\"Specagra\" \/>\n<meta property=\"article:modified_time\" content=\"2020-12-02T07:33:00+00:00\" \/>\n<meta property=\"og:image\" content=\"https:\/\/www.specagra.ee\/wp-content\/uploads\/2020\/08\/teleskop.krautuv\u0173-rem-scaled.jpg\" \/>\n\t<meta property=\"og:image:width\" content=\"2560\" \/>\n\t<meta property=\"og:image:height\" content=\"1920\" \/>\n\t<meta property=\"og:image:type\" content=\"image\/jpeg\" \/>\n<meta name=\"twitter:card\" content=\"summary_large_image\" \/>\n<script type=\"application\/ld+json\" class=\"yoast-schema-graph\">{\"@context\":\"https:\\\/\\\/schema.org\",\"@graph\":[{\"@type\":\"WebPage\",\"@id\":\"https:\\\/\\\/www.specagra.ee\\\/?product=teleskopiniu-krautuvu-remontas\",\"url\":\"https:\\\/\\\/www.specagra.ee\\\/?product=teleskopiniu-krautuvu-remontas\",\"name\":\"Teleskopini\u0173 krautuv\u0173 remontas - Specagra\",\"isPartOf\":{\"@id\":\"https:\\\/\\\/www.specagra.ee\\\/#website\"},\"primaryImageOfPage\":{\"@id\":\"https:\\\/\\\/www.specagra.ee\\\/?product=teleskopiniu-krautuvu-remontas#primaryimage\"},\"image\":{\"@id\":\"https:\\\/\\\/www.specagra.ee\\\/?product=teleskopiniu-krautuvu-remontas#primaryimage\"},\"thumbnailUrl\":\"https:\\\/\\\/www.specagra.ee\\\/wp-content\\\/uploads\\\/2020\\\/08\\\/teleskop.krautuv\u0173-rem-scaled.jpg\",\"datePublished\":\"2020-08-07T08:36:12+00:00\",\"dateModified\":\"2020-12-02T07:33:00+00:00\",\"breadcrumb\":{\"@id\":\"https:\\\/\\\/www.specagra.ee\\\/?product=teleskopiniu-krautuvu-remontas#breadcrumb\"},\"inLanguage\":\"et\",\"potentialAction\":[{\"@type\":\"ReadAction\",\"target\":[\"https:\\\/\\\/www.specagra.ee\\\/?product=teleskopiniu-krautuvu-remontas\"]}]},{\"@type\":\"ImageObject\",\"inLanguage\":\"et\",\"@id\":\"https:\\\/\\\/www.specagra.ee\\\/?product=teleskopiniu-krautuvu-remontas#primaryimage\",\"url\":\"https:\\\/\\\/www.specagra.ee\\\/wp-content\\\/uploads\\\/2020\\\/08\\\/teleskop.krautuv\u0173-rem-scaled.jpg\",\"contentUrl\":\"https:\\\/\\\/www.specagra.ee\\\/wp-content\\\/uploads\\\/2020\\\/08\\\/teleskop.krautuv\u0173-rem-scaled.jpg\",\"width\":2560,\"height\":1920},{\"@type\":\"BreadcrumbList\",\"@id\":\"https:\\\/\\\/www.specagra.ee\\\/?product=teleskopiniu-krautuvu-remontas#breadcrumb\",\"itemListElement\":[{\"@type\":\"ListItem\",\"position\":1,\"name\":\"Home\",\"item\":\"https:\\\/\\\/www.specagra.ee\\\/\"},{\"@type\":\"ListItem\",\"position\":2,\"name\":\"P\u00f5llumajandustehnika ja loomakasvatus\",\"item\":\"https:\\\/\\\/www.specagra.ee\\\/?page_id=18493\"},{\"@type\":\"ListItem\",\"position\":3,\"name\":\"Teleskopini\u0173 krautuv\u0173 remontas\"}]},{\"@type\":\"WebSite\",\"@id\":\"https:\\\/\\\/www.specagra.ee\\\/#website\",\"url\":\"https:\\\/\\\/www.specagra.ee\\\/\",\"name\":\"Specagra\",\"description\":\"P\u00f5llumajandustehnika ja varuosad\",\"publisher\":{\"@id\":\"https:\\\/\\\/www.specagra.ee\\\/#organization\"},\"potentialAction\":[{\"@type\":\"SearchAction\",\"target\":{\"@type\":\"EntryPoint\",\"urlTemplate\":\"https:\\\/\\\/www.specagra.ee\\\/?s={search_term_string}\"},\"query-input\":{\"@type\":\"PropertyValueSpecification\",\"valueRequired\":true,\"valueName\":\"search_term_string\"}}],\"inLanguage\":\"et\"},{\"@type\":\"Organization\",\"@id\":\"https:\\\/\\\/www.specagra.ee\\\/#organization\",\"name\":\"UAB Specagra\",\"url\":\"https:\\\/\\\/www.specagra.ee\\\/\",\"logo\":{\"@type\":\"ImageObject\",\"inLanguage\":\"et\",\"@id\":\"https:\\\/\\\/www.specagra.ee\\\/#\\\/schema\\\/logo\\\/image\\\/\",\"url\":\"http:\\\/\\\/www.specagra.ee\\\/wp-content\\\/uploads\\\/2022\\\/02\\\/SP-logo_naujas-scaled.jpg\",\"contentUrl\":\"http:\\\/\\\/www.specagra.ee\\\/wp-content\\\/uploads\\\/2022\\\/02\\\/SP-logo_naujas-scaled.jpg\",\"width\":2560,\"height\":326,\"caption\":\"UAB Specagra\"},\"image\":{\"@id\":\"https:\\\/\\\/www.specagra.ee\\\/#\\\/schema\\\/logo\\\/image\\\/\"}}]}<\/script>\n<!-- \/ Yoast SEO plugin. -->","yoast_head_json":{"title":"Teleskopini\u0173 krautuv\u0173 remontas - Specagra","robots":{"index":"index","follow":"follow","max-snippet":"max-snippet:-1","max-image-preview":"max-image-preview:large","max-video-preview":"max-video-preview:-1"},"canonical":"https:\/\/www.specagra.ee\/?product=teleskopiniu-krautuvu-remontas","og_locale":"et_EE","og_type":"article","og_title":"Teleskopini\u0173 krautuv\u0173 remontas - Specagra","og_description":"Manipuliatori\u0173, teleskopini\u0173 str\u0117li\u0173 remontas; Remontuojame \u012fvairi\u0173 teleskop\u0173 str\u0117les; Sustipriname. Suviriname, naudojame speciali\u0105 virinimo technologij\u0105; Vis\u0173 tip\u0173 hidraulini\u0173 ir pneumatini\u0173 cilindr\u0173 remontas; Hidraulini\u0173 \u017earn\u0173 gamyba ir remontas; Hidraulini\u0173 skirstytuv\u0173 remontas; Hidraulini\u0173 siurbli\u0173 remontas; Hidraulini\u0173 varikli\u0173 remontas.","og_url":"https:\/\/www.specagra.ee\/?product=teleskopiniu-krautuvu-remontas","og_site_name":"Specagra","article_modified_time":"2020-12-02T07:33:00+00:00","og_image":[{"width":2560,"height":1920,"url":"https:\/\/www.specagra.ee\/wp-content\/uploads\/2020\/08\/teleskop.krautuv\u0173-rem-scaled.jpg","type":"image\/jpeg"}],"twitter_card":"summary_large_image","schema":{"@context":"https:\/\/schema.org","@graph":[{"@type":"WebPage","@id":"https:\/\/www.specagra.ee\/?product=teleskopiniu-krautuvu-remontas","url":"https:\/\/www.specagra.ee\/?product=teleskopiniu-krautuvu-remontas","name":"Teleskopini\u0173 krautuv\u0173 remontas - Specagra","isPartOf":{"@id":"https:\/\/www.specagra.ee\/#website"},"primaryImageOfPage":{"@id":"https:\/\/www.specagra.ee\/?product=teleskopiniu-krautuvu-remontas#primaryimage"},"image":{"@id":"https:\/\/www.specagra.ee\/?product=teleskopiniu-krautuvu-remontas#primaryimage"},"thumbnailUrl":"https:\/\/www.specagra.ee\/wp-content\/uploads\/2020\/08\/teleskop.krautuv\u0173-rem-scaled.jpg","datePublished":"2020-08-07T08:36:12+00:00","dateModified":"2020-12-02T07:33:00+00:00","breadcrumb":{"@id":"https:\/\/www.specagra.ee\/?product=teleskopiniu-krautuvu-remontas#breadcrumb"},"inLanguage":"et","potentialAction":[{"@type":"ReadAction","target":["https:\/\/www.specagra.ee\/?product=teleskopiniu-krautuvu-remontas"]}]},{"@type":"ImageObject","inLanguage":"et","@id":"https:\/\/www.specagra.ee\/?product=teleskopiniu-krautuvu-remontas#primaryimage","url":"https:\/\/www.specagra.ee\/wp-content\/uploads\/2020\/08\/teleskop.krautuv\u0173-rem-scaled.jpg","contentUrl":"https:\/\/www.specagra.ee\/wp-content\/uploads\/2020\/08\/teleskop.krautuv\u0173-rem-scaled.jpg","width":2560,"height":1920},{"@type":"BreadcrumbList","@id":"https:\/\/www.specagra.ee\/?product=teleskopiniu-krautuvu-remontas#breadcrumb","itemListElement":[{"@type":"ListItem","position":1,"name":"Home","item":"https:\/\/www.specagra.ee\/"},{"@type":"ListItem","position":2,"name":"P\u00f5llumajandustehnika ja loomakasvatus","item":"https:\/\/www.specagra.ee\/?page_id=18493"},{"@type":"ListItem","position":3,"name":"Teleskopini\u0173 krautuv\u0173 remontas"}]},{"@type":"WebSite","@id":"https:\/\/www.specagra.ee\/#website","url":"https:\/\/www.specagra.ee\/","name":"Specagra","description":"P\u00f5llumajandustehnika ja varuosad","publisher":{"@id":"https:\/\/www.specagra.ee\/#organization"},"potentialAction":[{"@type":"SearchAction","target":{"@type":"EntryPoint","urlTemplate":"https:\/\/www.specagra.ee\/?s={search_term_string}"},"query-input":{"@type":"PropertyValueSpecification","valueRequired":true,"valueName":"search_term_string"}}],"inLanguage":"et"},{"@type":"Organization","@id":"https:\/\/www.specagra.ee\/#organization","name":"UAB Specagra","url":"https:\/\/www.specagra.ee\/","logo":{"@type":"ImageObject","inLanguage":"et","@id":"https:\/\/www.specagra.ee\/#\/schema\/logo\/image\/","url":"http:\/\/www.specagra.ee\/wp-content\/uploads\/2022\/02\/SP-logo_naujas-scaled.jpg","contentUrl":"http:\/\/www.specagra.ee\/wp-content\/uploads\/2022\/02\/SP-logo_naujas-scaled.jpg","width":2560,"height":326,"caption":"UAB Specagra"},"image":{"@id":"https:\/\/www.specagra.ee\/#\/schema\/logo\/image\/"}}]}},"_links":{"self":[{"href":"https:\/\/www.specagra.ee\/index.php?rest_route=\/wp\/v2\/product\/6899","targetHints":{"allow":["GET"]}}],"collection":[{"href":"https:\/\/www.specagra.ee\/index.php?rest_route=\/wp\/v2\/product"}],"about":[{"href":"https:\/\/www.specagra.ee\/index.php?rest_route=\/wp\/v2\/types\/product"}],"wp:featuredmedia":[{"embeddable":true,"href":"https:\/\/www.specagra.ee\/index.php?rest_route=\/wp\/v2\/media\/12247"}],"wp:attachment":[{"href":"https:\/\/www.specagra.ee\/index.php?rest_route=%2Fwp%2Fv2%2Fmedia&parent=6899"}],"wp:term":[{"taxonomy":"product_brand","embeddable":true,"href":"https:\/\/www.specagra.ee\/index.php?rest_route=%2Fwp%2Fv2%2Fproduct_brand&post=6899"},{"taxonomy":"product_cat","embeddable":true,"href":"https:\/\/www.specagra.ee\/index.php?rest_route=%2Fwp%2Fv2%2Fproduct_cat&post=6899"},{"taxonomy":"product_tag","embeddable":true,"href":"https:\/\/www.specagra.ee\/index.php?rest_route=%2Fwp%2Fv2%2Fproduct_tag&post=6899"}],"curies":[{"name":"wp","href":"https:\/\/api.w.org\/{rel}","templated":true}]}}