{"id":6234,"date":"2020-08-03T05:44:14","date_gmt":"2020-08-03T07:44:14","guid":{"rendered":"https:\/\/www.specagra.ee.nemokamossvetaines.hostingas.lt\/?post_type=product&#038;p=6234"},"modified":"2023-03-02T05:42:16","modified_gmt":"2023-03-02T07:42:16","slug":"serimo-transporteris-avims","status":"publish","type":"product","link":"https:\/\/www.specagra.ee\/?product=serimo-transporteris-avims","title":{"rendered":"Dir\u017einis \u0161\u0117rimo transporteris avims"},"content":{"rendered":"<p>Bendrosios savyb\u0117s:<\/p>\n<ul>\n<li>Vieno dir\u017eo vidinis plotis, lygus 500 mm, arba dvigubas dir\u017eas, 700, 750, 800 mm, gali b\u016bti gausus, pavyzd\u017eiui: kaklo pra\u0117jimo auk\u0161tis, skaitiklio indikatoriai, skaitiklio skaitiklis, fotoelementas, variklio galia.<img loading=\"lazy\" decoding=\"async\" class=\"alignnone size-medium wp-image-6235\" src=\"http:\/\/www.specagra.ee\/wp-content\/uploads\/2020\/08\/tapis-300x246.jpg\" alt=\"\" width=\"300\" height=\"246\" srcset=\"https:\/\/www.specagra.ee\/wp-content\/uploads\/2020\/08\/tapis-300x246.jpg 300w, https:\/\/www.specagra.ee\/wp-content\/uploads\/2020\/08\/tapis-768x630.jpg 768w, https:\/\/www.specagra.ee\/wp-content\/uploads\/2020\/08\/tapis-480x394.jpg 480w, https:\/\/www.specagra.ee\/wp-content\/uploads\/2020\/08\/tapis-100x82.jpg 100w, https:\/\/www.specagra.ee\/wp-content\/uploads\/2020\/08\/tapis-600x492.jpg 600w, https:\/\/www.specagra.ee\/wp-content\/uploads\/2020\/08\/tapis.jpg 800w\" sizes=\"(max-width: 300px) 100vw, 300px\" \/><\/li>\n<li>Konvejerio juosta judama motorizuota grandine pirmyn ir atgal su grei\u010dio reguliatoriumi.<\/li>\n<li>Maitinimo blokas (lg 0,82) su ner\u016bdijan\u010dio plieno korpusu, su valymo stal\u010diais.<\/li>\n<li><img loading=\"lazy\" decoding=\"async\" class=\"alignnone size-medium wp-image-6236\" src=\"http:\/\/www.specagra.ee\/wp-content\/uploads\/2020\/08\/tapis-2-188x300.jpg\" alt=\"\" width=\"188\" height=\"300\" srcset=\"https:\/\/www.specagra.ee\/wp-content\/uploads\/2020\/08\/tapis-2-188x300.jpg 188w, https:\/\/www.specagra.ee\/wp-content\/uploads\/2020\/08\/tapis-2-63x100.jpg 63w, https:\/\/www.specagra.ee\/wp-content\/uploads\/2020\/08\/tapis-2.jpg 261w\" sizes=\"(max-width: 188px) 100vw, 188px\" \/> Valdymas, kuriuo gali b\u016bti kei\u010diamas greitis.<\/li>\n<li><img loading=\"lazy\" decoding=\"async\" class=\"alignnone wp-image-6237\" src=\"http:\/\/www.specagra.ee\/wp-content\/uploads\/2020\/08\/tapis-1-300x300.jpg\" alt=\"\" width=\"266\" height=\"266\" srcset=\"https:\/\/www.specagra.ee\/wp-content\/uploads\/2020\/08\/tapis-1-300x300.jpg 300w, https:\/\/www.specagra.ee\/wp-content\/uploads\/2020\/08\/tapis-1-150x150.jpg 150w, https:\/\/www.specagra.ee\/wp-content\/uploads\/2020\/08\/tapis-1-100x100.jpg 100w, https:\/\/www.specagra.ee\/wp-content\/uploads\/2020\/08\/tapis-1.jpg 400w\" sizes=\"(max-width: 266px) 100vw, 266px\" \/> Opcija: valdymo pultelis<\/li>\n<li><img loading=\"lazy\" decoding=\"async\" class=\"alignnone size-medium wp-image-6238\" src=\"http:\/\/www.specagra.ee\/wp-content\/uploads\/2020\/08\/tapis-3-189x300.jpg\" alt=\"\" width=\"189\" height=\"300\" srcset=\"https:\/\/www.specagra.ee\/wp-content\/uploads\/2020\/08\/tapis-3-189x300.jpg 189w, https:\/\/www.specagra.ee\/wp-content\/uploads\/2020\/08\/tapis-3-480x763.jpg 480w, https:\/\/www.specagra.ee\/wp-content\/uploads\/2020\/08\/tapis-3-63x100.jpg 63w, https:\/\/www.specagra.ee\/wp-content\/uploads\/2020\/08\/tapis-3.jpg 503w\" sizes=\"(max-width: 189px) 100vw, 189px\" \/> Variklis su kei\u010diamu grei\u010diu + ner\u016bdijan\u010dio plieno apsauga su \u00d88 grandine<\/li>\n<li><img loading=\"lazy\" decoding=\"async\" class=\"alignnone size-medium wp-image-6239\" src=\"http:\/\/www.specagra.ee\/wp-content\/uploads\/2020\/08\/tapis-4-300x143.jpg\" alt=\"\" width=\"300\" height=\"143\" srcset=\"https:\/\/www.specagra.ee\/wp-content\/uploads\/2020\/08\/tapis-4-300x143.jpg 300w, https:\/\/www.specagra.ee\/wp-content\/uploads\/2020\/08\/tapis-4-768x365.jpg 768w, https:\/\/www.specagra.ee\/wp-content\/uploads\/2020\/08\/tapis-4-480x228.jpg 480w, https:\/\/www.specagra.ee\/wp-content\/uploads\/2020\/08\/tapis-4-100x48.jpg 100w, https:\/\/www.specagra.ee\/wp-content\/uploads\/2020\/08\/tapis-4-600x285.jpg 600w, https:\/\/www.specagra.ee\/wp-content\/uploads\/2020\/08\/tapis-4.jpg 800w\" sizes=\"(max-width: 300px) 100vw, 300px\" \/>Dugnas pagamintas i\u0161 CTBX su sutvirtinimais kas metr\u0105 + integruotas galinis jungiklis<\/li>\n<li><img loading=\"lazy\" decoding=\"async\" class=\"alignnone size-medium wp-image-6240\" src=\"http:\/\/www.specagra.ee\/wp-content\/uploads\/2020\/08\/tapis-6-300x225.jpg\" alt=\"\" width=\"300\" height=\"225\" srcset=\"https:\/\/www.specagra.ee\/wp-content\/uploads\/2020\/08\/tapis-6-300x225.jpg 300w, https:\/\/www.specagra.ee\/wp-content\/uploads\/2020\/08\/tapis-6-768x576.jpg 768w, https:\/\/www.specagra.ee\/wp-content\/uploads\/2020\/08\/tapis-6-510x382.jpg 510w, https:\/\/www.specagra.ee\/wp-content\/uploads\/2020\/08\/tapis-6-480x360.jpg 480w, https:\/\/www.specagra.ee\/wp-content\/uploads\/2020\/08\/tapis-6-100x75.jpg 100w, https:\/\/www.specagra.ee\/wp-content\/uploads\/2020\/08\/tapis-6-600x450.jpg 600w, https:\/\/www.specagra.ee\/wp-content\/uploads\/2020\/08\/tapis-6.jpg 800w\" sizes=\"(max-width: 300px) 100vw, 300px\" \/> Pritaikomos skirtingo tipo R, \u0160vedi\u0161ko arba Giljotinos fiksacijos.<\/li>\n<\/ul>\n","protected":false},"excerpt":{"rendered":"<p>Bendrosios savyb\u0117s: Vieno dir\u017eo vidinis plotis, lygus 500 mm, arba dvigubas dir\u017eas, 700, 750, 800 mm, gali b\u016bti gausus, pavyzd\u017eiui: kaklo pra\u0117jimo auk\u0161tis, skaitiklio indikatoriai, skaitiklio skaitiklis, fotoelementas, variklio galia. Konvejerio juosta judama motorizuota grandine pirmyn ir atgal su grei\u010dio reguliatoriumi. Maitinimo blokas (lg 0,82) su ner\u016bdijan\u010dio plieno korpusu, su valymo stal\u010diais. Valdymas, kuriuo gali [&hellip;]<\/p>\n","protected":false},"featured_media":24483,"template":"","meta":{"_et_pb_use_builder":"","_et_pb_old_content":"","_et_gb_content_width":""},"product_brand":[],"product_cat":[154],"product_tag":[],"class_list":{"0":"post-6234","1":"product","2":"type-product","3":"status-publish","4":"has-post-thumbnail","6":"product_cat-kontsentreeritud-sooda-sootjad","8":"first","9":"instock","10":"shipping-taxable","11":"product-type-simple"},"yoast_head":"<!-- This site is optimized with the Yoast SEO plugin v26.4 - https:\/\/yoast.com\/wordpress\/plugins\/seo\/ -->\n<title>Dir\u017einis \u0161\u0117rimo transporteris avims - Specagra<\/title>\n<meta name=\"robots\" content=\"index, follow, max-snippet:-1, max-image-preview:large, max-video-preview:-1\" \/>\n<link rel=\"canonical\" href=\"https:\/\/www.specagra.ee\/?product=serimo-transporteris-avims\" \/>\n<meta property=\"og:locale\" content=\"et_EE\" \/>\n<meta property=\"og:type\" content=\"article\" \/>\n<meta property=\"og:title\" content=\"Dir\u017einis \u0161\u0117rimo transporteris avims - Specagra\" \/>\n<meta property=\"og:description\" content=\"Bendrosios savyb\u0117s: Vieno dir\u017eo vidinis plotis, lygus 500 mm, arba dvigubas dir\u017eas, 700, 750, 800 mm, gali b\u016bti gausus, pavyzd\u017eiui: kaklo pra\u0117jimo auk\u0161tis, skaitiklio indikatoriai, skaitiklio skaitiklis, fotoelementas, variklio galia. Konvejerio juosta judama motorizuota grandine pirmyn ir atgal su grei\u010dio reguliatoriumi. Maitinimo blokas (lg 0,82) su ner\u016bdijan\u010dio plieno korpusu, su valymo stal\u010diais. Valdymas, kuriuo gali [&hellip;]\" \/>\n<meta property=\"og:url\" content=\"https:\/\/www.specagra.ee\/?product=serimo-transporteris-avims\" \/>\n<meta property=\"og:site_name\" content=\"Specagra\" \/>\n<meta property=\"article:modified_time\" content=\"2023-03-02T07:42:16+00:00\" \/>\n<meta property=\"og:image\" content=\"https:\/\/www.specagra.ee\/wp-content\/uploads\/2020\/08\/Untitled-design-67.jpg\" \/>\n\t<meta property=\"og:image:width\" content=\"800\" \/>\n\t<meta property=\"og:image:height\" content=\"800\" \/>\n\t<meta property=\"og:image:type\" content=\"image\/jpeg\" \/>\n<meta name=\"twitter:card\" content=\"summary_large_image\" \/>\n<meta name=\"twitter:label1\" content=\"Est. reading time\" \/>\n\t<meta name=\"twitter:data1\" content=\"2 minutit\" \/>\n<script type=\"application\/ld+json\" class=\"yoast-schema-graph\">{\"@context\":\"https:\/\/schema.org\",\"@graph\":[{\"@type\":\"WebPage\",\"@id\":\"https:\/\/www.specagra.ee\/?product=serimo-transporteris-avims\",\"url\":\"https:\/\/www.specagra.ee\/?product=serimo-transporteris-avims\",\"name\":\"Dir\u017einis \u0161\u0117rimo transporteris avims - Specagra\",\"isPartOf\":{\"@id\":\"https:\/\/www.specagra.ee\/#website\"},\"primaryImageOfPage\":{\"@id\":\"https:\/\/www.specagra.ee\/?product=serimo-transporteris-avims#primaryimage\"},\"image\":{\"@id\":\"https:\/\/www.specagra.ee\/?product=serimo-transporteris-avims#primaryimage\"},\"thumbnailUrl\":\"https:\/\/www.specagra.ee\/wp-content\/uploads\/2020\/08\/Untitled-design-67.jpg\",\"datePublished\":\"2020-08-03T07:44:14+00:00\",\"dateModified\":\"2023-03-02T07:42:16+00:00\",\"breadcrumb\":{\"@id\":\"https:\/\/www.specagra.ee\/?product=serimo-transporteris-avims#breadcrumb\"},\"inLanguage\":\"et\",\"potentialAction\":[{\"@type\":\"ReadAction\",\"target\":[\"https:\/\/www.specagra.ee\/?product=serimo-transporteris-avims\"]}]},{\"@type\":\"ImageObject\",\"inLanguage\":\"et\",\"@id\":\"https:\/\/www.specagra.ee\/?product=serimo-transporteris-avims#primaryimage\",\"url\":\"https:\/\/www.specagra.ee\/wp-content\/uploads\/2020\/08\/Untitled-design-67.jpg\",\"contentUrl\":\"https:\/\/www.specagra.ee\/wp-content\/uploads\/2020\/08\/Untitled-design-67.jpg\",\"width\":800,\"height\":800},{\"@type\":\"BreadcrumbList\",\"@id\":\"https:\/\/www.specagra.ee\/?product=serimo-transporteris-avims#breadcrumb\",\"itemListElement\":[{\"@type\":\"ListItem\",\"position\":1,\"name\":\"Home\",\"item\":\"https:\/\/www.specagra.ee\/\"},{\"@type\":\"ListItem\",\"position\":2,\"name\":\"P\u00f5llumajandustehnika ja loomakasvatus\",\"item\":\"https:\/\/specagra.ee\/?page_id=18493\"},{\"@type\":\"ListItem\",\"position\":3,\"name\":\"Dir\u017einis \u0161\u0117rimo transporteris avims\"}]},{\"@type\":\"WebSite\",\"@id\":\"https:\/\/www.specagra.ee\/#website\",\"url\":\"https:\/\/www.specagra.ee\/\",\"name\":\"Specagra\",\"description\":\"P\u00f5llumajandustehnika ja varuosad\",\"publisher\":{\"@id\":\"https:\/\/www.specagra.ee\/#organization\"},\"potentialAction\":[{\"@type\":\"SearchAction\",\"target\":{\"@type\":\"EntryPoint\",\"urlTemplate\":\"https:\/\/www.specagra.ee\/?s={search_term_string}\"},\"query-input\":{\"@type\":\"PropertyValueSpecification\",\"valueRequired\":true,\"valueName\":\"search_term_string\"}}],\"inLanguage\":\"et\"},{\"@type\":\"Organization\",\"@id\":\"https:\/\/www.specagra.ee\/#organization\",\"name\":\"UAB Specagra\",\"url\":\"https:\/\/www.specagra.ee\/\",\"logo\":{\"@type\":\"ImageObject\",\"inLanguage\":\"et\",\"@id\":\"https:\/\/www.specagra.ee\/#\/schema\/logo\/image\/\",\"url\":\"http:\/\/www.specagra.ee\/wp-content\/uploads\/2022\/02\/SP-logo_naujas-scaled.jpg\",\"contentUrl\":\"http:\/\/www.specagra.ee\/wp-content\/uploads\/2022\/02\/SP-logo_naujas-scaled.jpg\",\"width\":2560,\"height\":326,\"caption\":\"UAB Specagra\"},\"image\":{\"@id\":\"https:\/\/www.specagra.ee\/#\/schema\/logo\/image\/\"}}]}<\/script>\n<!-- \/ Yoast SEO plugin. -->","yoast_head_json":{"title":"Dir\u017einis \u0161\u0117rimo transporteris avims - Specagra","robots":{"index":"index","follow":"follow","max-snippet":"max-snippet:-1","max-image-preview":"max-image-preview:large","max-video-preview":"max-video-preview:-1"},"canonical":"https:\/\/www.specagra.ee\/?product=serimo-transporteris-avims","og_locale":"et_EE","og_type":"article","og_title":"Dir\u017einis \u0161\u0117rimo transporteris avims - Specagra","og_description":"Bendrosios savyb\u0117s: Vieno dir\u017eo vidinis plotis, lygus 500 mm, arba dvigubas dir\u017eas, 700, 750, 800 mm, gali b\u016bti gausus, pavyzd\u017eiui: kaklo pra\u0117jimo auk\u0161tis, skaitiklio indikatoriai, skaitiklio skaitiklis, fotoelementas, variklio galia. Konvejerio juosta judama motorizuota grandine pirmyn ir atgal su grei\u010dio reguliatoriumi. Maitinimo blokas (lg 0,82) su ner\u016bdijan\u010dio plieno korpusu, su valymo stal\u010diais. Valdymas, kuriuo gali [&hellip;]","og_url":"https:\/\/www.specagra.ee\/?product=serimo-transporteris-avims","og_site_name":"Specagra","article_modified_time":"2023-03-02T07:42:16+00:00","og_image":[{"width":800,"height":800,"url":"https:\/\/www.specagra.ee\/wp-content\/uploads\/2020\/08\/Untitled-design-67.jpg","type":"image\/jpeg"}],"twitter_card":"summary_large_image","twitter_misc":{"Est. reading time":"2 minutit"},"schema":{"@context":"https:\/\/schema.org","@graph":[{"@type":"WebPage","@id":"https:\/\/www.specagra.ee\/?product=serimo-transporteris-avims","url":"https:\/\/www.specagra.ee\/?product=serimo-transporteris-avims","name":"Dir\u017einis \u0161\u0117rimo transporteris avims - Specagra","isPartOf":{"@id":"https:\/\/www.specagra.ee\/#website"},"primaryImageOfPage":{"@id":"https:\/\/www.specagra.ee\/?product=serimo-transporteris-avims#primaryimage"},"image":{"@id":"https:\/\/www.specagra.ee\/?product=serimo-transporteris-avims#primaryimage"},"thumbnailUrl":"https:\/\/www.specagra.ee\/wp-content\/uploads\/2020\/08\/Untitled-design-67.jpg","datePublished":"2020-08-03T07:44:14+00:00","dateModified":"2023-03-02T07:42:16+00:00","breadcrumb":{"@id":"https:\/\/www.specagra.ee\/?product=serimo-transporteris-avims#breadcrumb"},"inLanguage":"et","potentialAction":[{"@type":"ReadAction","target":["https:\/\/www.specagra.ee\/?product=serimo-transporteris-avims"]}]},{"@type":"ImageObject","inLanguage":"et","@id":"https:\/\/www.specagra.ee\/?product=serimo-transporteris-avims#primaryimage","url":"https:\/\/www.specagra.ee\/wp-content\/uploads\/2020\/08\/Untitled-design-67.jpg","contentUrl":"https:\/\/www.specagra.ee\/wp-content\/uploads\/2020\/08\/Untitled-design-67.jpg","width":800,"height":800},{"@type":"BreadcrumbList","@id":"https:\/\/www.specagra.ee\/?product=serimo-transporteris-avims#breadcrumb","itemListElement":[{"@type":"ListItem","position":1,"name":"Home","item":"https:\/\/www.specagra.ee\/"},{"@type":"ListItem","position":2,"name":"P\u00f5llumajandustehnika ja loomakasvatus","item":"https:\/\/specagra.ee\/?page_id=18493"},{"@type":"ListItem","position":3,"name":"Dir\u017einis \u0161\u0117rimo transporteris avims"}]},{"@type":"WebSite","@id":"https:\/\/www.specagra.ee\/#website","url":"https:\/\/www.specagra.ee\/","name":"Specagra","description":"P\u00f5llumajandustehnika ja varuosad","publisher":{"@id":"https:\/\/www.specagra.ee\/#organization"},"potentialAction":[{"@type":"SearchAction","target":{"@type":"EntryPoint","urlTemplate":"https:\/\/www.specagra.ee\/?s={search_term_string}"},"query-input":{"@type":"PropertyValueSpecification","valueRequired":true,"valueName":"search_term_string"}}],"inLanguage":"et"},{"@type":"Organization","@id":"https:\/\/www.specagra.ee\/#organization","name":"UAB Specagra","url":"https:\/\/www.specagra.ee\/","logo":{"@type":"ImageObject","inLanguage":"et","@id":"https:\/\/www.specagra.ee\/#\/schema\/logo\/image\/","url":"http:\/\/www.specagra.ee\/wp-content\/uploads\/2022\/02\/SP-logo_naujas-scaled.jpg","contentUrl":"http:\/\/www.specagra.ee\/wp-content\/uploads\/2022\/02\/SP-logo_naujas-scaled.jpg","width":2560,"height":326,"caption":"UAB Specagra"},"image":{"@id":"https:\/\/www.specagra.ee\/#\/schema\/logo\/image\/"}}]}},"_links":{"self":[{"href":"https:\/\/www.specagra.ee\/index.php?rest_route=\/wp\/v2\/product\/6234","targetHints":{"allow":["GET"]}}],"collection":[{"href":"https:\/\/www.specagra.ee\/index.php?rest_route=\/wp\/v2\/product"}],"about":[{"href":"https:\/\/www.specagra.ee\/index.php?rest_route=\/wp\/v2\/types\/product"}],"wp:featuredmedia":[{"embeddable":true,"href":"https:\/\/www.specagra.ee\/index.php?rest_route=\/wp\/v2\/media\/24483"}],"wp:attachment":[{"href":"https:\/\/www.specagra.ee\/index.php?rest_route=%2Fwp%2Fv2%2Fmedia&parent=6234"}],"wp:term":[{"taxonomy":"product_brand","embeddable":true,"href":"https:\/\/www.specagra.ee\/index.php?rest_route=%2Fwp%2Fv2%2Fproduct_brand&post=6234"},{"taxonomy":"product_cat","embeddable":true,"href":"https:\/\/www.specagra.ee\/index.php?rest_route=%2Fwp%2Fv2%2Fproduct_cat&post=6234"},{"taxonomy":"product_tag","embeddable":true,"href":"https:\/\/www.specagra.ee\/index.php?rest_route=%2Fwp%2Fv2%2Fproduct_tag&post=6234"}],"curies":[{"name":"wp","href":"https:\/\/api.w.org\/{rel}","templated":true}]}}