{"id":6085,"date":"2020-07-30T04:23:59","date_gmt":"2020-07-30T06:23:59","guid":{"rendered":"https:\/\/www.specagra.ee.nemokamossvetaines.hostingas.lt\/?post_type=product&#038;p=6085"},"modified":"2023-03-17T12:44:42","modified_gmt":"2023-03-17T14:44:42","slug":"srutu-seperatorius","status":"publish","type":"product","link":"https:\/\/www.specagra.ee\/?product=srutu-seperatorius","title":{"rendered":"EYS srut\u0173 seperatoriai"},"content":{"rendered":"<p>Bendrosios savyb\u0117s:<\/p>\n<p>Srut\u0173 separatorius yra skirtas mechaniniam kiet\u0173j\u0173 ir mink\u0161t\u0173j\u0173 pluo\u0161tinio audinio daleli\u0173 atskyrimui. Tai gali b\u016bti atliekos, pavyzd\u017eiui, gyvuli\u0173 m\u0117\u0161las, popieriaus plau\u0161iena ir pana\u0161iai. Srut\u0173 separatoriai si\u016blo sprendim\u0105, kaip atliekas paversti vertingu ir paklausiu produktu, galin\u010diu suteikti klientui papildomos naudos.<\/p>\n<p>M\u0117\u0161lo nusausinimas srut\u0173 separatoriumi apsaugo nuo aplinkosaugini\u0173 problem\u0173 bei leid\u017eia d\u017eiaugtis \u0161varesne fermos aplinka. Jis suma\u017eina J\u016bs\u0173 sand\u0117liavimo apimtis (u\u017eima ma\u017eesn\u0119 erdv\u0119). Taip pat, leid\u017eia kietosioms ir skystosioms atliek\u0173 dalel\u0117ms b\u016bti panaudotoms kaip organin\u0117s tr\u0105\u0161os.<\/p>\n<ul>\n<li>EYS srut\u0173 separatoriai yra skirti organin\u0117ms srutoms, tokioms kaip gyvuli\u0173 m\u0117\u0161las, nusausinti.<\/li>\n<li>EYS srut\u0173 separatoriai yra pla\u010diai naudojami kietosioms ir skystosioms \u016bkio atliek\u0173 frakcijoms atskirti, taip pat bioduj\u0173 p\u016bdymui. T\u016bkstan\u010diai EYS separatori\u0173 daugel\u012f met\u0173 s\u0117kmingai aptarnauja reiklius klientus visame pasaulyje.<\/li>\n<li>EYS srut\u0173 separatoriai yra \u017einomi d\u0117l savo didelio atskyrimo efektyvumo ir didelio saus\u0173j\u0173 med\u017eiag\u0173 kiekio atskirtose kietosiose med\u017eiagose.<\/li>\n<li>Naudojama daugelyje pramon\u0117s sri\u010di\u0173, toki\u0173 kaip popieriaus mas\u0117s valymas, m\u0117sos perdirbimo \u012fmoni\u0173 \/ skerdykl\u0173, maisto perdirbimo \u012fmoni\u0173, pomidor\u0173 pastos gamykl\u0173, alkoholio augal\u0173 (panaudot\u0173 gr\u016bd\u0173) ir kt.<\/li>\n<\/ul>\n","protected":false},"excerpt":{"rendered":"<p>Bendrosios savyb\u0117s: Srut\u0173 separatorius yra skirtas mechaniniam kiet\u0173j\u0173 ir mink\u0161t\u0173j\u0173 pluo\u0161tinio audinio daleli\u0173 atskyrimui. Tai gali b\u016bti atliekos, pavyzd\u017eiui, gyvuli\u0173 m\u0117\u0161las, popieriaus plau\u0161iena ir pana\u0161iai. Srut\u0173 separatoriai si\u016blo sprendim\u0105, kaip atliekas paversti vertingu ir paklausiu produktu, galin\u010diu suteikti klientui papildomos naudos. M\u0117\u0161lo nusausinimas srut\u0173 separatoriumi apsaugo nuo aplinkosaugini\u0173 problem\u0173 bei leid\u017eia d\u017eiaugtis \u0161varesne fermos aplinka. [&hellip;]<\/p>\n","protected":false},"featured_media":27687,"template":"","meta":{"_et_pb_use_builder":"","_et_pb_old_content":"","_et_gb_content_width":""},"product_brand":[],"product_cat":[132],"product_tag":[],"class_list":{"0":"post-6085","1":"product","2":"type-product","3":"status-publish","4":"has-post-thumbnail","6":"product_cat-lagaseparaatorid","8":"first","9":"instock","10":"shipping-taxable","11":"product-type-simple"},"yoast_head":"<!-- This site is optimized with the Yoast SEO plugin v26.4 - https:\/\/yoast.com\/wordpress\/plugins\/seo\/ -->\n<title>EYS srut\u0173 seperatoriai - Specagra<\/title>\n<meta name=\"robots\" content=\"index, follow, max-snippet:-1, max-image-preview:large, max-video-preview:-1\" \/>\n<link rel=\"canonical\" href=\"https:\/\/www.specagra.ee\/?product=srutu-seperatorius\" \/>\n<meta property=\"og:locale\" content=\"et_EE\" \/>\n<meta property=\"og:type\" content=\"article\" \/>\n<meta property=\"og:title\" content=\"EYS srut\u0173 seperatoriai - Specagra\" \/>\n<meta property=\"og:description\" content=\"Bendrosios savyb\u0117s: Srut\u0173 separatorius yra skirtas mechaniniam kiet\u0173j\u0173 ir mink\u0161t\u0173j\u0173 pluo\u0161tinio audinio daleli\u0173 atskyrimui. Tai gali b\u016bti atliekos, pavyzd\u017eiui, gyvuli\u0173 m\u0117\u0161las, popieriaus plau\u0161iena ir pana\u0161iai. Srut\u0173 separatoriai si\u016blo sprendim\u0105, kaip atliekas paversti vertingu ir paklausiu produktu, galin\u010diu suteikti klientui papildomos naudos. M\u0117\u0161lo nusausinimas srut\u0173 separatoriumi apsaugo nuo aplinkosaugini\u0173 problem\u0173 bei leid\u017eia d\u017eiaugtis \u0161varesne fermos aplinka. [&hellip;]\" \/>\n<meta property=\"og:url\" content=\"https:\/\/www.specagra.ee\/?product=srutu-seperatorius\" \/>\n<meta property=\"og:site_name\" content=\"Specagra\" \/>\n<meta property=\"article:modified_time\" content=\"2023-03-17T14:44:42+00:00\" \/>\n<meta property=\"og:image\" content=\"https:\/\/www.specagra.ee\/wp-content\/uploads\/2020\/07\/Untitled-design-17.jpg\" \/>\n\t<meta property=\"og:image:width\" content=\"800\" \/>\n\t<meta property=\"og:image:height\" content=\"800\" \/>\n\t<meta property=\"og:image:type\" content=\"image\/jpeg\" \/>\n<meta name=\"twitter:card\" content=\"summary_large_image\" \/>\n<meta name=\"twitter:label1\" content=\"Est. reading time\" \/>\n\t<meta name=\"twitter:data1\" content=\"1 minut\" \/>\n<script type=\"application\/ld+json\" class=\"yoast-schema-graph\">{\"@context\":\"https:\/\/schema.org\",\"@graph\":[{\"@type\":\"WebPage\",\"@id\":\"https:\/\/www.specagra.ee\/?product=srutu-seperatorius\",\"url\":\"https:\/\/www.specagra.ee\/?product=srutu-seperatorius\",\"name\":\"EYS srut\u0173 seperatoriai - Specagra\",\"isPartOf\":{\"@id\":\"https:\/\/www.specagra.ee\/#website\"},\"primaryImageOfPage\":{\"@id\":\"https:\/\/www.specagra.ee\/?product=srutu-seperatorius#primaryimage\"},\"image\":{\"@id\":\"https:\/\/www.specagra.ee\/?product=srutu-seperatorius#primaryimage\"},\"thumbnailUrl\":\"https:\/\/www.specagra.ee\/wp-content\/uploads\/2020\/07\/Untitled-design-17.jpg\",\"datePublished\":\"2020-07-30T06:23:59+00:00\",\"dateModified\":\"2023-03-17T14:44:42+00:00\",\"breadcrumb\":{\"@id\":\"https:\/\/www.specagra.ee\/?product=srutu-seperatorius#breadcrumb\"},\"inLanguage\":\"et\",\"potentialAction\":[{\"@type\":\"ReadAction\",\"target\":[\"https:\/\/www.specagra.ee\/?product=srutu-seperatorius\"]}]},{\"@type\":\"ImageObject\",\"inLanguage\":\"et\",\"@id\":\"https:\/\/www.specagra.ee\/?product=srutu-seperatorius#primaryimage\",\"url\":\"https:\/\/www.specagra.ee\/wp-content\/uploads\/2020\/07\/Untitled-design-17.jpg\",\"contentUrl\":\"https:\/\/www.specagra.ee\/wp-content\/uploads\/2020\/07\/Untitled-design-17.jpg\",\"width\":800,\"height\":800},{\"@type\":\"BreadcrumbList\",\"@id\":\"https:\/\/www.specagra.ee\/?product=srutu-seperatorius#breadcrumb\",\"itemListElement\":[{\"@type\":\"ListItem\",\"position\":1,\"name\":\"Home\",\"item\":\"https:\/\/www.specagra.ee\/\"},{\"@type\":\"ListItem\",\"position\":2,\"name\":\"P\u00f5llumajandustehnika ja loomakasvatus\",\"item\":\"https:\/\/specagra.ee\/?page_id=18493\"},{\"@type\":\"ListItem\",\"position\":3,\"name\":\"EYS srut\u0173 seperatoriai\"}]},{\"@type\":\"WebSite\",\"@id\":\"https:\/\/www.specagra.ee\/#website\",\"url\":\"https:\/\/www.specagra.ee\/\",\"name\":\"Specagra\",\"description\":\"P\u00f5llumajandustehnika ja varuosad\",\"publisher\":{\"@id\":\"https:\/\/www.specagra.ee\/#organization\"},\"potentialAction\":[{\"@type\":\"SearchAction\",\"target\":{\"@type\":\"EntryPoint\",\"urlTemplate\":\"https:\/\/www.specagra.ee\/?s={search_term_string}\"},\"query-input\":{\"@type\":\"PropertyValueSpecification\",\"valueRequired\":true,\"valueName\":\"search_term_string\"}}],\"inLanguage\":\"et\"},{\"@type\":\"Organization\",\"@id\":\"https:\/\/www.specagra.ee\/#organization\",\"name\":\"UAB Specagra\",\"url\":\"https:\/\/www.specagra.ee\/\",\"logo\":{\"@type\":\"ImageObject\",\"inLanguage\":\"et\",\"@id\":\"https:\/\/www.specagra.ee\/#\/schema\/logo\/image\/\",\"url\":\"http:\/\/www.specagra.ee\/wp-content\/uploads\/2022\/02\/SP-logo_naujas-scaled.jpg\",\"contentUrl\":\"http:\/\/www.specagra.ee\/wp-content\/uploads\/2022\/02\/SP-logo_naujas-scaled.jpg\",\"width\":2560,\"height\":326,\"caption\":\"UAB Specagra\"},\"image\":{\"@id\":\"https:\/\/www.specagra.ee\/#\/schema\/logo\/image\/\"}}]}<\/script>\n<!-- \/ Yoast SEO plugin. -->","yoast_head_json":{"title":"EYS srut\u0173 seperatoriai - Specagra","robots":{"index":"index","follow":"follow","max-snippet":"max-snippet:-1","max-image-preview":"max-image-preview:large","max-video-preview":"max-video-preview:-1"},"canonical":"https:\/\/www.specagra.ee\/?product=srutu-seperatorius","og_locale":"et_EE","og_type":"article","og_title":"EYS srut\u0173 seperatoriai - Specagra","og_description":"Bendrosios savyb\u0117s: Srut\u0173 separatorius yra skirtas mechaniniam kiet\u0173j\u0173 ir mink\u0161t\u0173j\u0173 pluo\u0161tinio audinio daleli\u0173 atskyrimui. Tai gali b\u016bti atliekos, pavyzd\u017eiui, gyvuli\u0173 m\u0117\u0161las, popieriaus plau\u0161iena ir pana\u0161iai. Srut\u0173 separatoriai si\u016blo sprendim\u0105, kaip atliekas paversti vertingu ir paklausiu produktu, galin\u010diu suteikti klientui papildomos naudos. M\u0117\u0161lo nusausinimas srut\u0173 separatoriumi apsaugo nuo aplinkosaugini\u0173 problem\u0173 bei leid\u017eia d\u017eiaugtis \u0161varesne fermos aplinka. [&hellip;]","og_url":"https:\/\/www.specagra.ee\/?product=srutu-seperatorius","og_site_name":"Specagra","article_modified_time":"2023-03-17T14:44:42+00:00","og_image":[{"width":800,"height":800,"url":"https:\/\/www.specagra.ee\/wp-content\/uploads\/2020\/07\/Untitled-design-17.jpg","type":"image\/jpeg"}],"twitter_card":"summary_large_image","twitter_misc":{"Est. reading time":"1 minut"},"schema":{"@context":"https:\/\/schema.org","@graph":[{"@type":"WebPage","@id":"https:\/\/www.specagra.ee\/?product=srutu-seperatorius","url":"https:\/\/www.specagra.ee\/?product=srutu-seperatorius","name":"EYS srut\u0173 seperatoriai - Specagra","isPartOf":{"@id":"https:\/\/www.specagra.ee\/#website"},"primaryImageOfPage":{"@id":"https:\/\/www.specagra.ee\/?product=srutu-seperatorius#primaryimage"},"image":{"@id":"https:\/\/www.specagra.ee\/?product=srutu-seperatorius#primaryimage"},"thumbnailUrl":"https:\/\/www.specagra.ee\/wp-content\/uploads\/2020\/07\/Untitled-design-17.jpg","datePublished":"2020-07-30T06:23:59+00:00","dateModified":"2023-03-17T14:44:42+00:00","breadcrumb":{"@id":"https:\/\/www.specagra.ee\/?product=srutu-seperatorius#breadcrumb"},"inLanguage":"et","potentialAction":[{"@type":"ReadAction","target":["https:\/\/www.specagra.ee\/?product=srutu-seperatorius"]}]},{"@type":"ImageObject","inLanguage":"et","@id":"https:\/\/www.specagra.ee\/?product=srutu-seperatorius#primaryimage","url":"https:\/\/www.specagra.ee\/wp-content\/uploads\/2020\/07\/Untitled-design-17.jpg","contentUrl":"https:\/\/www.specagra.ee\/wp-content\/uploads\/2020\/07\/Untitled-design-17.jpg","width":800,"height":800},{"@type":"BreadcrumbList","@id":"https:\/\/www.specagra.ee\/?product=srutu-seperatorius#breadcrumb","itemListElement":[{"@type":"ListItem","position":1,"name":"Home","item":"https:\/\/www.specagra.ee\/"},{"@type":"ListItem","position":2,"name":"P\u00f5llumajandustehnika ja loomakasvatus","item":"https:\/\/specagra.ee\/?page_id=18493"},{"@type":"ListItem","position":3,"name":"EYS srut\u0173 seperatoriai"}]},{"@type":"WebSite","@id":"https:\/\/www.specagra.ee\/#website","url":"https:\/\/www.specagra.ee\/","name":"Specagra","description":"P\u00f5llumajandustehnika ja varuosad","publisher":{"@id":"https:\/\/www.specagra.ee\/#organization"},"potentialAction":[{"@type":"SearchAction","target":{"@type":"EntryPoint","urlTemplate":"https:\/\/www.specagra.ee\/?s={search_term_string}"},"query-input":{"@type":"PropertyValueSpecification","valueRequired":true,"valueName":"search_term_string"}}],"inLanguage":"et"},{"@type":"Organization","@id":"https:\/\/www.specagra.ee\/#organization","name":"UAB Specagra","url":"https:\/\/www.specagra.ee\/","logo":{"@type":"ImageObject","inLanguage":"et","@id":"https:\/\/www.specagra.ee\/#\/schema\/logo\/image\/","url":"http:\/\/www.specagra.ee\/wp-content\/uploads\/2022\/02\/SP-logo_naujas-scaled.jpg","contentUrl":"http:\/\/www.specagra.ee\/wp-content\/uploads\/2022\/02\/SP-logo_naujas-scaled.jpg","width":2560,"height":326,"caption":"UAB Specagra"},"image":{"@id":"https:\/\/www.specagra.ee\/#\/schema\/logo\/image\/"}}]}},"_links":{"self":[{"href":"https:\/\/www.specagra.ee\/index.php?rest_route=\/wp\/v2\/product\/6085","targetHints":{"allow":["GET"]}}],"collection":[{"href":"https:\/\/www.specagra.ee\/index.php?rest_route=\/wp\/v2\/product"}],"about":[{"href":"https:\/\/www.specagra.ee\/index.php?rest_route=\/wp\/v2\/types\/product"}],"wp:featuredmedia":[{"embeddable":true,"href":"https:\/\/www.specagra.ee\/index.php?rest_route=\/wp\/v2\/media\/27687"}],"wp:attachment":[{"href":"https:\/\/www.specagra.ee\/index.php?rest_route=%2Fwp%2Fv2%2Fmedia&parent=6085"}],"wp:term":[{"taxonomy":"product_brand","embeddable":true,"href":"https:\/\/www.specagra.ee\/index.php?rest_route=%2Fwp%2Fv2%2Fproduct_brand&post=6085"},{"taxonomy":"product_cat","embeddable":true,"href":"https:\/\/www.specagra.ee\/index.php?rest_route=%2Fwp%2Fv2%2Fproduct_cat&post=6085"},{"taxonomy":"product_tag","embeddable":true,"href":"https:\/\/www.specagra.ee\/index.php?rest_route=%2Fwp%2Fv2%2Fproduct_tag&post=6085"}],"curies":[{"name":"wp","href":"https:\/\/api.w.org\/{rel}","templated":true}]}}