{"id":6042,"date":"2020-07-29T06:22:31","date_gmt":"2020-07-29T08:22:31","guid":{"rendered":"https:\/\/www.specagra.ee.nemokamossvetaines.hostingas.lt\/?post_type=product&#038;p=6042"},"modified":"2023-03-17T12:38:56","modified_gmt":"2023-03-17T14:38:56","slug":"srutu-siurblys","status":"publish","type":"product","link":"https:\/\/www.specagra.ee\/?product=srutu-siurblys","title":{"rendered":"EYS panardinami srut\u0173 siurbliai"},"content":{"rendered":"<p>Panardinami srut\u0173 siurbliai:<\/p>\n<ul>\n<li>\u00a0EYS panardinamas srut\u0173 siurblys: tai patikimas pagalbininkas \u016bkininkui, esant sud\u0117tingiausioms naudojimo s\u0105lygoms su didele perpumpavimo apimtimi, prakti\u0161ku ir paprastu panaudojimu.<\/li>\n<li>GP serijos siurbliai gali b\u016bti naudojami perpumpuoti i\u0161 skirtingo auk\u0161\u010dio srut\u0173 sankaup\u0173. Tausojantys energij\u0105 bei tyliai dirbantys srut\u0173 siurbliai. D\u0117l patikimumo ir kokybi\u0161ko veikimo pasaulyje gerai \u017einoma siurbli\u0173 serija.<\/li>\n<\/ul>\n<p>Kod\u0117l verta rinktis EYS panardinamus siurblius:<\/p>\n<ul>\n<li>Tiesioginis pajungimas; 1450 aps \/ min (50 Hz);<\/li>\n<li>Specialaus liejinio sparnuot\u0117 u\u017etikrina \u0161io produkto ilgaam\u017ei\u0161kum\u0105;<\/li>\n<li>Didelis produkto efektyvumas bei lengvas vidini\u0173 peili\u0173 pakeitimas, esant reikalui.<\/li>\n<\/ul>\n","protected":false},"excerpt":{"rendered":"<p>Panardinami srut\u0173 siurbliai: \u00a0EYS panardinamas srut\u0173 siurblys: tai patikimas pagalbininkas \u016bkininkui, esant sud\u0117tingiausioms naudojimo s\u0105lygoms su didele perpumpavimo apimtimi, prakti\u0161ku ir paprastu panaudojimu. GP serijos siurbliai gali b\u016bti naudojami perpumpuoti i\u0161 skirtingo auk\u0161\u010dio srut\u0173 sankaup\u0173. Tausojantys energij\u0105 bei tyliai dirbantys srut\u0173 siurbliai. D\u0117l patikimumo ir kokybi\u0161ko veikimo pasaulyje gerai \u017einoma siurbli\u0173 serija. Kod\u0117l verta rinktis [&hellip;]<\/p>\n","protected":false},"featured_media":27682,"template":"","meta":{"_et_pb_use_builder":"","_et_pb_old_content":"","_et_gb_content_width":""},"product_brand":[],"product_cat":[130],"product_tag":[],"class_list":{"0":"post-6042","1":"product","2":"type-product","3":"status-publish","4":"has-post-thumbnail","6":"product_cat-lagapumbad","8":"first","9":"instock","10":"shipping-taxable","11":"product-type-simple"},"yoast_head":"<!-- This site is optimized with the Yoast SEO plugin v26.4 - https:\/\/yoast.com\/wordpress\/plugins\/seo\/ -->\n<title>EYS panardinami srut\u0173 siurbliai - Specagra<\/title>\n<meta name=\"robots\" content=\"index, follow, max-snippet:-1, max-image-preview:large, max-video-preview:-1\" \/>\n<link rel=\"canonical\" href=\"https:\/\/www.specagra.ee\/?product=srutu-siurblys\" \/>\n<meta property=\"og:locale\" content=\"et_EE\" \/>\n<meta property=\"og:type\" content=\"article\" \/>\n<meta property=\"og:title\" content=\"EYS panardinami srut\u0173 siurbliai - Specagra\" \/>\n<meta property=\"og:description\" content=\"Panardinami srut\u0173 siurbliai: \u00a0EYS panardinamas srut\u0173 siurblys: tai patikimas pagalbininkas \u016bkininkui, esant sud\u0117tingiausioms naudojimo s\u0105lygoms su didele perpumpavimo apimtimi, prakti\u0161ku ir paprastu panaudojimu. GP serijos siurbliai gali b\u016bti naudojami perpumpuoti i\u0161 skirtingo auk\u0161\u010dio srut\u0173 sankaup\u0173. Tausojantys energij\u0105 bei tyliai dirbantys srut\u0173 siurbliai. D\u0117l patikimumo ir kokybi\u0161ko veikimo pasaulyje gerai \u017einoma siurbli\u0173 serija. Kod\u0117l verta rinktis [&hellip;]\" \/>\n<meta property=\"og:url\" content=\"https:\/\/www.specagra.ee\/?product=srutu-siurblys\" \/>\n<meta property=\"og:site_name\" content=\"Specagra\" \/>\n<meta property=\"article:modified_time\" content=\"2023-03-17T14:38:56+00:00\" \/>\n<meta property=\"og:image\" content=\"https:\/\/specagra.ee\/wp-content\/uploads\/2020\/07\/Untitled-design-13.jpg\" \/>\n\t<meta property=\"og:image:width\" content=\"800\" \/>\n\t<meta property=\"og:image:height\" content=\"800\" \/>\n\t<meta property=\"og:image:type\" content=\"image\/jpeg\" \/>\n<meta name=\"twitter:card\" content=\"summary_large_image\" \/>\n<meta name=\"twitter:label1\" content=\"Est. reading time\" \/>\n\t<meta name=\"twitter:data1\" content=\"1 minut\" \/>\n<script type=\"application\/ld+json\" class=\"yoast-schema-graph\">{\"@context\":\"https:\/\/schema.org\",\"@graph\":[{\"@type\":\"WebPage\",\"@id\":\"https:\/\/www.specagra.ee\/?product=srutu-siurblys\",\"url\":\"https:\/\/www.specagra.ee\/?product=srutu-siurblys\",\"name\":\"EYS panardinami srut\u0173 siurbliai - Specagra\",\"isPartOf\":{\"@id\":\"https:\/\/www.specagra.ee\/#website\"},\"primaryImageOfPage\":{\"@id\":\"https:\/\/www.specagra.ee\/?product=srutu-siurblys#primaryimage\"},\"image\":{\"@id\":\"https:\/\/www.specagra.ee\/?product=srutu-siurblys#primaryimage\"},\"thumbnailUrl\":\"https:\/\/www.specagra.ee\/wp-content\/uploads\/2020\/07\/Untitled-design-13.jpg\",\"datePublished\":\"2020-07-29T08:22:31+00:00\",\"dateModified\":\"2023-03-17T14:38:56+00:00\",\"breadcrumb\":{\"@id\":\"https:\/\/www.specagra.ee\/?product=srutu-siurblys#breadcrumb\"},\"inLanguage\":\"et\",\"potentialAction\":[{\"@type\":\"ReadAction\",\"target\":[\"https:\/\/www.specagra.ee\/?product=srutu-siurblys\"]}]},{\"@type\":\"ImageObject\",\"inLanguage\":\"et\",\"@id\":\"https:\/\/www.specagra.ee\/?product=srutu-siurblys#primaryimage\",\"url\":\"https:\/\/www.specagra.ee\/wp-content\/uploads\/2020\/07\/Untitled-design-13.jpg\",\"contentUrl\":\"https:\/\/www.specagra.ee\/wp-content\/uploads\/2020\/07\/Untitled-design-13.jpg\",\"width\":800,\"height\":800},{\"@type\":\"BreadcrumbList\",\"@id\":\"https:\/\/www.specagra.ee\/?product=srutu-siurblys#breadcrumb\",\"itemListElement\":[{\"@type\":\"ListItem\",\"position\":1,\"name\":\"Home\",\"item\":\"https:\/\/www.specagra.ee\/\"},{\"@type\":\"ListItem\",\"position\":2,\"name\":\"P\u00f5llumajandustehnika ja loomakasvatus\",\"item\":\"https:\/\/specagra.ee\/?page_id=18493\"},{\"@type\":\"ListItem\",\"position\":3,\"name\":\"EYS panardinami srut\u0173 siurbliai\"}]},{\"@type\":\"WebSite\",\"@id\":\"https:\/\/www.specagra.ee\/#website\",\"url\":\"https:\/\/www.specagra.ee\/\",\"name\":\"Specagra\",\"description\":\"P\u00f5llumajandustehnika ja varuosad\",\"publisher\":{\"@id\":\"https:\/\/www.specagra.ee\/#organization\"},\"potentialAction\":[{\"@type\":\"SearchAction\",\"target\":{\"@type\":\"EntryPoint\",\"urlTemplate\":\"https:\/\/www.specagra.ee\/?s={search_term_string}\"},\"query-input\":{\"@type\":\"PropertyValueSpecification\",\"valueRequired\":true,\"valueName\":\"search_term_string\"}}],\"inLanguage\":\"et\"},{\"@type\":\"Organization\",\"@id\":\"https:\/\/www.specagra.ee\/#organization\",\"name\":\"UAB Specagra\",\"url\":\"https:\/\/www.specagra.ee\/\",\"logo\":{\"@type\":\"ImageObject\",\"inLanguage\":\"et\",\"@id\":\"https:\/\/www.specagra.ee\/#\/schema\/logo\/image\/\",\"url\":\"http:\/\/www.specagra.ee\/wp-content\/uploads\/2022\/02\/SP-logo_naujas-scaled.jpg\",\"contentUrl\":\"http:\/\/www.specagra.ee\/wp-content\/uploads\/2022\/02\/SP-logo_naujas-scaled.jpg\",\"width\":2560,\"height\":326,\"caption\":\"UAB Specagra\"},\"image\":{\"@id\":\"https:\/\/www.specagra.ee\/#\/schema\/logo\/image\/\"}}]}<\/script>\n<!-- \/ Yoast SEO plugin. -->","yoast_head_json":{"title":"EYS panardinami srut\u0173 siurbliai - Specagra","robots":{"index":"index","follow":"follow","max-snippet":"max-snippet:-1","max-image-preview":"max-image-preview:large","max-video-preview":"max-video-preview:-1"},"canonical":"https:\/\/www.specagra.ee\/?product=srutu-siurblys","og_locale":"et_EE","og_type":"article","og_title":"EYS panardinami srut\u0173 siurbliai - Specagra","og_description":"Panardinami srut\u0173 siurbliai: \u00a0EYS panardinamas srut\u0173 siurblys: tai patikimas pagalbininkas \u016bkininkui, esant sud\u0117tingiausioms naudojimo s\u0105lygoms su didele perpumpavimo apimtimi, prakti\u0161ku ir paprastu panaudojimu. GP serijos siurbliai gali b\u016bti naudojami perpumpuoti i\u0161 skirtingo auk\u0161\u010dio srut\u0173 sankaup\u0173. Tausojantys energij\u0105 bei tyliai dirbantys srut\u0173 siurbliai. D\u0117l patikimumo ir kokybi\u0161ko veikimo pasaulyje gerai \u017einoma siurbli\u0173 serija. Kod\u0117l verta rinktis [&hellip;]","og_url":"https:\/\/www.specagra.ee\/?product=srutu-siurblys","og_site_name":"Specagra","article_modified_time":"2023-03-17T14:38:56+00:00","og_image":[{"width":800,"height":800,"url":"https:\/\/specagra.ee\/wp-content\/uploads\/2020\/07\/Untitled-design-13.jpg","type":"image\/jpeg"}],"twitter_card":"summary_large_image","twitter_misc":{"Est. reading time":"1 minut"},"schema":{"@context":"https:\/\/schema.org","@graph":[{"@type":"WebPage","@id":"https:\/\/www.specagra.ee\/?product=srutu-siurblys","url":"https:\/\/www.specagra.ee\/?product=srutu-siurblys","name":"EYS panardinami srut\u0173 siurbliai - Specagra","isPartOf":{"@id":"https:\/\/www.specagra.ee\/#website"},"primaryImageOfPage":{"@id":"https:\/\/www.specagra.ee\/?product=srutu-siurblys#primaryimage"},"image":{"@id":"https:\/\/www.specagra.ee\/?product=srutu-siurblys#primaryimage"},"thumbnailUrl":"https:\/\/www.specagra.ee\/wp-content\/uploads\/2020\/07\/Untitled-design-13.jpg","datePublished":"2020-07-29T08:22:31+00:00","dateModified":"2023-03-17T14:38:56+00:00","breadcrumb":{"@id":"https:\/\/www.specagra.ee\/?product=srutu-siurblys#breadcrumb"},"inLanguage":"et","potentialAction":[{"@type":"ReadAction","target":["https:\/\/www.specagra.ee\/?product=srutu-siurblys"]}]},{"@type":"ImageObject","inLanguage":"et","@id":"https:\/\/www.specagra.ee\/?product=srutu-siurblys#primaryimage","url":"https:\/\/www.specagra.ee\/wp-content\/uploads\/2020\/07\/Untitled-design-13.jpg","contentUrl":"https:\/\/www.specagra.ee\/wp-content\/uploads\/2020\/07\/Untitled-design-13.jpg","width":800,"height":800},{"@type":"BreadcrumbList","@id":"https:\/\/www.specagra.ee\/?product=srutu-siurblys#breadcrumb","itemListElement":[{"@type":"ListItem","position":1,"name":"Home","item":"https:\/\/www.specagra.ee\/"},{"@type":"ListItem","position":2,"name":"P\u00f5llumajandustehnika ja loomakasvatus","item":"https:\/\/specagra.ee\/?page_id=18493"},{"@type":"ListItem","position":3,"name":"EYS panardinami srut\u0173 siurbliai"}]},{"@type":"WebSite","@id":"https:\/\/www.specagra.ee\/#website","url":"https:\/\/www.specagra.ee\/","name":"Specagra","description":"P\u00f5llumajandustehnika ja varuosad","publisher":{"@id":"https:\/\/www.specagra.ee\/#organization"},"potentialAction":[{"@type":"SearchAction","target":{"@type":"EntryPoint","urlTemplate":"https:\/\/www.specagra.ee\/?s={search_term_string}"},"query-input":{"@type":"PropertyValueSpecification","valueRequired":true,"valueName":"search_term_string"}}],"inLanguage":"et"},{"@type":"Organization","@id":"https:\/\/www.specagra.ee\/#organization","name":"UAB Specagra","url":"https:\/\/www.specagra.ee\/","logo":{"@type":"ImageObject","inLanguage":"et","@id":"https:\/\/www.specagra.ee\/#\/schema\/logo\/image\/","url":"http:\/\/www.specagra.ee\/wp-content\/uploads\/2022\/02\/SP-logo_naujas-scaled.jpg","contentUrl":"http:\/\/www.specagra.ee\/wp-content\/uploads\/2022\/02\/SP-logo_naujas-scaled.jpg","width":2560,"height":326,"caption":"UAB Specagra"},"image":{"@id":"https:\/\/www.specagra.ee\/#\/schema\/logo\/image\/"}}]}},"_links":{"self":[{"href":"https:\/\/www.specagra.ee\/index.php?rest_route=\/wp\/v2\/product\/6042","targetHints":{"allow":["GET"]}}],"collection":[{"href":"https:\/\/www.specagra.ee\/index.php?rest_route=\/wp\/v2\/product"}],"about":[{"href":"https:\/\/www.specagra.ee\/index.php?rest_route=\/wp\/v2\/types\/product"}],"wp:featuredmedia":[{"embeddable":true,"href":"https:\/\/www.specagra.ee\/index.php?rest_route=\/wp\/v2\/media\/27682"}],"wp:attachment":[{"href":"https:\/\/www.specagra.ee\/index.php?rest_route=%2Fwp%2Fv2%2Fmedia&parent=6042"}],"wp:term":[{"taxonomy":"product_brand","embeddable":true,"href":"https:\/\/www.specagra.ee\/index.php?rest_route=%2Fwp%2Fv2%2Fproduct_brand&post=6042"},{"taxonomy":"product_cat","embeddable":true,"href":"https:\/\/www.specagra.ee\/index.php?rest_route=%2Fwp%2Fv2%2Fproduct_cat&post=6042"},{"taxonomy":"product_tag","embeddable":true,"href":"https:\/\/www.specagra.ee\/index.php?rest_route=%2Fwp%2Fv2%2Fproduct_tag&post=6042"}],"curies":[{"name":"wp","href":"https:\/\/api.w.org\/{rel}","templated":true}]}}