{"id":4508,"date":"2020-07-09T03:52:46","date_gmt":"2020-07-09T05:52:46","guid":{"rendered":"https:\/\/www.specagra.ee.nemokamossvetaines.hostingas.lt\/?post_type=product&#038;p=4508"},"modified":"2020-07-09T03:52:46","modified_gmt":"2020-07-09T05:52:46","slug":"viengubas-rotacinis-karviu-sepetys","status":"publish","type":"product","link":"https:\/\/www.specagra.ee\/?product=viengubas-rotacinis-karviu-sepetys","title":{"rendered":"Viengubas rotacinis karvi\u0173 \u0161epetys"},"content":{"rendered":"<div class=\"row\">\n<div class=\"col-md-12\">\n<div class=\"row\">\n<div class=\"tab-content col-md-12\">\n<div id=\"tab-description\" class=\"tab-pane active\">\n<ul>\n<li>Paprastas ir metai i\u0161 met\u0173 testuotas galvij\u0173 \u0161epetys.<\/li>\n<li>Paprastam ir lengvam kailio valymui.<\/li>\n<li>Nailonini\u0173 \u0161eri\u0173 pagalba puikiai i\u0161valomas kailis.<\/li>\n<li>\u0160epetys juda 120 laipsni\u0173 kampu.<\/li>\n<li>Tvirtinamas prie sienos.<\/li>\n<li>220 V reikalinga \u012ftampa.<\/li>\n<\/ul>\n<\/div>\n<\/div>\n<\/div>\n<\/div>\n<\/div>\n<div class=\"col-md-12\"><\/div>\n","protected":false},"excerpt":{"rendered":"<p>Paprastas ir metai i\u0161 met\u0173 testuotas galvij\u0173 \u0161epetys. Paprastam ir lengvam kailio valymui. Nailonini\u0173 \u0161eri\u0173 pagalba puikiai i\u0161valomas kailis. \u0160epetys juda 120 laipsni\u0173 kampu. Tvirtinamas prie sienos. 220 V reikalinga \u012ftampa.<\/p>\n","protected":false},"featured_media":4509,"template":"","meta":{"_et_pb_use_builder":"","_et_pb_old_content":"","_et_gb_content_width":""},"product_brand":[],"product_cat":[150],"product_tag":[],"class_list":{"0":"post-4508","1":"product","2":"type-product","3":"status-publish","4":"has-post-thumbnail","6":"product_cat-harjad-veistele","8":"first","9":"instock","10":"shipping-taxable","11":"product-type-simple"},"yoast_head":"<!-- This site is optimized with the Yoast SEO plugin v26.4 - https:\/\/yoast.com\/wordpress\/plugins\/seo\/ -->\n<title>Viengubas rotacinis karvi\u0173 \u0161epetys - Specagra<\/title>\n<meta name=\"robots\" content=\"index, follow, max-snippet:-1, max-image-preview:large, max-video-preview:-1\" \/>\n<link rel=\"canonical\" href=\"https:\/\/www.specagra.ee\/?product=viengubas-rotacinis-karviu-sepetys\" \/>\n<meta property=\"og:locale\" content=\"et_EE\" \/>\n<meta property=\"og:type\" content=\"article\" \/>\n<meta property=\"og:title\" content=\"Viengubas rotacinis karvi\u0173 \u0161epetys - Specagra\" \/>\n<meta property=\"og:description\" content=\"Paprastas ir metai i\u0161 met\u0173 testuotas galvij\u0173 \u0161epetys. Paprastam ir lengvam kailio valymui. Nailonini\u0173 \u0161eri\u0173 pagalba puikiai i\u0161valomas kailis. \u0160epetys juda 120 laipsni\u0173 kampu. Tvirtinamas prie sienos. 220 V reikalinga \u012ftampa.\" \/>\n<meta property=\"og:url\" content=\"https:\/\/www.specagra.ee\/?product=viengubas-rotacinis-karviu-sepetys\" \/>\n<meta property=\"og:site_name\" content=\"Specagra\" \/>\n<meta property=\"og:image\" content=\"https:\/\/www.specagra.ee\/wp-content\/uploads\/2020\/07\/esb11-500x500-1.jpg\" \/>\n\t<meta property=\"og:image:width\" content=\"500\" \/>\n\t<meta property=\"og:image:height\" content=\"500\" \/>\n\t<meta property=\"og:image:type\" content=\"image\/jpeg\" \/>\n<meta name=\"twitter:card\" content=\"summary_large_image\" \/>\n<script type=\"application\/ld+json\" class=\"yoast-schema-graph\">{\"@context\":\"https:\/\/schema.org\",\"@graph\":[{\"@type\":\"WebPage\",\"@id\":\"https:\/\/www.specagra.ee\/?product=viengubas-rotacinis-karviu-sepetys\",\"url\":\"https:\/\/www.specagra.ee\/?product=viengubas-rotacinis-karviu-sepetys\",\"name\":\"Viengubas rotacinis karvi\u0173 \u0161epetys - Specagra\",\"isPartOf\":{\"@id\":\"https:\/\/www.specagra.ee\/#website\"},\"primaryImageOfPage\":{\"@id\":\"https:\/\/www.specagra.ee\/?product=viengubas-rotacinis-karviu-sepetys#primaryimage\"},\"image\":{\"@id\":\"https:\/\/www.specagra.ee\/?product=viengubas-rotacinis-karviu-sepetys#primaryimage\"},\"thumbnailUrl\":\"https:\/\/www.specagra.ee\/wp-content\/uploads\/2020\/07\/esb11-500x500-1.jpg\",\"datePublished\":\"2020-07-09T05:52:46+00:00\",\"breadcrumb\":{\"@id\":\"https:\/\/www.specagra.ee\/?product=viengubas-rotacinis-karviu-sepetys#breadcrumb\"},\"inLanguage\":\"et\",\"potentialAction\":[{\"@type\":\"ReadAction\",\"target\":[\"https:\/\/www.specagra.ee\/?product=viengubas-rotacinis-karviu-sepetys\"]}]},{\"@type\":\"ImageObject\",\"inLanguage\":\"et\",\"@id\":\"https:\/\/www.specagra.ee\/?product=viengubas-rotacinis-karviu-sepetys#primaryimage\",\"url\":\"https:\/\/www.specagra.ee\/wp-content\/uploads\/2020\/07\/esb11-500x500-1.jpg\",\"contentUrl\":\"https:\/\/www.specagra.ee\/wp-content\/uploads\/2020\/07\/esb11-500x500-1.jpg\",\"width\":500,\"height\":500},{\"@type\":\"BreadcrumbList\",\"@id\":\"https:\/\/www.specagra.ee\/?product=viengubas-rotacinis-karviu-sepetys#breadcrumb\",\"itemListElement\":[{\"@type\":\"ListItem\",\"position\":1,\"name\":\"Home\",\"item\":\"https:\/\/www.specagra.ee\/\"},{\"@type\":\"ListItem\",\"position\":2,\"name\":\"P\u00f5llumajandustehnika ja loomakasvatus\",\"item\":\"https:\/\/specagra.ee\/?page_id=18493\"},{\"@type\":\"ListItem\",\"position\":3,\"name\":\"Viengubas rotacinis karvi\u0173 \u0161epetys\"}]},{\"@type\":\"WebSite\",\"@id\":\"https:\/\/www.specagra.ee\/#website\",\"url\":\"https:\/\/www.specagra.ee\/\",\"name\":\"Specagra\",\"description\":\"P\u00f5llumajandustehnika ja varuosad\",\"publisher\":{\"@id\":\"https:\/\/www.specagra.ee\/#organization\"},\"potentialAction\":[{\"@type\":\"SearchAction\",\"target\":{\"@type\":\"EntryPoint\",\"urlTemplate\":\"https:\/\/www.specagra.ee\/?s={search_term_string}\"},\"query-input\":{\"@type\":\"PropertyValueSpecification\",\"valueRequired\":true,\"valueName\":\"search_term_string\"}}],\"inLanguage\":\"et\"},{\"@type\":\"Organization\",\"@id\":\"https:\/\/www.specagra.ee\/#organization\",\"name\":\"UAB Specagra\",\"url\":\"https:\/\/www.specagra.ee\/\",\"logo\":{\"@type\":\"ImageObject\",\"inLanguage\":\"et\",\"@id\":\"https:\/\/www.specagra.ee\/#\/schema\/logo\/image\/\",\"url\":\"http:\/\/www.specagra.ee\/wp-content\/uploads\/2022\/02\/SP-logo_naujas-scaled.jpg\",\"contentUrl\":\"http:\/\/www.specagra.ee\/wp-content\/uploads\/2022\/02\/SP-logo_naujas-scaled.jpg\",\"width\":2560,\"height\":326,\"caption\":\"UAB Specagra\"},\"image\":{\"@id\":\"https:\/\/www.specagra.ee\/#\/schema\/logo\/image\/\"}}]}<\/script>\n<!-- \/ Yoast SEO plugin. -->","yoast_head_json":{"title":"Viengubas rotacinis karvi\u0173 \u0161epetys - Specagra","robots":{"index":"index","follow":"follow","max-snippet":"max-snippet:-1","max-image-preview":"max-image-preview:large","max-video-preview":"max-video-preview:-1"},"canonical":"https:\/\/www.specagra.ee\/?product=viengubas-rotacinis-karviu-sepetys","og_locale":"et_EE","og_type":"article","og_title":"Viengubas rotacinis karvi\u0173 \u0161epetys - Specagra","og_description":"Paprastas ir metai i\u0161 met\u0173 testuotas galvij\u0173 \u0161epetys. Paprastam ir lengvam kailio valymui. Nailonini\u0173 \u0161eri\u0173 pagalba puikiai i\u0161valomas kailis. \u0160epetys juda 120 laipsni\u0173 kampu. Tvirtinamas prie sienos. 220 V reikalinga \u012ftampa.","og_url":"https:\/\/www.specagra.ee\/?product=viengubas-rotacinis-karviu-sepetys","og_site_name":"Specagra","og_image":[{"width":500,"height":500,"url":"https:\/\/www.specagra.ee\/wp-content\/uploads\/2020\/07\/esb11-500x500-1.jpg","type":"image\/jpeg"}],"twitter_card":"summary_large_image","schema":{"@context":"https:\/\/schema.org","@graph":[{"@type":"WebPage","@id":"https:\/\/www.specagra.ee\/?product=viengubas-rotacinis-karviu-sepetys","url":"https:\/\/www.specagra.ee\/?product=viengubas-rotacinis-karviu-sepetys","name":"Viengubas rotacinis karvi\u0173 \u0161epetys - Specagra","isPartOf":{"@id":"https:\/\/www.specagra.ee\/#website"},"primaryImageOfPage":{"@id":"https:\/\/www.specagra.ee\/?product=viengubas-rotacinis-karviu-sepetys#primaryimage"},"image":{"@id":"https:\/\/www.specagra.ee\/?product=viengubas-rotacinis-karviu-sepetys#primaryimage"},"thumbnailUrl":"https:\/\/www.specagra.ee\/wp-content\/uploads\/2020\/07\/esb11-500x500-1.jpg","datePublished":"2020-07-09T05:52:46+00:00","breadcrumb":{"@id":"https:\/\/www.specagra.ee\/?product=viengubas-rotacinis-karviu-sepetys#breadcrumb"},"inLanguage":"et","potentialAction":[{"@type":"ReadAction","target":["https:\/\/www.specagra.ee\/?product=viengubas-rotacinis-karviu-sepetys"]}]},{"@type":"ImageObject","inLanguage":"et","@id":"https:\/\/www.specagra.ee\/?product=viengubas-rotacinis-karviu-sepetys#primaryimage","url":"https:\/\/www.specagra.ee\/wp-content\/uploads\/2020\/07\/esb11-500x500-1.jpg","contentUrl":"https:\/\/www.specagra.ee\/wp-content\/uploads\/2020\/07\/esb11-500x500-1.jpg","width":500,"height":500},{"@type":"BreadcrumbList","@id":"https:\/\/www.specagra.ee\/?product=viengubas-rotacinis-karviu-sepetys#breadcrumb","itemListElement":[{"@type":"ListItem","position":1,"name":"Home","item":"https:\/\/www.specagra.ee\/"},{"@type":"ListItem","position":2,"name":"P\u00f5llumajandustehnika ja loomakasvatus","item":"https:\/\/specagra.ee\/?page_id=18493"},{"@type":"ListItem","position":3,"name":"Viengubas rotacinis karvi\u0173 \u0161epetys"}]},{"@type":"WebSite","@id":"https:\/\/www.specagra.ee\/#website","url":"https:\/\/www.specagra.ee\/","name":"Specagra","description":"P\u00f5llumajandustehnika ja varuosad","publisher":{"@id":"https:\/\/www.specagra.ee\/#organization"},"potentialAction":[{"@type":"SearchAction","target":{"@type":"EntryPoint","urlTemplate":"https:\/\/www.specagra.ee\/?s={search_term_string}"},"query-input":{"@type":"PropertyValueSpecification","valueRequired":true,"valueName":"search_term_string"}}],"inLanguage":"et"},{"@type":"Organization","@id":"https:\/\/www.specagra.ee\/#organization","name":"UAB Specagra","url":"https:\/\/www.specagra.ee\/","logo":{"@type":"ImageObject","inLanguage":"et","@id":"https:\/\/www.specagra.ee\/#\/schema\/logo\/image\/","url":"http:\/\/www.specagra.ee\/wp-content\/uploads\/2022\/02\/SP-logo_naujas-scaled.jpg","contentUrl":"http:\/\/www.specagra.ee\/wp-content\/uploads\/2022\/02\/SP-logo_naujas-scaled.jpg","width":2560,"height":326,"caption":"UAB Specagra"},"image":{"@id":"https:\/\/www.specagra.ee\/#\/schema\/logo\/image\/"}}]}},"_links":{"self":[{"href":"https:\/\/www.specagra.ee\/index.php?rest_route=\/wp\/v2\/product\/4508","targetHints":{"allow":["GET"]}}],"collection":[{"href":"https:\/\/www.specagra.ee\/index.php?rest_route=\/wp\/v2\/product"}],"about":[{"href":"https:\/\/www.specagra.ee\/index.php?rest_route=\/wp\/v2\/types\/product"}],"wp:featuredmedia":[{"embeddable":true,"href":"https:\/\/www.specagra.ee\/index.php?rest_route=\/wp\/v2\/media\/4509"}],"wp:attachment":[{"href":"https:\/\/www.specagra.ee\/index.php?rest_route=%2Fwp%2Fv2%2Fmedia&parent=4508"}],"wp:term":[{"taxonomy":"product_brand","embeddable":true,"href":"https:\/\/www.specagra.ee\/index.php?rest_route=%2Fwp%2Fv2%2Fproduct_brand&post=4508"},{"taxonomy":"product_cat","embeddable":true,"href":"https:\/\/www.specagra.ee\/index.php?rest_route=%2Fwp%2Fv2%2Fproduct_cat&post=4508"},{"taxonomy":"product_tag","embeddable":true,"href":"https:\/\/www.specagra.ee\/index.php?rest_route=%2Fwp%2Fv2%2Fproduct_tag&post=4508"}],"curies":[{"name":"wp","href":"https:\/\/api.w.org\/{rel}","templated":true}]}}