{"id":4497,"date":"2020-07-09T03:46:37","date_gmt":"2020-07-09T05:46:37","guid":{"rendered":"https:\/\/www.specagra.ee.nemokamossvetaines.hostingas.lt\/?post_type=product&#038;p=4497"},"modified":"2020-07-09T03:46:38","modified_gmt":"2020-07-09T05:46:38","slug":"dvigubas-rotacinis-karviu-kiauliu-sepetys","status":"publish","type":"product","link":"https:\/\/www.specagra.ee\/?product=dvigubas-rotacinis-karviu-kiauliu-sepetys","title":{"rendered":"Dvigubas rotacinis karvi\u0173\/ kiauli\u0173 \u0161epetys"},"content":{"rendered":"<p>Puikus pagalbininkas karvi\u0173 sveikatos prie\u017ei\u016brai bei komfortabilumui.Privalumai:<\/p>\n<ul>\n<li>Pa\u0161alina parazitus, dulkes, purv\u0105 ir kt. i\u0161 kailio ir leid\u017eia odai laisvai kv\u0117puoti.<\/li>\n<li>Masa\u017einis \u0161epetys pagerina kraujo cirkuliacij\u0105 bei nuramina gyvulius.<\/li>\n<li>Karvi\u0173 kasimosi \u0161epe\u010dio pagalba yra suma\u017einamas nelaiming\u0173 atsitikim\u0173 bei susi\u017eeidim\u0173 skai\u010dius, kadangi gyvuliai pasikaso \u0161epe\u010dio, o ne vienas kito, pagalba.<\/li>\n<\/ul>\n<p>Techniniai duomenys:<\/p>\n<ul>\n<li>Pilnai automatizuotas.<\/li>\n<li>\u0160epetys automati\u0161kai pradeda veikti, kai karv\u0117 prieina, ir i\u0161sijungia, kai ji nueina.<\/li>\n<li>Elektrinis variklis: 230 V, 50 Hz.<\/li>\n<li>Variklio galia &#8211; 0,37 kW ir 60 apsisukim\u0173 per minut\u0119.<\/li>\n<li>Nailoninis \u0161epetys.<\/li>\n<\/ul>\n","protected":false},"excerpt":{"rendered":"<p>Puikus pagalbininkas karvi\u0173 sveikatos prie\u017ei\u016brai bei komfortabilumui.Privalumai: Pa\u0161alina parazitus, dulkes, purv\u0105 ir kt. i\u0161 kailio ir leid\u017eia odai laisvai kv\u0117puoti. Masa\u017einis \u0161epetys pagerina kraujo cirkuliacij\u0105 bei nuramina gyvulius. Karvi\u0173 kasimosi \u0161epe\u010dio pagalba yra suma\u017einamas nelaiming\u0173 atsitikim\u0173 bei susi\u017eeidim\u0173 skai\u010dius, kadangi gyvuliai pasikaso \u0161epe\u010dio, o ne vienas kito, pagalba. Techniniai duomenys: Pilnai automatizuotas. \u0160epetys automati\u0161kai pradeda [&hellip;]<\/p>\n","protected":false},"featured_media":4498,"template":"","meta":{"_et_pb_use_builder":"","_et_pb_old_content":"","_et_gb_content_width":""},"product_brand":[],"product_cat":[150],"product_tag":[],"class_list":{"0":"post-4497","1":"product","2":"type-product","3":"status-publish","4":"has-post-thumbnail","6":"product_cat-harjad-veistele","8":"first","9":"instock","10":"shipping-taxable","11":"product-type-simple"},"yoast_head":"<!-- This site is optimized with the Yoast SEO plugin v26.4 - https:\/\/yoast.com\/wordpress\/plugins\/seo\/ -->\n<title>Dvigubas rotacinis karvi\u0173\/ kiauli\u0173 \u0161epetys - Specagra<\/title>\n<meta name=\"robots\" content=\"index, follow, max-snippet:-1, max-image-preview:large, max-video-preview:-1\" \/>\n<link rel=\"canonical\" href=\"https:\/\/www.specagra.ee\/?product=dvigubas-rotacinis-karviu-kiauliu-sepetys\" \/>\n<meta property=\"og:locale\" content=\"et_EE\" \/>\n<meta property=\"og:type\" content=\"article\" \/>\n<meta property=\"og:title\" content=\"Dvigubas rotacinis karvi\u0173\/ kiauli\u0173 \u0161epetys - Specagra\" \/>\n<meta property=\"og:description\" content=\"Puikus pagalbininkas karvi\u0173 sveikatos prie\u017ei\u016brai bei komfortabilumui.Privalumai: Pa\u0161alina parazitus, dulkes, purv\u0105 ir kt. i\u0161 kailio ir leid\u017eia odai laisvai kv\u0117puoti. Masa\u017einis \u0161epetys pagerina kraujo cirkuliacij\u0105 bei nuramina gyvulius. Karvi\u0173 kasimosi \u0161epe\u010dio pagalba yra suma\u017einamas nelaiming\u0173 atsitikim\u0173 bei susi\u017eeidim\u0173 skai\u010dius, kadangi gyvuliai pasikaso \u0161epe\u010dio, o ne vienas kito, pagalba. Techniniai duomenys: Pilnai automatizuotas. \u0160epetys automati\u0161kai pradeda [&hellip;]\" \/>\n<meta property=\"og:url\" content=\"https:\/\/www.specagra.ee\/?product=dvigubas-rotacinis-karviu-kiauliu-sepetys\" \/>\n<meta property=\"og:site_name\" content=\"Specagra\" \/>\n<meta property=\"article:modified_time\" content=\"2020-07-09T05:46:38+00:00\" \/>\n<meta property=\"og:image\" content=\"https:\/\/www.specagra.ee\/wp-content\/uploads\/2020\/07\/esb21-500x500-1.jpg\" \/>\n\t<meta property=\"og:image:width\" content=\"500\" \/>\n\t<meta property=\"og:image:height\" content=\"500\" \/>\n\t<meta property=\"og:image:type\" content=\"image\/jpeg\" \/>\n<meta name=\"twitter:card\" content=\"summary_large_image\" \/>\n<script type=\"application\/ld+json\" class=\"yoast-schema-graph\">{\"@context\":\"https:\/\/schema.org\",\"@graph\":[{\"@type\":\"WebPage\",\"@id\":\"https:\/\/www.specagra.ee\/?product=dvigubas-rotacinis-karviu-kiauliu-sepetys\",\"url\":\"https:\/\/www.specagra.ee\/?product=dvigubas-rotacinis-karviu-kiauliu-sepetys\",\"name\":\"Dvigubas rotacinis karvi\u0173\/ kiauli\u0173 \u0161epetys - Specagra\",\"isPartOf\":{\"@id\":\"https:\/\/www.specagra.ee\/#website\"},\"primaryImageOfPage\":{\"@id\":\"https:\/\/www.specagra.ee\/?product=dvigubas-rotacinis-karviu-kiauliu-sepetys#primaryimage\"},\"image\":{\"@id\":\"https:\/\/www.specagra.ee\/?product=dvigubas-rotacinis-karviu-kiauliu-sepetys#primaryimage\"},\"thumbnailUrl\":\"https:\/\/www.specagra.ee\/wp-content\/uploads\/2020\/07\/esb21-500x500-1.jpg\",\"datePublished\":\"2020-07-09T05:46:37+00:00\",\"dateModified\":\"2020-07-09T05:46:38+00:00\",\"breadcrumb\":{\"@id\":\"https:\/\/www.specagra.ee\/?product=dvigubas-rotacinis-karviu-kiauliu-sepetys#breadcrumb\"},\"inLanguage\":\"et\",\"potentialAction\":[{\"@type\":\"ReadAction\",\"target\":[\"https:\/\/www.specagra.ee\/?product=dvigubas-rotacinis-karviu-kiauliu-sepetys\"]}]},{\"@type\":\"ImageObject\",\"inLanguage\":\"et\",\"@id\":\"https:\/\/www.specagra.ee\/?product=dvigubas-rotacinis-karviu-kiauliu-sepetys#primaryimage\",\"url\":\"https:\/\/www.specagra.ee\/wp-content\/uploads\/2020\/07\/esb21-500x500-1.jpg\",\"contentUrl\":\"https:\/\/www.specagra.ee\/wp-content\/uploads\/2020\/07\/esb21-500x500-1.jpg\",\"width\":500,\"height\":500},{\"@type\":\"BreadcrumbList\",\"@id\":\"https:\/\/www.specagra.ee\/?product=dvigubas-rotacinis-karviu-kiauliu-sepetys#breadcrumb\",\"itemListElement\":[{\"@type\":\"ListItem\",\"position\":1,\"name\":\"Home\",\"item\":\"https:\/\/www.specagra.ee\/\"},{\"@type\":\"ListItem\",\"position\":2,\"name\":\"P\u00f5llumajandustehnika ja loomakasvatus\",\"item\":\"https:\/\/specagra.ee\/?page_id=18493\"},{\"@type\":\"ListItem\",\"position\":3,\"name\":\"Dvigubas rotacinis karvi\u0173\/ kiauli\u0173 \u0161epetys\"}]},{\"@type\":\"WebSite\",\"@id\":\"https:\/\/www.specagra.ee\/#website\",\"url\":\"https:\/\/www.specagra.ee\/\",\"name\":\"Specagra\",\"description\":\"P\u00f5llumajandustehnika ja varuosad\",\"publisher\":{\"@id\":\"https:\/\/www.specagra.ee\/#organization\"},\"potentialAction\":[{\"@type\":\"SearchAction\",\"target\":{\"@type\":\"EntryPoint\",\"urlTemplate\":\"https:\/\/www.specagra.ee\/?s={search_term_string}\"},\"query-input\":{\"@type\":\"PropertyValueSpecification\",\"valueRequired\":true,\"valueName\":\"search_term_string\"}}],\"inLanguage\":\"et\"},{\"@type\":\"Organization\",\"@id\":\"https:\/\/www.specagra.ee\/#organization\",\"name\":\"UAB Specagra\",\"url\":\"https:\/\/www.specagra.ee\/\",\"logo\":{\"@type\":\"ImageObject\",\"inLanguage\":\"et\",\"@id\":\"https:\/\/www.specagra.ee\/#\/schema\/logo\/image\/\",\"url\":\"http:\/\/www.specagra.ee\/wp-content\/uploads\/2022\/02\/SP-logo_naujas-scaled.jpg\",\"contentUrl\":\"http:\/\/www.specagra.ee\/wp-content\/uploads\/2022\/02\/SP-logo_naujas-scaled.jpg\",\"width\":2560,\"height\":326,\"caption\":\"UAB Specagra\"},\"image\":{\"@id\":\"https:\/\/www.specagra.ee\/#\/schema\/logo\/image\/\"}}]}<\/script>\n<!-- \/ Yoast SEO plugin. -->","yoast_head_json":{"title":"Dvigubas rotacinis karvi\u0173\/ kiauli\u0173 \u0161epetys - Specagra","robots":{"index":"index","follow":"follow","max-snippet":"max-snippet:-1","max-image-preview":"max-image-preview:large","max-video-preview":"max-video-preview:-1"},"canonical":"https:\/\/www.specagra.ee\/?product=dvigubas-rotacinis-karviu-kiauliu-sepetys","og_locale":"et_EE","og_type":"article","og_title":"Dvigubas rotacinis karvi\u0173\/ kiauli\u0173 \u0161epetys - Specagra","og_description":"Puikus pagalbininkas karvi\u0173 sveikatos prie\u017ei\u016brai bei komfortabilumui.Privalumai: Pa\u0161alina parazitus, dulkes, purv\u0105 ir kt. i\u0161 kailio ir leid\u017eia odai laisvai kv\u0117puoti. Masa\u017einis \u0161epetys pagerina kraujo cirkuliacij\u0105 bei nuramina gyvulius. Karvi\u0173 kasimosi \u0161epe\u010dio pagalba yra suma\u017einamas nelaiming\u0173 atsitikim\u0173 bei susi\u017eeidim\u0173 skai\u010dius, kadangi gyvuliai pasikaso \u0161epe\u010dio, o ne vienas kito, pagalba. Techniniai duomenys: Pilnai automatizuotas. \u0160epetys automati\u0161kai pradeda [&hellip;]","og_url":"https:\/\/www.specagra.ee\/?product=dvigubas-rotacinis-karviu-kiauliu-sepetys","og_site_name":"Specagra","article_modified_time":"2020-07-09T05:46:38+00:00","og_image":[{"width":500,"height":500,"url":"https:\/\/www.specagra.ee\/wp-content\/uploads\/2020\/07\/esb21-500x500-1.jpg","type":"image\/jpeg"}],"twitter_card":"summary_large_image","schema":{"@context":"https:\/\/schema.org","@graph":[{"@type":"WebPage","@id":"https:\/\/www.specagra.ee\/?product=dvigubas-rotacinis-karviu-kiauliu-sepetys","url":"https:\/\/www.specagra.ee\/?product=dvigubas-rotacinis-karviu-kiauliu-sepetys","name":"Dvigubas rotacinis karvi\u0173\/ kiauli\u0173 \u0161epetys - Specagra","isPartOf":{"@id":"https:\/\/www.specagra.ee\/#website"},"primaryImageOfPage":{"@id":"https:\/\/www.specagra.ee\/?product=dvigubas-rotacinis-karviu-kiauliu-sepetys#primaryimage"},"image":{"@id":"https:\/\/www.specagra.ee\/?product=dvigubas-rotacinis-karviu-kiauliu-sepetys#primaryimage"},"thumbnailUrl":"https:\/\/www.specagra.ee\/wp-content\/uploads\/2020\/07\/esb21-500x500-1.jpg","datePublished":"2020-07-09T05:46:37+00:00","dateModified":"2020-07-09T05:46:38+00:00","breadcrumb":{"@id":"https:\/\/www.specagra.ee\/?product=dvigubas-rotacinis-karviu-kiauliu-sepetys#breadcrumb"},"inLanguage":"et","potentialAction":[{"@type":"ReadAction","target":["https:\/\/www.specagra.ee\/?product=dvigubas-rotacinis-karviu-kiauliu-sepetys"]}]},{"@type":"ImageObject","inLanguage":"et","@id":"https:\/\/www.specagra.ee\/?product=dvigubas-rotacinis-karviu-kiauliu-sepetys#primaryimage","url":"https:\/\/www.specagra.ee\/wp-content\/uploads\/2020\/07\/esb21-500x500-1.jpg","contentUrl":"https:\/\/www.specagra.ee\/wp-content\/uploads\/2020\/07\/esb21-500x500-1.jpg","width":500,"height":500},{"@type":"BreadcrumbList","@id":"https:\/\/www.specagra.ee\/?product=dvigubas-rotacinis-karviu-kiauliu-sepetys#breadcrumb","itemListElement":[{"@type":"ListItem","position":1,"name":"Home","item":"https:\/\/www.specagra.ee\/"},{"@type":"ListItem","position":2,"name":"P\u00f5llumajandustehnika ja loomakasvatus","item":"https:\/\/specagra.ee\/?page_id=18493"},{"@type":"ListItem","position":3,"name":"Dvigubas rotacinis karvi\u0173\/ kiauli\u0173 \u0161epetys"}]},{"@type":"WebSite","@id":"https:\/\/www.specagra.ee\/#website","url":"https:\/\/www.specagra.ee\/","name":"Specagra","description":"P\u00f5llumajandustehnika ja varuosad","publisher":{"@id":"https:\/\/www.specagra.ee\/#organization"},"potentialAction":[{"@type":"SearchAction","target":{"@type":"EntryPoint","urlTemplate":"https:\/\/www.specagra.ee\/?s={search_term_string}"},"query-input":{"@type":"PropertyValueSpecification","valueRequired":true,"valueName":"search_term_string"}}],"inLanguage":"et"},{"@type":"Organization","@id":"https:\/\/www.specagra.ee\/#organization","name":"UAB Specagra","url":"https:\/\/www.specagra.ee\/","logo":{"@type":"ImageObject","inLanguage":"et","@id":"https:\/\/www.specagra.ee\/#\/schema\/logo\/image\/","url":"http:\/\/www.specagra.ee\/wp-content\/uploads\/2022\/02\/SP-logo_naujas-scaled.jpg","contentUrl":"http:\/\/www.specagra.ee\/wp-content\/uploads\/2022\/02\/SP-logo_naujas-scaled.jpg","width":2560,"height":326,"caption":"UAB Specagra"},"image":{"@id":"https:\/\/www.specagra.ee\/#\/schema\/logo\/image\/"}}]}},"_links":{"self":[{"href":"https:\/\/www.specagra.ee\/index.php?rest_route=\/wp\/v2\/product\/4497","targetHints":{"allow":["GET"]}}],"collection":[{"href":"https:\/\/www.specagra.ee\/index.php?rest_route=\/wp\/v2\/product"}],"about":[{"href":"https:\/\/www.specagra.ee\/index.php?rest_route=\/wp\/v2\/types\/product"}],"wp:featuredmedia":[{"embeddable":true,"href":"https:\/\/www.specagra.ee\/index.php?rest_route=\/wp\/v2\/media\/4498"}],"wp:attachment":[{"href":"https:\/\/www.specagra.ee\/index.php?rest_route=%2Fwp%2Fv2%2Fmedia&parent=4497"}],"wp:term":[{"taxonomy":"product_brand","embeddable":true,"href":"https:\/\/www.specagra.ee\/index.php?rest_route=%2Fwp%2Fv2%2Fproduct_brand&post=4497"},{"taxonomy":"product_cat","embeddable":true,"href":"https:\/\/www.specagra.ee\/index.php?rest_route=%2Fwp%2Fv2%2Fproduct_cat&post=4497"},{"taxonomy":"product_tag","embeddable":true,"href":"https:\/\/www.specagra.ee\/index.php?rest_route=%2Fwp%2Fv2%2Fproduct_tag&post=4497"}],"curies":[{"name":"wp","href":"https:\/\/api.w.org\/{rel}","templated":true}]}}