{"id":44091,"date":"2025-03-10T11:24:11","date_gmt":"2025-03-10T13:24:11","guid":{"rendered":"https:\/\/www.specagra.ee\/?post_type=product&#038;p=44091"},"modified":"2025-03-12T04:43:09","modified_gmt":"2025-03-12T06:43:09","slug":"plevele-seal-80%c2%b5m","status":"publish","type":"product","link":"https:\/\/www.specagra.ee\/?product=plevele-seal-80%c2%b5m","title":{"rendered":"Pl\u0117vel\u0117 Seal+ 80\u00b5m"},"content":{"rendered":"<p>SEAL\u00ae 80\u00b5m Beige\/Black yra auk\u0161tos kokyb\u0117s ir labai tvirta daugiasluoksn\u0117 pl\u0117vel\u0117, pagaminta su EVOH. \u0160is komponentas, gaunamas i\u0161 \u017emoni\u0173 maisto technologij\u0173, veikia kaip deguonies barjeras, kuris i\u0161saugo silos\u0105. Ypa\u010d atspari ir lengvai klojama pl\u0117vel\u0117 puikiai prilimpa prie siloso , kad b\u016bt\u0173 optimaliai i\u0161saugotas ir konservuotas. Pl\u0117vel\u0117 yra apsaugota nuo UV spinduli\u0173, ta\u010diau papildomai nuo i\u0161orini\u0173 veiksni\u0173 turi b\u016bti dengiama austiniu arba neaustiniu apsauginiu tinkleliu.<\/p>\n<p>SEAL+ 80\u00b5M rekomenduojama naudotojams, siekiantiems universalumo: suma\u017einti plastiko kiek\u012f + palengvinti darb\u0105 + optimizuoti siloso i\u0161saugojim\u0105 + dengimo paprastumo<\/p>\n<p><b>Standartiniai dyd\u017eiai:<\/b><\/p>\n<p>Plotis: nuo 6 iki 27 m<\/p>\n<p>Ilgis: 50 m<\/p>\n<p><b>Galimi individual\u016bs u\u017esakymai<\/b> :<\/p>\n<p>Plotis: 28 m ir daugiau (plot\u012f galima rinktis pridedant 2m)<\/p>\n<p>Ilgis: 50 m ir daugiau (ilg\u012f galima rinktis pridedant 25 m)<\/p>\n<p>&nbsp;<\/p>\n","protected":false},"excerpt":{"rendered":"<p>SEAL\u00ae 80\u00b5m Beige\/Black yra auk\u0161tos kokyb\u0117s ir labai tvirta daugiasluoksn\u0117 pl\u0117vel\u0117, pagaminta su EVOH. \u0160is komponentas, gaunamas i\u0161 \u017emoni\u0173 maisto technologij\u0173, veikia kaip deguonies barjeras, kuris i\u0161saugo silos\u0105. Ypa\u010d atspari ir lengvai klojama pl\u0117vel\u0117 puikiai prilimpa prie siloso , kad b\u016bt\u0173 optimaliai i\u0161saugotas ir konservuotas. Pl\u0117vel\u0117 yra apsaugota nuo UV spinduli\u0173, ta\u010diau papildomai nuo i\u0161orini\u0173 [&hellip;]<\/p>\n","protected":false},"featured_media":44093,"template":"","meta":{"_et_pb_use_builder":"","_et_pb_old_content":"","_et_gb_content_width":""},"product_brand":[],"product_cat":[119],"product_tag":[],"class_list":{"0":"post-44091","1":"product","2":"type-product","3":"status-publish","4":"has-post-thumbnail","6":"product_cat-silokuhjade-kiled","8":"first","9":"instock","10":"shipping-taxable","11":"product-type-simple"},"yoast_head":"<!-- This site is optimized with the Yoast SEO plugin v26.4 - https:\/\/yoast.com\/wordpress\/plugins\/seo\/ -->\n<title>Pl\u0117vel\u0117 Seal+ 80\u00b5m - Specagra<\/title>\n<meta name=\"robots\" content=\"index, follow, max-snippet:-1, max-image-preview:large, max-video-preview:-1\" \/>\n<link rel=\"canonical\" href=\"https:\/\/www.specagra.ee\/?product=plevele-seal-80\u00b5m\" \/>\n<meta property=\"og:locale\" content=\"et_EE\" \/>\n<meta property=\"og:type\" content=\"article\" \/>\n<meta property=\"og:title\" content=\"Pl\u0117vel\u0117 Seal+ 80\u00b5m - Specagra\" \/>\n<meta property=\"og:description\" content=\"SEAL\u00ae 80\u00b5m Beige\/Black yra auk\u0161tos kokyb\u0117s ir labai tvirta daugiasluoksn\u0117 pl\u0117vel\u0117, pagaminta su EVOH. \u0160is komponentas, gaunamas i\u0161 \u017emoni\u0173 maisto technologij\u0173, veikia kaip deguonies barjeras, kuris i\u0161saugo silos\u0105. Ypa\u010d atspari ir lengvai klojama pl\u0117vel\u0117 puikiai prilimpa prie siloso , kad b\u016bt\u0173 optimaliai i\u0161saugotas ir konservuotas. Pl\u0117vel\u0117 yra apsaugota nuo UV spinduli\u0173, ta\u010diau papildomai nuo i\u0161orini\u0173 [&hellip;]\" \/>\n<meta property=\"og:url\" content=\"https:\/\/www.specagra.ee\/?product=plevele-seal-80\u00b5m\" \/>\n<meta property=\"og:site_name\" content=\"Specagra\" \/>\n<meta property=\"article:modified_time\" content=\"2025-03-12T06:43:09+00:00\" \/>\n<meta property=\"og:image\" content=\"https:\/\/www.specagra.ee\/wp-content\/uploads\/2025\/03\/Untitled-design1.png\" \/>\n\t<meta property=\"og:image:width\" content=\"900\" \/>\n\t<meta property=\"og:image:height\" content=\"900\" \/>\n\t<meta property=\"og:image:type\" content=\"image\/png\" \/>\n<meta name=\"twitter:card\" content=\"summary_large_image\" \/>\n<meta name=\"twitter:label1\" content=\"Est. reading time\" \/>\n\t<meta name=\"twitter:data1\" content=\"1 minut\" \/>\n<script type=\"application\/ld+json\" class=\"yoast-schema-graph\">{\"@context\":\"https:\/\/schema.org\",\"@graph\":[{\"@type\":\"WebPage\",\"@id\":\"https:\/\/www.specagra.ee\/?product=plevele-seal-80%c2%b5m\",\"url\":\"https:\/\/www.specagra.ee\/?product=plevele-seal-80%c2%b5m\",\"name\":\"Pl\u0117vel\u0117 Seal+ 80\u00b5m - Specagra\",\"isPartOf\":{\"@id\":\"https:\/\/www.specagra.ee\/#website\"},\"primaryImageOfPage\":{\"@id\":\"https:\/\/www.specagra.ee\/?product=plevele-seal-80%c2%b5m#primaryimage\"},\"image\":{\"@id\":\"https:\/\/www.specagra.ee\/?product=plevele-seal-80%c2%b5m#primaryimage\"},\"thumbnailUrl\":\"https:\/\/www.specagra.ee\/wp-content\/uploads\/2025\/03\/Untitled-design1.png\",\"datePublished\":\"2025-03-10T13:24:11+00:00\",\"dateModified\":\"2025-03-12T06:43:09+00:00\",\"breadcrumb\":{\"@id\":\"https:\/\/www.specagra.ee\/?product=plevele-seal-80%c2%b5m#breadcrumb\"},\"inLanguage\":\"et\",\"potentialAction\":[{\"@type\":\"ReadAction\",\"target\":[\"https:\/\/www.specagra.ee\/?product=plevele-seal-80%c2%b5m\"]}]},{\"@type\":\"ImageObject\",\"inLanguage\":\"et\",\"@id\":\"https:\/\/www.specagra.ee\/?product=plevele-seal-80%c2%b5m#primaryimage\",\"url\":\"https:\/\/www.specagra.ee\/wp-content\/uploads\/2025\/03\/Untitled-design1.png\",\"contentUrl\":\"https:\/\/www.specagra.ee\/wp-content\/uploads\/2025\/03\/Untitled-design1.png\",\"width\":900,\"height\":900},{\"@type\":\"BreadcrumbList\",\"@id\":\"https:\/\/www.specagra.ee\/?product=plevele-seal-80%c2%b5m#breadcrumb\",\"itemListElement\":[{\"@type\":\"ListItem\",\"position\":1,\"name\":\"Home\",\"item\":\"https:\/\/www.specagra.ee\/\"},{\"@type\":\"ListItem\",\"position\":2,\"name\":\"P\u00f5llumajandustehnika ja loomakasvatus\",\"item\":\"https:\/\/specagra.ee\/?page_id=18493\"},{\"@type\":\"ListItem\",\"position\":3,\"name\":\"Pl\u0117vel\u0117 Seal+ 80\u00b5m\"}]},{\"@type\":\"WebSite\",\"@id\":\"https:\/\/www.specagra.ee\/#website\",\"url\":\"https:\/\/www.specagra.ee\/\",\"name\":\"Specagra\",\"description\":\"P\u00f5llumajandustehnika ja varuosad\",\"publisher\":{\"@id\":\"https:\/\/www.specagra.ee\/#organization\"},\"potentialAction\":[{\"@type\":\"SearchAction\",\"target\":{\"@type\":\"EntryPoint\",\"urlTemplate\":\"https:\/\/www.specagra.ee\/?s={search_term_string}\"},\"query-input\":{\"@type\":\"PropertyValueSpecification\",\"valueRequired\":true,\"valueName\":\"search_term_string\"}}],\"inLanguage\":\"et\"},{\"@type\":\"Organization\",\"@id\":\"https:\/\/www.specagra.ee\/#organization\",\"name\":\"UAB Specagra\",\"url\":\"https:\/\/www.specagra.ee\/\",\"logo\":{\"@type\":\"ImageObject\",\"inLanguage\":\"et\",\"@id\":\"https:\/\/www.specagra.ee\/#\/schema\/logo\/image\/\",\"url\":\"http:\/\/www.specagra.ee\/wp-content\/uploads\/2022\/02\/SP-logo_naujas-scaled.jpg\",\"contentUrl\":\"http:\/\/www.specagra.ee\/wp-content\/uploads\/2022\/02\/SP-logo_naujas-scaled.jpg\",\"width\":2560,\"height\":326,\"caption\":\"UAB Specagra\"},\"image\":{\"@id\":\"https:\/\/www.specagra.ee\/#\/schema\/logo\/image\/\"}}]}<\/script>\n<!-- \/ Yoast SEO plugin. -->","yoast_head_json":{"title":"Pl\u0117vel\u0117 Seal+ 80\u00b5m - Specagra","robots":{"index":"index","follow":"follow","max-snippet":"max-snippet:-1","max-image-preview":"max-image-preview:large","max-video-preview":"max-video-preview:-1"},"canonical":"https:\/\/www.specagra.ee\/?product=plevele-seal-80\u00b5m","og_locale":"et_EE","og_type":"article","og_title":"Pl\u0117vel\u0117 Seal+ 80\u00b5m - Specagra","og_description":"SEAL\u00ae 80\u00b5m Beige\/Black yra auk\u0161tos kokyb\u0117s ir labai tvirta daugiasluoksn\u0117 pl\u0117vel\u0117, pagaminta su EVOH. \u0160is komponentas, gaunamas i\u0161 \u017emoni\u0173 maisto technologij\u0173, veikia kaip deguonies barjeras, kuris i\u0161saugo silos\u0105. Ypa\u010d atspari ir lengvai klojama pl\u0117vel\u0117 puikiai prilimpa prie siloso , kad b\u016bt\u0173 optimaliai i\u0161saugotas ir konservuotas. Pl\u0117vel\u0117 yra apsaugota nuo UV spinduli\u0173, ta\u010diau papildomai nuo i\u0161orini\u0173 [&hellip;]","og_url":"https:\/\/www.specagra.ee\/?product=plevele-seal-80\u00b5m","og_site_name":"Specagra","article_modified_time":"2025-03-12T06:43:09+00:00","og_image":[{"width":900,"height":900,"url":"https:\/\/www.specagra.ee\/wp-content\/uploads\/2025\/03\/Untitled-design1.png","type":"image\/png"}],"twitter_card":"summary_large_image","twitter_misc":{"Est. reading time":"1 minut"},"schema":{"@context":"https:\/\/schema.org","@graph":[{"@type":"WebPage","@id":"https:\/\/www.specagra.ee\/?product=plevele-seal-80%c2%b5m","url":"https:\/\/www.specagra.ee\/?product=plevele-seal-80%c2%b5m","name":"Pl\u0117vel\u0117 Seal+ 80\u00b5m - Specagra","isPartOf":{"@id":"https:\/\/www.specagra.ee\/#website"},"primaryImageOfPage":{"@id":"https:\/\/www.specagra.ee\/?product=plevele-seal-80%c2%b5m#primaryimage"},"image":{"@id":"https:\/\/www.specagra.ee\/?product=plevele-seal-80%c2%b5m#primaryimage"},"thumbnailUrl":"https:\/\/www.specagra.ee\/wp-content\/uploads\/2025\/03\/Untitled-design1.png","datePublished":"2025-03-10T13:24:11+00:00","dateModified":"2025-03-12T06:43:09+00:00","breadcrumb":{"@id":"https:\/\/www.specagra.ee\/?product=plevele-seal-80%c2%b5m#breadcrumb"},"inLanguage":"et","potentialAction":[{"@type":"ReadAction","target":["https:\/\/www.specagra.ee\/?product=plevele-seal-80%c2%b5m"]}]},{"@type":"ImageObject","inLanguage":"et","@id":"https:\/\/www.specagra.ee\/?product=plevele-seal-80%c2%b5m#primaryimage","url":"https:\/\/www.specagra.ee\/wp-content\/uploads\/2025\/03\/Untitled-design1.png","contentUrl":"https:\/\/www.specagra.ee\/wp-content\/uploads\/2025\/03\/Untitled-design1.png","width":900,"height":900},{"@type":"BreadcrumbList","@id":"https:\/\/www.specagra.ee\/?product=plevele-seal-80%c2%b5m#breadcrumb","itemListElement":[{"@type":"ListItem","position":1,"name":"Home","item":"https:\/\/www.specagra.ee\/"},{"@type":"ListItem","position":2,"name":"P\u00f5llumajandustehnika ja loomakasvatus","item":"https:\/\/specagra.ee\/?page_id=18493"},{"@type":"ListItem","position":3,"name":"Pl\u0117vel\u0117 Seal+ 80\u00b5m"}]},{"@type":"WebSite","@id":"https:\/\/www.specagra.ee\/#website","url":"https:\/\/www.specagra.ee\/","name":"Specagra","description":"P\u00f5llumajandustehnika ja varuosad","publisher":{"@id":"https:\/\/www.specagra.ee\/#organization"},"potentialAction":[{"@type":"SearchAction","target":{"@type":"EntryPoint","urlTemplate":"https:\/\/www.specagra.ee\/?s={search_term_string}"},"query-input":{"@type":"PropertyValueSpecification","valueRequired":true,"valueName":"search_term_string"}}],"inLanguage":"et"},{"@type":"Organization","@id":"https:\/\/www.specagra.ee\/#organization","name":"UAB Specagra","url":"https:\/\/www.specagra.ee\/","logo":{"@type":"ImageObject","inLanguage":"et","@id":"https:\/\/www.specagra.ee\/#\/schema\/logo\/image\/","url":"http:\/\/www.specagra.ee\/wp-content\/uploads\/2022\/02\/SP-logo_naujas-scaled.jpg","contentUrl":"http:\/\/www.specagra.ee\/wp-content\/uploads\/2022\/02\/SP-logo_naujas-scaled.jpg","width":2560,"height":326,"caption":"UAB Specagra"},"image":{"@id":"https:\/\/www.specagra.ee\/#\/schema\/logo\/image\/"}}]}},"_links":{"self":[{"href":"https:\/\/www.specagra.ee\/index.php?rest_route=\/wp\/v2\/product\/44091","targetHints":{"allow":["GET"]}}],"collection":[{"href":"https:\/\/www.specagra.ee\/index.php?rest_route=\/wp\/v2\/product"}],"about":[{"href":"https:\/\/www.specagra.ee\/index.php?rest_route=\/wp\/v2\/types\/product"}],"wp:featuredmedia":[{"embeddable":true,"href":"https:\/\/www.specagra.ee\/index.php?rest_route=\/wp\/v2\/media\/44093"}],"wp:attachment":[{"href":"https:\/\/www.specagra.ee\/index.php?rest_route=%2Fwp%2Fv2%2Fmedia&parent=44091"}],"wp:term":[{"taxonomy":"product_brand","embeddable":true,"href":"https:\/\/www.specagra.ee\/index.php?rest_route=%2Fwp%2Fv2%2Fproduct_brand&post=44091"},{"taxonomy":"product_cat","embeddable":true,"href":"https:\/\/www.specagra.ee\/index.php?rest_route=%2Fwp%2Fv2%2Fproduct_cat&post=44091"},{"taxonomy":"product_tag","embeddable":true,"href":"https:\/\/www.specagra.ee\/index.php?rest_route=%2Fwp%2Fv2%2Fproduct_tag&post=44091"}],"curies":[{"name":"wp","href":"https:\/\/api.w.org\/{rel}","templated":true}]}}