{"id":43411,"date":"2025-01-14T07:16:51","date_gmt":"2025-01-14T09:16:51","guid":{"rendered":"https:\/\/www.specagra.ee\/?post_type=product&#038;p=43411"},"modified":"2025-01-14T07:32:09","modified_gmt":"2025-01-14T09:32:09","slug":"verseliu-girdykla-milknroll-mobile","status":"publish","type":"product","link":"https:\/\/www.specagra.ee\/?product=verseliu-girdykla-milknroll-mobile","title":{"rendered":"Ver\u0161eli\u0173 girdykla MilknRoll Mobile"},"content":{"rendered":"<p>Naudojant &#8220;Milk&#8217;n&#8217;Roll&#8221; mobili\u0105 ver\u0161eli\u0173 girdykl\u0105 pieno pakaital\u0173 paruo\u0161imo, nenugriebto pieno pa\u0161ildymo ir pasterizavimo, transportavimo ir \u0161\u0117rimo procesai vyksta greitai ir tiksliai.<\/p>\n<p>&nbsp;<\/p>\n<p>Visi &#8220;Milk&#8217;n&#8217;Roll&#8221; komponentai, tokie kaip siurblys, elektros varikliai, elektronin\u0117 \u012franga yra suprojektuoti ir sukurti taip, kad atlaikyt\u0173 sud\u0117tingas aplinkos s\u0105lygas. Auk\u0161tos kokyb\u0117s ner\u016bdijan\u010dio plieno pavir\u0161ius lengva valyti. \u012e vartotoj\u0105 orientuota konstrukcija u\u017etikrina lengv\u0105 prie\u017ei\u016br\u0105 ir eksploatavim\u0105. Visa elektronika ir valdymo pultas turi auk\u0161t\u0105 apsaugos nuo dulki\u0173 ir vandens lyg\u012f.<\/p>\n<p>&#8220;Milk&#8217;n&#8217;Roll &#8221; girdykla turi galing\u0105 4 rat\u0173 va\u017eiuokl\u0119 su subalansuotu svorio centru ir yra itin stabili ir tvirta. Saugus va\u017eiavimas net ir nelygiu pavir\u0161iumi.<\/p>\n<p>D\u0117l kompakti\u0161kos konstrukcijos lengvai prava\u017eiuoja pro siauras, pavyzd\u017eiui, 80 cm plo\u010dio, vietas. Taigi pasieksite ver\u0161elius kiekviename ta\u0161ke.<br \/>\nI\u0161pl\u0117stin\u0117 vairavimo parinktis suteikia galimyb\u0119 pasisukti 360\u00b0 kampu, o paprastoji vairavimo parinktis leid\u017eia jud\u0117ti pirmyn ir atgal be pakop\u0173. Abiejose vairavimo parinktyse galima pasirinkti grei\u010dio re\u017eim\u0105.<\/p>\n<p>&#8220;Milk&#8217;n&#8217;Roll&#8221; turi \u0161ildymo technologij\u0105, kuri tolygiai pasiskirs\u010diusi po vis\u0105 talpyklos dugn\u0105. Kitaip nei panardinamieji \u0161ildytuvai, \u0161i technologija neleid\u017eia susidaryti kar\u0161tiems ta\u0161kams, kuriuose pienas gali sudegti ir<br \/>\nprilipti prie talpyklos. Taip u\u017etikrinamas greitas pieno pa\u0161ildymas ir i\u0161laikoma jo kokyb\u0117.<\/p>\n<p>&#8220;Milk&#8217;n&#8217;Roll&#8221; valymo funkcija padeda optimaliai i\u0161valyti girdykl\u0105. U\u017etikrinama geriausia higiena per trumpiausi\u0105 laik\u0105 sunaudojant ma\u017eiausiai vandens.\u00a0 Pusiau automatin\u0117 valymo programa visi\u0161kai pa\u0161alina pieno liku\u010dius i\u0161 dozavimo siurblio ir \u017earn\u0173. Papildomas valymas \u0161epet\u0117liu pagerina rezultatus ir sutrumpina proceso laik\u0105.<\/p>\n<p>&#8220;Milk&#8217;n&#8217;Roll&#8221; leid\u017eia ekonomi\u0161kai pasterizuoti pien\u0105. Pasterizuojant pien\u0105 65 \u00b0C temperat\u016broje per 30 minu\u010di\u0173 \u017e\u016bsta 99,5 % kenksming\u0173 lig\u0173 suk\u0117l\u0117j\u0173.<\/p>\n<p>Pasibaigus ver\u0161eli\u0173 pieno pasterizavimo procesui, &#8220;Milk&#8217;n&#8217;Roll&#8221; atv\u0117sina ver\u0161eli\u0173 pien\u0105 iki pageidaujamos temperat\u016bros, be to, temperat\u016bra i\u0161laikoma, kol atvyksite.<br \/>\nVer\u0161eli\u0173 girdykla su pasterizavimo funkcija turi standartin\u0119 \u0161aldymo funkcij\u0105. D\u0117l ver\u0161eli\u0173 pieno \u0161aldymo sistemos pienas i\u0161lieka \u0161vie\u017eias iki j\u016bs\u0173 apsilankymo.<\/p>\n<p>&nbsp;<\/p>\n<p>Maitinimo \u0161altini: 230 V &#8211; 400 V<\/p>\n<p>Maksimalus greitis: 6 km\/h<\/p>\n<p>Dozavimo siurblys: 30 l\/min<\/p>\n<p>Mai\u0161ytuvo galia: 370 W<\/p>\n<p>&nbsp;<\/p>\n","protected":false},"excerpt":{"rendered":"<p>Naudojant &#8220;Milk&#8217;n&#8217;Roll&#8221; mobili\u0105 ver\u0161eli\u0173 girdykl\u0105 pieno pakaital\u0173 paruo\u0161imo, nenugriebto pieno pa\u0161ildymo ir pasterizavimo, transportavimo ir \u0161\u0117rimo procesai vyksta greitai ir tiksliai. &nbsp; Visi &#8220;Milk&#8217;n&#8217;Roll&#8221; komponentai, tokie kaip siurblys, elektros varikliai, elektronin\u0117 \u012franga yra suprojektuoti ir sukurti taip, kad atlaikyt\u0173 sud\u0117tingas aplinkos s\u0105lygas. Auk\u0161tos kokyb\u0117s ner\u016bdijan\u010dio plieno pavir\u0161ius lengva valyti. \u012e vartotoj\u0105 orientuota konstrukcija u\u017etikrina lengv\u0105 [&hellip;]<\/p>\n","protected":false},"featured_media":43412,"template":"","meta":{"_acf_changed":false},"product_brand":[],"product_cat":[183],"product_tag":[],"class_list":{"0":"post-43411","1":"product","2":"type-product","3":"status-publish","4":"has-post-thumbnail","6":"product_cat-mobiilsed-vasikate-jooginiplid","8":"first","9":"instock","10":"shipping-taxable","11":"product-type-simple"},"acf":[],"yoast_head":"<!-- This site is optimized with the Yoast SEO plugin v27.4 - https:\/\/yoast.com\/product\/yoast-seo-wordpress\/ -->\n<title>Ver\u0161eli\u0173 girdykla MilknRoll Mobile - Specagra<\/title>\n<meta name=\"robots\" content=\"index, follow, max-snippet:-1, max-image-preview:large, max-video-preview:-1\" \/>\n<link rel=\"canonical\" href=\"https:\/\/www.specagra.ee\/?product=verseliu-girdykla-milknroll-mobile\" \/>\n<meta property=\"og:locale\" content=\"et_EE\" \/>\n<meta property=\"og:type\" content=\"article\" \/>\n<meta property=\"og:title\" content=\"Ver\u0161eli\u0173 girdykla MilknRoll Mobile - Specagra\" \/>\n<meta property=\"og:description\" content=\"Naudojant &#8220;Milk&#8217;n&#8217;Roll&#8221; mobili\u0105 ver\u0161eli\u0173 girdykl\u0105 pieno pakaital\u0173 paruo\u0161imo, nenugriebto pieno pa\u0161ildymo ir pasterizavimo, transportavimo ir \u0161\u0117rimo procesai vyksta greitai ir tiksliai. &nbsp; Visi &#8220;Milk&#8217;n&#8217;Roll&#8221; komponentai, tokie kaip siurblys, elektros varikliai, elektronin\u0117 \u012franga yra suprojektuoti ir sukurti taip, kad atlaikyt\u0173 sud\u0117tingas aplinkos s\u0105lygas. Auk\u0161tos kokyb\u0117s ner\u016bdijan\u010dio plieno pavir\u0161ius lengva valyti. \u012e vartotoj\u0105 orientuota konstrukcija u\u017etikrina lengv\u0105 [&hellip;]\" \/>\n<meta property=\"og:url\" content=\"https:\/\/www.specagra.ee\/?product=verseliu-girdykla-milknroll-mobile\" \/>\n<meta property=\"og:site_name\" content=\"Specagra\" \/>\n<meta property=\"article:modified_time\" content=\"2025-01-14T09:32:09+00:00\" \/>\n<meta property=\"og:image\" content=\"https:\/\/www.specagra.ee\/wp-content\/uploads\/2025\/01\/Untitled-design1.png\" \/>\n\t<meta property=\"og:image:width\" content=\"900\" \/>\n\t<meta property=\"og:image:height\" content=\"900\" \/>\n\t<meta property=\"og:image:type\" content=\"image\/png\" \/>\n<meta name=\"twitter:card\" content=\"summary_large_image\" \/>\n<meta name=\"twitter:label1\" content=\"Est. reading time\" \/>\n\t<meta name=\"twitter:data1\" content=\"2 minutit\" \/>\n<script type=\"application\/ld+json\" class=\"yoast-schema-graph\">{\"@context\":\"https:\\\/\\\/schema.org\",\"@graph\":[{\"@type\":\"WebPage\",\"@id\":\"https:\\\/\\\/www.specagra.ee\\\/?product=verseliu-girdykla-milknroll-mobile\",\"url\":\"https:\\\/\\\/www.specagra.ee\\\/?product=verseliu-girdykla-milknroll-mobile\",\"name\":\"Ver\u0161eli\u0173 girdykla MilknRoll Mobile - Specagra\",\"isPartOf\":{\"@id\":\"https:\\\/\\\/www.specagra.ee\\\/#website\"},\"primaryImageOfPage\":{\"@id\":\"https:\\\/\\\/www.specagra.ee\\\/?product=verseliu-girdykla-milknroll-mobile#primaryimage\"},\"image\":{\"@id\":\"https:\\\/\\\/www.specagra.ee\\\/?product=verseliu-girdykla-milknroll-mobile#primaryimage\"},\"thumbnailUrl\":\"https:\\\/\\\/www.specagra.ee\\\/wp-content\\\/uploads\\\/2025\\\/01\\\/Untitled-design1.png\",\"datePublished\":\"2025-01-14T09:16:51+00:00\",\"dateModified\":\"2025-01-14T09:32:09+00:00\",\"breadcrumb\":{\"@id\":\"https:\\\/\\\/www.specagra.ee\\\/?product=verseliu-girdykla-milknroll-mobile#breadcrumb\"},\"inLanguage\":\"et\",\"potentialAction\":[{\"@type\":\"ReadAction\",\"target\":[\"https:\\\/\\\/www.specagra.ee\\\/?product=verseliu-girdykla-milknroll-mobile\"]}]},{\"@type\":\"ImageObject\",\"inLanguage\":\"et\",\"@id\":\"https:\\\/\\\/www.specagra.ee\\\/?product=verseliu-girdykla-milknroll-mobile#primaryimage\",\"url\":\"https:\\\/\\\/www.specagra.ee\\\/wp-content\\\/uploads\\\/2025\\\/01\\\/Untitled-design1.png\",\"contentUrl\":\"https:\\\/\\\/www.specagra.ee\\\/wp-content\\\/uploads\\\/2025\\\/01\\\/Untitled-design1.png\",\"width\":900,\"height\":900},{\"@type\":\"BreadcrumbList\",\"@id\":\"https:\\\/\\\/www.specagra.ee\\\/?product=verseliu-girdykla-milknroll-mobile#breadcrumb\",\"itemListElement\":[{\"@type\":\"ListItem\",\"position\":1,\"name\":\"Home\",\"item\":\"https:\\\/\\\/www.specagra.ee\\\/\"},{\"@type\":\"ListItem\",\"position\":2,\"name\":\"P\u00f5llumajandustehnika ja loomakasvatus\",\"item\":\"https:\\\/\\\/www.specagra.ee\\\/?page_id=18493\"},{\"@type\":\"ListItem\",\"position\":3,\"name\":\"Ver\u0161eli\u0173 girdykla MilknRoll Mobile\"}]},{\"@type\":\"WebSite\",\"@id\":\"https:\\\/\\\/www.specagra.ee\\\/#website\",\"url\":\"https:\\\/\\\/www.specagra.ee\\\/\",\"name\":\"Specagra\",\"description\":\"P\u00f5llumajandustehnika ja varuosad\",\"publisher\":{\"@id\":\"https:\\\/\\\/www.specagra.ee\\\/#organization\"},\"potentialAction\":[{\"@type\":\"SearchAction\",\"target\":{\"@type\":\"EntryPoint\",\"urlTemplate\":\"https:\\\/\\\/www.specagra.ee\\\/?s={search_term_string}\"},\"query-input\":{\"@type\":\"PropertyValueSpecification\",\"valueRequired\":true,\"valueName\":\"search_term_string\"}}],\"inLanguage\":\"et\"},{\"@type\":\"Organization\",\"@id\":\"https:\\\/\\\/www.specagra.ee\\\/#organization\",\"name\":\"UAB Specagra\",\"url\":\"https:\\\/\\\/www.specagra.ee\\\/\",\"logo\":{\"@type\":\"ImageObject\",\"inLanguage\":\"et\",\"@id\":\"https:\\\/\\\/www.specagra.ee\\\/#\\\/schema\\\/logo\\\/image\\\/\",\"url\":\"http:\\\/\\\/www.specagra.ee\\\/wp-content\\\/uploads\\\/2022\\\/02\\\/SP-logo_naujas-scaled.jpg\",\"contentUrl\":\"http:\\\/\\\/www.specagra.ee\\\/wp-content\\\/uploads\\\/2022\\\/02\\\/SP-logo_naujas-scaled.jpg\",\"width\":2560,\"height\":326,\"caption\":\"UAB Specagra\"},\"image\":{\"@id\":\"https:\\\/\\\/www.specagra.ee\\\/#\\\/schema\\\/logo\\\/image\\\/\"}}]}<\/script>\n<!-- \/ Yoast SEO plugin. -->","yoast_head_json":{"title":"Ver\u0161eli\u0173 girdykla MilknRoll Mobile - Specagra","robots":{"index":"index","follow":"follow","max-snippet":"max-snippet:-1","max-image-preview":"max-image-preview:large","max-video-preview":"max-video-preview:-1"},"canonical":"https:\/\/www.specagra.ee\/?product=verseliu-girdykla-milknroll-mobile","og_locale":"et_EE","og_type":"article","og_title":"Ver\u0161eli\u0173 girdykla MilknRoll Mobile - Specagra","og_description":"Naudojant &#8220;Milk&#8217;n&#8217;Roll&#8221; mobili\u0105 ver\u0161eli\u0173 girdykl\u0105 pieno pakaital\u0173 paruo\u0161imo, nenugriebto pieno pa\u0161ildymo ir pasterizavimo, transportavimo ir \u0161\u0117rimo procesai vyksta greitai ir tiksliai. &nbsp; Visi &#8220;Milk&#8217;n&#8217;Roll&#8221; komponentai, tokie kaip siurblys, elektros varikliai, elektronin\u0117 \u012franga yra suprojektuoti ir sukurti taip, kad atlaikyt\u0173 sud\u0117tingas aplinkos s\u0105lygas. Auk\u0161tos kokyb\u0117s ner\u016bdijan\u010dio plieno pavir\u0161ius lengva valyti. \u012e vartotoj\u0105 orientuota konstrukcija u\u017etikrina lengv\u0105 [&hellip;]","og_url":"https:\/\/www.specagra.ee\/?product=verseliu-girdykla-milknroll-mobile","og_site_name":"Specagra","article_modified_time":"2025-01-14T09:32:09+00:00","og_image":[{"width":900,"height":900,"url":"https:\/\/www.specagra.ee\/wp-content\/uploads\/2025\/01\/Untitled-design1.png","type":"image\/png"}],"twitter_card":"summary_large_image","twitter_misc":{"Est. reading time":"2 minutit"},"schema":{"@context":"https:\/\/schema.org","@graph":[{"@type":"WebPage","@id":"https:\/\/www.specagra.ee\/?product=verseliu-girdykla-milknroll-mobile","url":"https:\/\/www.specagra.ee\/?product=verseliu-girdykla-milknroll-mobile","name":"Ver\u0161eli\u0173 girdykla MilknRoll Mobile - Specagra","isPartOf":{"@id":"https:\/\/www.specagra.ee\/#website"},"primaryImageOfPage":{"@id":"https:\/\/www.specagra.ee\/?product=verseliu-girdykla-milknroll-mobile#primaryimage"},"image":{"@id":"https:\/\/www.specagra.ee\/?product=verseliu-girdykla-milknroll-mobile#primaryimage"},"thumbnailUrl":"https:\/\/www.specagra.ee\/wp-content\/uploads\/2025\/01\/Untitled-design1.png","datePublished":"2025-01-14T09:16:51+00:00","dateModified":"2025-01-14T09:32:09+00:00","breadcrumb":{"@id":"https:\/\/www.specagra.ee\/?product=verseliu-girdykla-milknroll-mobile#breadcrumb"},"inLanguage":"et","potentialAction":[{"@type":"ReadAction","target":["https:\/\/www.specagra.ee\/?product=verseliu-girdykla-milknroll-mobile"]}]},{"@type":"ImageObject","inLanguage":"et","@id":"https:\/\/www.specagra.ee\/?product=verseliu-girdykla-milknroll-mobile#primaryimage","url":"https:\/\/www.specagra.ee\/wp-content\/uploads\/2025\/01\/Untitled-design1.png","contentUrl":"https:\/\/www.specagra.ee\/wp-content\/uploads\/2025\/01\/Untitled-design1.png","width":900,"height":900},{"@type":"BreadcrumbList","@id":"https:\/\/www.specagra.ee\/?product=verseliu-girdykla-milknroll-mobile#breadcrumb","itemListElement":[{"@type":"ListItem","position":1,"name":"Home","item":"https:\/\/www.specagra.ee\/"},{"@type":"ListItem","position":2,"name":"P\u00f5llumajandustehnika ja loomakasvatus","item":"https:\/\/www.specagra.ee\/?page_id=18493"},{"@type":"ListItem","position":3,"name":"Ver\u0161eli\u0173 girdykla MilknRoll Mobile"}]},{"@type":"WebSite","@id":"https:\/\/www.specagra.ee\/#website","url":"https:\/\/www.specagra.ee\/","name":"Specagra","description":"P\u00f5llumajandustehnika ja varuosad","publisher":{"@id":"https:\/\/www.specagra.ee\/#organization"},"potentialAction":[{"@type":"SearchAction","target":{"@type":"EntryPoint","urlTemplate":"https:\/\/www.specagra.ee\/?s={search_term_string}"},"query-input":{"@type":"PropertyValueSpecification","valueRequired":true,"valueName":"search_term_string"}}],"inLanguage":"et"},{"@type":"Organization","@id":"https:\/\/www.specagra.ee\/#organization","name":"UAB Specagra","url":"https:\/\/www.specagra.ee\/","logo":{"@type":"ImageObject","inLanguage":"et","@id":"https:\/\/www.specagra.ee\/#\/schema\/logo\/image\/","url":"http:\/\/www.specagra.ee\/wp-content\/uploads\/2022\/02\/SP-logo_naujas-scaled.jpg","contentUrl":"http:\/\/www.specagra.ee\/wp-content\/uploads\/2022\/02\/SP-logo_naujas-scaled.jpg","width":2560,"height":326,"caption":"UAB Specagra"},"image":{"@id":"https:\/\/www.specagra.ee\/#\/schema\/logo\/image\/"}}]}},"_links":{"self":[{"href":"https:\/\/www.specagra.ee\/index.php?rest_route=\/wp\/v2\/product\/43411","targetHints":{"allow":["GET"]}}],"collection":[{"href":"https:\/\/www.specagra.ee\/index.php?rest_route=\/wp\/v2\/product"}],"about":[{"href":"https:\/\/www.specagra.ee\/index.php?rest_route=\/wp\/v2\/types\/product"}],"wp:featuredmedia":[{"embeddable":true,"href":"https:\/\/www.specagra.ee\/index.php?rest_route=\/wp\/v2\/media\/43412"}],"wp:attachment":[{"href":"https:\/\/www.specagra.ee\/index.php?rest_route=%2Fwp%2Fv2%2Fmedia&parent=43411"}],"wp:term":[{"taxonomy":"product_brand","embeddable":true,"href":"https:\/\/www.specagra.ee\/index.php?rest_route=%2Fwp%2Fv2%2Fproduct_brand&post=43411"},{"taxonomy":"product_cat","embeddable":true,"href":"https:\/\/www.specagra.ee\/index.php?rest_route=%2Fwp%2Fv2%2Fproduct_cat&post=43411"},{"taxonomy":"product_tag","embeddable":true,"href":"https:\/\/www.specagra.ee\/index.php?rest_route=%2Fwp%2Fv2%2Fproduct_tag&post=43411"}],"curies":[{"name":"wp","href":"https:\/\/api.w.org\/{rel}","templated":true}]}}