{"id":43310,"date":"2024-11-27T07:30:05","date_gmt":"2024-11-27T09:30:05","guid":{"rendered":"https:\/\/www.specagra.ee\/?post_type=product&#038;p=43310"},"modified":"2024-11-27T07:30:06","modified_gmt":"2024-11-27T09:30:06","slug":"pasterizatorius-km05019","status":"publish","type":"product","link":"https:\/\/www.specagra.ee\/?product=pasterizatorius-km05019","title":{"rendered":"Pasterizatorius KM05019"},"content":{"rendered":"<p><span class=\"HwtZe\" lang=\"lt\"><span class=\"jCAhz ChMk0b\"><span class=\"ryNqvb\">Talpa: 200 litr\u0173 <\/span><\/span> <\/span><\/p>\n<p><span class=\"HwtZe\" lang=\"lt\"><span class=\"jCAhz ChMk0b\"><span class=\"ryNqvb\">Variklio galia: 0,37kw (mai\u0161ykl\u0117), 9,2 A &#8211; 12V (siurblio variklis)<\/span><\/span><\/span><\/p>\n<p><span class=\"HwtZe\" lang=\"lt\">\u00a0<span class=\"jCAhz\"><span class=\"ryNqvb\">Mobilus: su ratais <\/span><\/span> <\/span><\/p>\n<p><span class=\"HwtZe\" lang=\"lt\"><span class=\"jCAhz ChMk0b\"><span class=\"ryNqvb\">Paskirstymo sistema: su automatiniu rankiniu siurbliu <\/span><\/span> <\/span><\/p>\n<p><span class=\"HwtZe\" lang=\"lt\"><span class=\"jCAhz ChMk0b\"><span class=\"ryNqvb\">Lie\u010diamas PLC ekranas ir 4 kalb\u0173 parinktys <\/span><\/span><\/span><\/p>\n<p><span class=\"HwtZe\" lang=\"lt\"> <span class=\"jCAhz\"><span class=\"ryNqvb\">Pieno ruo\u0161imo modulis <\/span><\/span> <\/span><\/p>\n<p><span class=\"HwtZe\" lang=\"lt\"><span class=\"jCAhz\"><span class=\"ryNqvb\">Milteli\u0173 ruo\u0161imo modulis<\/span><\/span><\/span><\/p>\n<p><span class=\"HwtZe\" lang=\"lt\">  <span class=\"jCAhz\"><span class=\"ryNqvb\">Dinamin\u0117 \u0161ildymo sistema <\/span><\/span> <\/span><\/p>\n<p><span class=\"HwtZe\" lang=\"lt\"><span class=\"jCAhz\"><span class=\"ryNqvb\">Automatinis dozavimas <\/span><\/span> <\/span><\/p>\n<p><span class=\"HwtZe\" lang=\"lt\"><span class=\"jCAhz\"><span class=\"ryNqvb\">Auk\u0161tos temperat\u016bros palaikymas<br \/>\n<\/span><\/span><\/span><\/p>\n<p><span class=\"HwtZe\" lang=\"lt\">  <span class=\"jCAhz JpY6Fd\"><span class=\"ryNqvb\">Reguliuojamas mai\u0161ytuvo greitis <\/span><\/span> <\/span><\/p>\n<p><span class=\"HwtZe\" lang=\"lt\"><span class=\"jCAhz\"><span class=\"ryNqvb\">Darbo valand\u0173 sekimas <\/span><\/span> <\/span><\/p>\n<p><span class=\"HwtZe\" lang=\"lt\"><span class=\"jCAhz\"><span class=\"ryNqvb\">Plovimo re\u017eimas<\/span><\/span><\/span><\/p>\n","protected":false},"excerpt":{"rendered":"<p>Talpa: 200 litr\u0173 Variklio galia: 0,37kw (mai\u0161ykl\u0117), 9,2 A &#8211; 12V (siurblio variklis) \u00a0Mobilus: su ratais Paskirstymo sistema: su automatiniu rankiniu siurbliu Lie\u010diamas PLC ekranas ir 4 kalb\u0173 parinktys Pieno ruo\u0161imo modulis Milteli\u0173 ruo\u0161imo modulis Dinamin\u0117 \u0161ildymo sistema Automatinis dozavimas Auk\u0161tos temperat\u016bros palaikymas Reguliuojamas mai\u0161ytuvo greitis Darbo valand\u0173 sekimas Plovimo re\u017eimas<\/p>\n","protected":false},"featured_media":43311,"template":"","meta":{"_acf_changed":false},"product_brand":[],"product_cat":[185],"product_tag":[],"class_list":{"0":"post-43310","1":"product","2":"type-product","3":"status-publish","4":"has-post-thumbnail","6":"product_cat-mobiilsed-piimapastorisaatorid","8":"first","9":"instock","10":"shipping-taxable","11":"product-type-simple"},"acf":[],"yoast_head":"<!-- This site is optimized with the Yoast SEO plugin v27.4 - https:\/\/yoast.com\/product\/yoast-seo-wordpress\/ -->\n<title>Pasterizatorius KM05019 - Specagra<\/title>\n<meta name=\"robots\" content=\"index, follow, max-snippet:-1, max-image-preview:large, max-video-preview:-1\" \/>\n<link rel=\"canonical\" href=\"https:\/\/www.specagra.ee\/?product=pasterizatorius-km05019\" \/>\n<meta property=\"og:locale\" content=\"et_EE\" \/>\n<meta property=\"og:type\" content=\"article\" \/>\n<meta property=\"og:title\" content=\"Pasterizatorius KM05019 - Specagra\" \/>\n<meta property=\"og:description\" content=\"Talpa: 200 litr\u0173 Variklio galia: 0,37kw (mai\u0161ykl\u0117), 9,2 A &#8211; 12V (siurblio variklis) \u00a0Mobilus: su ratais Paskirstymo sistema: su automatiniu rankiniu siurbliu Lie\u010diamas PLC ekranas ir 4 kalb\u0173 parinktys Pieno ruo\u0161imo modulis Milteli\u0173 ruo\u0161imo modulis Dinamin\u0117 \u0161ildymo sistema Automatinis dozavimas Auk\u0161tos temperat\u016bros palaikymas Reguliuojamas mai\u0161ytuvo greitis Darbo valand\u0173 sekimas Plovimo re\u017eimas\" \/>\n<meta property=\"og:url\" content=\"https:\/\/www.specagra.ee\/?product=pasterizatorius-km05019\" \/>\n<meta property=\"og:site_name\" content=\"Specagra\" \/>\n<meta property=\"article:modified_time\" content=\"2024-11-27T09:30:06+00:00\" \/>\n<meta property=\"og:image\" content=\"https:\/\/www.specagra.ee\/wp-content\/uploads\/2024\/11\/Untitled-design3-5.jpg\" \/>\n\t<meta property=\"og:image:width\" content=\"900\" \/>\n\t<meta property=\"og:image:height\" content=\"900\" \/>\n\t<meta property=\"og:image:type\" content=\"image\/jpeg\" \/>\n<meta name=\"twitter:card\" content=\"summary_large_image\" \/>\n<meta name=\"twitter:label1\" content=\"Est. reading time\" \/>\n\t<meta name=\"twitter:data1\" content=\"1 minut\" \/>\n<script type=\"application\/ld+json\" class=\"yoast-schema-graph\">{\"@context\":\"https:\\\/\\\/schema.org\",\"@graph\":[{\"@type\":\"WebPage\",\"@id\":\"https:\\\/\\\/www.specagra.ee\\\/?product=pasterizatorius-km05019\",\"url\":\"https:\\\/\\\/www.specagra.ee\\\/?product=pasterizatorius-km05019\",\"name\":\"Pasterizatorius KM05019 - Specagra\",\"isPartOf\":{\"@id\":\"https:\\\/\\\/www.specagra.ee\\\/#website\"},\"primaryImageOfPage\":{\"@id\":\"https:\\\/\\\/www.specagra.ee\\\/?product=pasterizatorius-km05019#primaryimage\"},\"image\":{\"@id\":\"https:\\\/\\\/www.specagra.ee\\\/?product=pasterizatorius-km05019#primaryimage\"},\"thumbnailUrl\":\"https:\\\/\\\/www.specagra.ee\\\/wp-content\\\/uploads\\\/2024\\\/11\\\/Untitled-design3-5.jpg\",\"datePublished\":\"2024-11-27T09:30:05+00:00\",\"dateModified\":\"2024-11-27T09:30:06+00:00\",\"breadcrumb\":{\"@id\":\"https:\\\/\\\/www.specagra.ee\\\/?product=pasterizatorius-km05019#breadcrumb\"},\"inLanguage\":\"et\",\"potentialAction\":[{\"@type\":\"ReadAction\",\"target\":[\"https:\\\/\\\/www.specagra.ee\\\/?product=pasterizatorius-km05019\"]}]},{\"@type\":\"ImageObject\",\"inLanguage\":\"et\",\"@id\":\"https:\\\/\\\/www.specagra.ee\\\/?product=pasterizatorius-km05019#primaryimage\",\"url\":\"https:\\\/\\\/www.specagra.ee\\\/wp-content\\\/uploads\\\/2024\\\/11\\\/Untitled-design3-5.jpg\",\"contentUrl\":\"https:\\\/\\\/www.specagra.ee\\\/wp-content\\\/uploads\\\/2024\\\/11\\\/Untitled-design3-5.jpg\",\"width\":900,\"height\":900},{\"@type\":\"BreadcrumbList\",\"@id\":\"https:\\\/\\\/www.specagra.ee\\\/?product=pasterizatorius-km05019#breadcrumb\",\"itemListElement\":[{\"@type\":\"ListItem\",\"position\":1,\"name\":\"Home\",\"item\":\"https:\\\/\\\/www.specagra.ee\\\/\"},{\"@type\":\"ListItem\",\"position\":2,\"name\":\"P\u00f5llumajandustehnika ja loomakasvatus\",\"item\":\"https:\\\/\\\/www.specagra.ee\\\/?page_id=18493\"},{\"@type\":\"ListItem\",\"position\":3,\"name\":\"Pasterizatorius KM05019\"}]},{\"@type\":\"WebSite\",\"@id\":\"https:\\\/\\\/www.specagra.ee\\\/#website\",\"url\":\"https:\\\/\\\/www.specagra.ee\\\/\",\"name\":\"Specagra\",\"description\":\"P\u00f5llumajandustehnika ja varuosad\",\"publisher\":{\"@id\":\"https:\\\/\\\/www.specagra.ee\\\/#organization\"},\"potentialAction\":[{\"@type\":\"SearchAction\",\"target\":{\"@type\":\"EntryPoint\",\"urlTemplate\":\"https:\\\/\\\/www.specagra.ee\\\/?s={search_term_string}\"},\"query-input\":{\"@type\":\"PropertyValueSpecification\",\"valueRequired\":true,\"valueName\":\"search_term_string\"}}],\"inLanguage\":\"et\"},{\"@type\":\"Organization\",\"@id\":\"https:\\\/\\\/www.specagra.ee\\\/#organization\",\"name\":\"UAB Specagra\",\"url\":\"https:\\\/\\\/www.specagra.ee\\\/\",\"logo\":{\"@type\":\"ImageObject\",\"inLanguage\":\"et\",\"@id\":\"https:\\\/\\\/www.specagra.ee\\\/#\\\/schema\\\/logo\\\/image\\\/\",\"url\":\"http:\\\/\\\/www.specagra.ee\\\/wp-content\\\/uploads\\\/2022\\\/02\\\/SP-logo_naujas-scaled.jpg\",\"contentUrl\":\"http:\\\/\\\/www.specagra.ee\\\/wp-content\\\/uploads\\\/2022\\\/02\\\/SP-logo_naujas-scaled.jpg\",\"width\":2560,\"height\":326,\"caption\":\"UAB Specagra\"},\"image\":{\"@id\":\"https:\\\/\\\/www.specagra.ee\\\/#\\\/schema\\\/logo\\\/image\\\/\"}}]}<\/script>\n<!-- \/ Yoast SEO plugin. -->","yoast_head_json":{"title":"Pasterizatorius KM05019 - Specagra","robots":{"index":"index","follow":"follow","max-snippet":"max-snippet:-1","max-image-preview":"max-image-preview:large","max-video-preview":"max-video-preview:-1"},"canonical":"https:\/\/www.specagra.ee\/?product=pasterizatorius-km05019","og_locale":"et_EE","og_type":"article","og_title":"Pasterizatorius KM05019 - Specagra","og_description":"Talpa: 200 litr\u0173 Variklio galia: 0,37kw (mai\u0161ykl\u0117), 9,2 A &#8211; 12V (siurblio variklis) \u00a0Mobilus: su ratais Paskirstymo sistema: su automatiniu rankiniu siurbliu Lie\u010diamas PLC ekranas ir 4 kalb\u0173 parinktys Pieno ruo\u0161imo modulis Milteli\u0173 ruo\u0161imo modulis Dinamin\u0117 \u0161ildymo sistema Automatinis dozavimas Auk\u0161tos temperat\u016bros palaikymas Reguliuojamas mai\u0161ytuvo greitis Darbo valand\u0173 sekimas Plovimo re\u017eimas","og_url":"https:\/\/www.specagra.ee\/?product=pasterizatorius-km05019","og_site_name":"Specagra","article_modified_time":"2024-11-27T09:30:06+00:00","og_image":[{"width":900,"height":900,"url":"https:\/\/www.specagra.ee\/wp-content\/uploads\/2024\/11\/Untitled-design3-5.jpg","type":"image\/jpeg"}],"twitter_card":"summary_large_image","twitter_misc":{"Est. reading time":"1 minut"},"schema":{"@context":"https:\/\/schema.org","@graph":[{"@type":"WebPage","@id":"https:\/\/www.specagra.ee\/?product=pasterizatorius-km05019","url":"https:\/\/www.specagra.ee\/?product=pasterizatorius-km05019","name":"Pasterizatorius KM05019 - Specagra","isPartOf":{"@id":"https:\/\/www.specagra.ee\/#website"},"primaryImageOfPage":{"@id":"https:\/\/www.specagra.ee\/?product=pasterizatorius-km05019#primaryimage"},"image":{"@id":"https:\/\/www.specagra.ee\/?product=pasterizatorius-km05019#primaryimage"},"thumbnailUrl":"https:\/\/www.specagra.ee\/wp-content\/uploads\/2024\/11\/Untitled-design3-5.jpg","datePublished":"2024-11-27T09:30:05+00:00","dateModified":"2024-11-27T09:30:06+00:00","breadcrumb":{"@id":"https:\/\/www.specagra.ee\/?product=pasterizatorius-km05019#breadcrumb"},"inLanguage":"et","potentialAction":[{"@type":"ReadAction","target":["https:\/\/www.specagra.ee\/?product=pasterizatorius-km05019"]}]},{"@type":"ImageObject","inLanguage":"et","@id":"https:\/\/www.specagra.ee\/?product=pasterizatorius-km05019#primaryimage","url":"https:\/\/www.specagra.ee\/wp-content\/uploads\/2024\/11\/Untitled-design3-5.jpg","contentUrl":"https:\/\/www.specagra.ee\/wp-content\/uploads\/2024\/11\/Untitled-design3-5.jpg","width":900,"height":900},{"@type":"BreadcrumbList","@id":"https:\/\/www.specagra.ee\/?product=pasterizatorius-km05019#breadcrumb","itemListElement":[{"@type":"ListItem","position":1,"name":"Home","item":"https:\/\/www.specagra.ee\/"},{"@type":"ListItem","position":2,"name":"P\u00f5llumajandustehnika ja loomakasvatus","item":"https:\/\/www.specagra.ee\/?page_id=18493"},{"@type":"ListItem","position":3,"name":"Pasterizatorius KM05019"}]},{"@type":"WebSite","@id":"https:\/\/www.specagra.ee\/#website","url":"https:\/\/www.specagra.ee\/","name":"Specagra","description":"P\u00f5llumajandustehnika ja varuosad","publisher":{"@id":"https:\/\/www.specagra.ee\/#organization"},"potentialAction":[{"@type":"SearchAction","target":{"@type":"EntryPoint","urlTemplate":"https:\/\/www.specagra.ee\/?s={search_term_string}"},"query-input":{"@type":"PropertyValueSpecification","valueRequired":true,"valueName":"search_term_string"}}],"inLanguage":"et"},{"@type":"Organization","@id":"https:\/\/www.specagra.ee\/#organization","name":"UAB Specagra","url":"https:\/\/www.specagra.ee\/","logo":{"@type":"ImageObject","inLanguage":"et","@id":"https:\/\/www.specagra.ee\/#\/schema\/logo\/image\/","url":"http:\/\/www.specagra.ee\/wp-content\/uploads\/2022\/02\/SP-logo_naujas-scaled.jpg","contentUrl":"http:\/\/www.specagra.ee\/wp-content\/uploads\/2022\/02\/SP-logo_naujas-scaled.jpg","width":2560,"height":326,"caption":"UAB Specagra"},"image":{"@id":"https:\/\/www.specagra.ee\/#\/schema\/logo\/image\/"}}]}},"_links":{"self":[{"href":"https:\/\/www.specagra.ee\/index.php?rest_route=\/wp\/v2\/product\/43310","targetHints":{"allow":["GET"]}}],"collection":[{"href":"https:\/\/www.specagra.ee\/index.php?rest_route=\/wp\/v2\/product"}],"about":[{"href":"https:\/\/www.specagra.ee\/index.php?rest_route=\/wp\/v2\/types\/product"}],"wp:featuredmedia":[{"embeddable":true,"href":"https:\/\/www.specagra.ee\/index.php?rest_route=\/wp\/v2\/media\/43311"}],"wp:attachment":[{"href":"https:\/\/www.specagra.ee\/index.php?rest_route=%2Fwp%2Fv2%2Fmedia&parent=43310"}],"wp:term":[{"taxonomy":"product_brand","embeddable":true,"href":"https:\/\/www.specagra.ee\/index.php?rest_route=%2Fwp%2Fv2%2Fproduct_brand&post=43310"},{"taxonomy":"product_cat","embeddable":true,"href":"https:\/\/www.specagra.ee\/index.php?rest_route=%2Fwp%2Fv2%2Fproduct_cat&post=43310"},{"taxonomy":"product_tag","embeddable":true,"href":"https:\/\/www.specagra.ee\/index.php?rest_route=%2Fwp%2Fv2%2Fproduct_tag&post=43310"}],"curies":[{"name":"wp","href":"https:\/\/api.w.org\/{rel}","templated":true}]}}