{"id":43300,"date":"2024-11-22T07:43:31","date_gmt":"2024-11-22T09:43:31","guid":{"rendered":"https:\/\/www.specagra.ee\/?post_type=product&#038;p=43300"},"modified":"2024-11-22T07:43:31","modified_gmt":"2024-11-22T09:43:31","slug":"apsauginiu-dangu-subtex-segtukas","status":"publish","type":"product","link":"https:\/\/www.specagra.ee\/?product=apsauginiu-dangu-subtex-segtukas","title":{"rendered":"Apsaugini\u0173 dang\u0173 SUBTEX segtukas"},"content":{"rendered":"<p>B\u016btina \u012ftempti \u201eSUBTEX 140\u201c, kad b\u016bt\u0173 u\u017etikrintas vandens nutek\u0117jimas. CLACPACK\u00ae &#8211; tai veiksmingas ir tvarus sprendimas.<\/p>\n<p>Segtukas sudarytas i\u0161 kietos plastikin\u0117s dalies, prie kurios prispaud\u017eiama mink\u0161ta plastikin\u0117 dalis, apsaugo dang\u0105 nuo skyli\u0173. Kas metr\u0105 u\u017ed\u0117kite ne didesn\u012f kaip 8 kg CLACPACK segtuk\u0105 su svoriu, kad danga b\u016bt\u0173 nuolat \u012ftempta.<\/p>\n<p><b>Naudojimas:<\/b><\/p>\n<p>1 clacpack segtukas skirtas iki 8 kg svoriui tvirtinti.<\/p>\n","protected":false},"excerpt":{"rendered":"<p>B\u016btina \u012ftempti \u201eSUBTEX 140\u201c, kad b\u016bt\u0173 u\u017etikrintas vandens nutek\u0117jimas. CLACPACK\u00ae &#8211; tai veiksmingas ir tvarus sprendimas. Segtukas sudarytas i\u0161 kietos plastikin\u0117s dalies, prie kurios prispaud\u017eiama mink\u0161ta plastikin\u0117 dalis, apsaugo dang\u0105 nuo skyli\u0173. Kas metr\u0105 u\u017ed\u0117kite ne didesn\u012f kaip 8 kg CLACPACK segtuk\u0105 su svoriu, kad danga b\u016bt\u0173 nuolat \u012ftempta. Naudojimas: 1 clacpack segtukas skirtas iki [&hellip;]<\/p>\n","protected":false},"featured_media":43286,"template":"","meta":{"_et_pb_use_builder":"","_et_pb_old_content":"","_et_gb_content_width":""},"product_brand":[],"product_cat":[291],"product_tag":[],"class_list":{"0":"post-43300","1":"product","2":"type-product","3":"status-publish","4":"has-post-thumbnail","6":"product_cat-kaitsekatete-tarvikud","8":"first","9":"instock","10":"shipping-taxable","11":"product-type-simple"},"yoast_head":"<!-- This site is optimized with the Yoast SEO plugin v26.4 - https:\/\/yoast.com\/wordpress\/plugins\/seo\/ -->\n<title>Apsaugini\u0173 dang\u0173 SUBTEX segtukas - Specagra<\/title>\n<meta name=\"robots\" content=\"index, follow, max-snippet:-1, max-image-preview:large, max-video-preview:-1\" \/>\n<link rel=\"canonical\" href=\"https:\/\/www.specagra.ee\/?product=apsauginiu-dangu-subtex-segtukas\" \/>\n<meta property=\"og:locale\" content=\"et_EE\" \/>\n<meta property=\"og:type\" content=\"article\" \/>\n<meta property=\"og:title\" content=\"Apsaugini\u0173 dang\u0173 SUBTEX segtukas - Specagra\" \/>\n<meta property=\"og:description\" content=\"B\u016btina \u012ftempti \u201eSUBTEX 140\u201c, kad b\u016bt\u0173 u\u017etikrintas vandens nutek\u0117jimas. CLACPACK\u00ae &#8211; tai veiksmingas ir tvarus sprendimas. Segtukas sudarytas i\u0161 kietos plastikin\u0117s dalies, prie kurios prispaud\u017eiama mink\u0161ta plastikin\u0117 dalis, apsaugo dang\u0105 nuo skyli\u0173. Kas metr\u0105 u\u017ed\u0117kite ne didesn\u012f kaip 8 kg CLACPACK segtuk\u0105 su svoriu, kad danga b\u016bt\u0173 nuolat \u012ftempta. Naudojimas: 1 clacpack segtukas skirtas iki [&hellip;]\" \/>\n<meta property=\"og:url\" content=\"https:\/\/www.specagra.ee\/?product=apsauginiu-dangu-subtex-segtukas\" \/>\n<meta property=\"og:site_name\" content=\"Specagra\" \/>\n<meta property=\"og:image\" content=\"https:\/\/www.specagra.ee\/wp-content\/uploads\/2024\/11\/Untitled-design-13.jpg\" \/>\n\t<meta property=\"og:image:width\" content=\"900\" \/>\n\t<meta property=\"og:image:height\" content=\"900\" \/>\n\t<meta property=\"og:image:type\" content=\"image\/jpeg\" \/>\n<meta name=\"twitter:card\" content=\"summary_large_image\" \/>\n<meta name=\"twitter:label1\" content=\"Est. reading time\" \/>\n\t<meta name=\"twitter:data1\" content=\"1 minut\" \/>\n<script type=\"application\/ld+json\" class=\"yoast-schema-graph\">{\"@context\":\"https:\/\/schema.org\",\"@graph\":[{\"@type\":\"WebPage\",\"@id\":\"https:\/\/www.specagra.ee\/?product=apsauginiu-dangu-subtex-segtukas\",\"url\":\"https:\/\/www.specagra.ee\/?product=apsauginiu-dangu-subtex-segtukas\",\"name\":\"Apsaugini\u0173 dang\u0173 SUBTEX segtukas - Specagra\",\"isPartOf\":{\"@id\":\"https:\/\/www.specagra.ee\/#website\"},\"primaryImageOfPage\":{\"@id\":\"https:\/\/www.specagra.ee\/?product=apsauginiu-dangu-subtex-segtukas#primaryimage\"},\"image\":{\"@id\":\"https:\/\/www.specagra.ee\/?product=apsauginiu-dangu-subtex-segtukas#primaryimage\"},\"thumbnailUrl\":\"https:\/\/www.specagra.ee\/wp-content\/uploads\/2024\/11\/Untitled-design-13.jpg\",\"datePublished\":\"2024-11-22T09:43:31+00:00\",\"breadcrumb\":{\"@id\":\"https:\/\/www.specagra.ee\/?product=apsauginiu-dangu-subtex-segtukas#breadcrumb\"},\"inLanguage\":\"et\",\"potentialAction\":[{\"@type\":\"ReadAction\",\"target\":[\"https:\/\/www.specagra.ee\/?product=apsauginiu-dangu-subtex-segtukas\"]}]},{\"@type\":\"ImageObject\",\"inLanguage\":\"et\",\"@id\":\"https:\/\/www.specagra.ee\/?product=apsauginiu-dangu-subtex-segtukas#primaryimage\",\"url\":\"https:\/\/www.specagra.ee\/wp-content\/uploads\/2024\/11\/Untitled-design-13.jpg\",\"contentUrl\":\"https:\/\/www.specagra.ee\/wp-content\/uploads\/2024\/11\/Untitled-design-13.jpg\",\"width\":900,\"height\":900},{\"@type\":\"BreadcrumbList\",\"@id\":\"https:\/\/www.specagra.ee\/?product=apsauginiu-dangu-subtex-segtukas#breadcrumb\",\"itemListElement\":[{\"@type\":\"ListItem\",\"position\":1,\"name\":\"Home\",\"item\":\"https:\/\/www.specagra.ee\/\"},{\"@type\":\"ListItem\",\"position\":2,\"name\":\"P\u00f5llumajandustehnika ja loomakasvatus\",\"item\":\"https:\/\/specagra.ee\/?page_id=18493\"},{\"@type\":\"ListItem\",\"position\":3,\"name\":\"Apsaugini\u0173 dang\u0173 SUBTEX segtukas\"}]},{\"@type\":\"WebSite\",\"@id\":\"https:\/\/www.specagra.ee\/#website\",\"url\":\"https:\/\/www.specagra.ee\/\",\"name\":\"Specagra\",\"description\":\"P\u00f5llumajandustehnika ja varuosad\",\"publisher\":{\"@id\":\"https:\/\/www.specagra.ee\/#organization\"},\"potentialAction\":[{\"@type\":\"SearchAction\",\"target\":{\"@type\":\"EntryPoint\",\"urlTemplate\":\"https:\/\/www.specagra.ee\/?s={search_term_string}\"},\"query-input\":{\"@type\":\"PropertyValueSpecification\",\"valueRequired\":true,\"valueName\":\"search_term_string\"}}],\"inLanguage\":\"et\"},{\"@type\":\"Organization\",\"@id\":\"https:\/\/www.specagra.ee\/#organization\",\"name\":\"UAB Specagra\",\"url\":\"https:\/\/www.specagra.ee\/\",\"logo\":{\"@type\":\"ImageObject\",\"inLanguage\":\"et\",\"@id\":\"https:\/\/www.specagra.ee\/#\/schema\/logo\/image\/\",\"url\":\"http:\/\/www.specagra.ee\/wp-content\/uploads\/2022\/02\/SP-logo_naujas-scaled.jpg\",\"contentUrl\":\"http:\/\/www.specagra.ee\/wp-content\/uploads\/2022\/02\/SP-logo_naujas-scaled.jpg\",\"width\":2560,\"height\":326,\"caption\":\"UAB Specagra\"},\"image\":{\"@id\":\"https:\/\/www.specagra.ee\/#\/schema\/logo\/image\/\"}}]}<\/script>\n<!-- \/ Yoast SEO plugin. -->","yoast_head_json":{"title":"Apsaugini\u0173 dang\u0173 SUBTEX segtukas - Specagra","robots":{"index":"index","follow":"follow","max-snippet":"max-snippet:-1","max-image-preview":"max-image-preview:large","max-video-preview":"max-video-preview:-1"},"canonical":"https:\/\/www.specagra.ee\/?product=apsauginiu-dangu-subtex-segtukas","og_locale":"et_EE","og_type":"article","og_title":"Apsaugini\u0173 dang\u0173 SUBTEX segtukas - Specagra","og_description":"B\u016btina \u012ftempti \u201eSUBTEX 140\u201c, kad b\u016bt\u0173 u\u017etikrintas vandens nutek\u0117jimas. CLACPACK\u00ae &#8211; tai veiksmingas ir tvarus sprendimas. Segtukas sudarytas i\u0161 kietos plastikin\u0117s dalies, prie kurios prispaud\u017eiama mink\u0161ta plastikin\u0117 dalis, apsaugo dang\u0105 nuo skyli\u0173. Kas metr\u0105 u\u017ed\u0117kite ne didesn\u012f kaip 8 kg CLACPACK segtuk\u0105 su svoriu, kad danga b\u016bt\u0173 nuolat \u012ftempta. Naudojimas: 1 clacpack segtukas skirtas iki [&hellip;]","og_url":"https:\/\/www.specagra.ee\/?product=apsauginiu-dangu-subtex-segtukas","og_site_name":"Specagra","og_image":[{"width":900,"height":900,"url":"https:\/\/www.specagra.ee\/wp-content\/uploads\/2024\/11\/Untitled-design-13.jpg","type":"image\/jpeg"}],"twitter_card":"summary_large_image","twitter_misc":{"Est. reading time":"1 minut"},"schema":{"@context":"https:\/\/schema.org","@graph":[{"@type":"WebPage","@id":"https:\/\/www.specagra.ee\/?product=apsauginiu-dangu-subtex-segtukas","url":"https:\/\/www.specagra.ee\/?product=apsauginiu-dangu-subtex-segtukas","name":"Apsaugini\u0173 dang\u0173 SUBTEX segtukas - Specagra","isPartOf":{"@id":"https:\/\/www.specagra.ee\/#website"},"primaryImageOfPage":{"@id":"https:\/\/www.specagra.ee\/?product=apsauginiu-dangu-subtex-segtukas#primaryimage"},"image":{"@id":"https:\/\/www.specagra.ee\/?product=apsauginiu-dangu-subtex-segtukas#primaryimage"},"thumbnailUrl":"https:\/\/www.specagra.ee\/wp-content\/uploads\/2024\/11\/Untitled-design-13.jpg","datePublished":"2024-11-22T09:43:31+00:00","breadcrumb":{"@id":"https:\/\/www.specagra.ee\/?product=apsauginiu-dangu-subtex-segtukas#breadcrumb"},"inLanguage":"et","potentialAction":[{"@type":"ReadAction","target":["https:\/\/www.specagra.ee\/?product=apsauginiu-dangu-subtex-segtukas"]}]},{"@type":"ImageObject","inLanguage":"et","@id":"https:\/\/www.specagra.ee\/?product=apsauginiu-dangu-subtex-segtukas#primaryimage","url":"https:\/\/www.specagra.ee\/wp-content\/uploads\/2024\/11\/Untitled-design-13.jpg","contentUrl":"https:\/\/www.specagra.ee\/wp-content\/uploads\/2024\/11\/Untitled-design-13.jpg","width":900,"height":900},{"@type":"BreadcrumbList","@id":"https:\/\/www.specagra.ee\/?product=apsauginiu-dangu-subtex-segtukas#breadcrumb","itemListElement":[{"@type":"ListItem","position":1,"name":"Home","item":"https:\/\/www.specagra.ee\/"},{"@type":"ListItem","position":2,"name":"P\u00f5llumajandustehnika ja loomakasvatus","item":"https:\/\/specagra.ee\/?page_id=18493"},{"@type":"ListItem","position":3,"name":"Apsaugini\u0173 dang\u0173 SUBTEX segtukas"}]},{"@type":"WebSite","@id":"https:\/\/www.specagra.ee\/#website","url":"https:\/\/www.specagra.ee\/","name":"Specagra","description":"P\u00f5llumajandustehnika ja varuosad","publisher":{"@id":"https:\/\/www.specagra.ee\/#organization"},"potentialAction":[{"@type":"SearchAction","target":{"@type":"EntryPoint","urlTemplate":"https:\/\/www.specagra.ee\/?s={search_term_string}"},"query-input":{"@type":"PropertyValueSpecification","valueRequired":true,"valueName":"search_term_string"}}],"inLanguage":"et"},{"@type":"Organization","@id":"https:\/\/www.specagra.ee\/#organization","name":"UAB Specagra","url":"https:\/\/www.specagra.ee\/","logo":{"@type":"ImageObject","inLanguage":"et","@id":"https:\/\/www.specagra.ee\/#\/schema\/logo\/image\/","url":"http:\/\/www.specagra.ee\/wp-content\/uploads\/2022\/02\/SP-logo_naujas-scaled.jpg","contentUrl":"http:\/\/www.specagra.ee\/wp-content\/uploads\/2022\/02\/SP-logo_naujas-scaled.jpg","width":2560,"height":326,"caption":"UAB Specagra"},"image":{"@id":"https:\/\/www.specagra.ee\/#\/schema\/logo\/image\/"}}]}},"_links":{"self":[{"href":"https:\/\/www.specagra.ee\/index.php?rest_route=\/wp\/v2\/product\/43300","targetHints":{"allow":["GET"]}}],"collection":[{"href":"https:\/\/www.specagra.ee\/index.php?rest_route=\/wp\/v2\/product"}],"about":[{"href":"https:\/\/www.specagra.ee\/index.php?rest_route=\/wp\/v2\/types\/product"}],"wp:featuredmedia":[{"embeddable":true,"href":"https:\/\/www.specagra.ee\/index.php?rest_route=\/wp\/v2\/media\/43286"}],"wp:attachment":[{"href":"https:\/\/www.specagra.ee\/index.php?rest_route=%2Fwp%2Fv2%2Fmedia&parent=43300"}],"wp:term":[{"taxonomy":"product_brand","embeddable":true,"href":"https:\/\/www.specagra.ee\/index.php?rest_route=%2Fwp%2Fv2%2Fproduct_brand&post=43300"},{"taxonomy":"product_cat","embeddable":true,"href":"https:\/\/www.specagra.ee\/index.php?rest_route=%2Fwp%2Fv2%2Fproduct_cat&post=43300"},{"taxonomy":"product_tag","embeddable":true,"href":"https:\/\/www.specagra.ee\/index.php?rest_route=%2Fwp%2Fv2%2Fproduct_tag&post=43300"}],"curies":[{"name":"wp","href":"https:\/\/api.w.org\/{rel}","templated":true}]}}