{"id":43023,"date":"2024-09-13T06:37:18","date_gmt":"2024-09-13T08:37:18","guid":{"rendered":"https:\/\/www.specagra.ee\/?post_type=product&#038;p=43023"},"modified":"2024-09-13T06:39:10","modified_gmt":"2024-09-13T08:39:10","slug":"apvali-avyciu-serykla","status":"publish","type":"product","link":"https:\/\/www.specagra.ee\/?product=apvali-avyciu-serykla","title":{"rendered":"Apvali avy\u010di\u0173 \u0161\u0117rykla"},"content":{"rendered":"<p>D\u0117l apvalios formos yra daug \u0161\u0117rimo viet\u0173. Galima reguliuoti ir u\u017etikrinti vienod\u0105 pa\u0161aro kiek\u012f kiekvienoje \u0161\u0117rimo vietoje. \u0160\u0117rykla labai stabili ir lengvai transportuojama, pripildyt\u0105 galima pakelti krautuvu ties vir\u0161utiniu \u017eiedu.<\/p>\n<p>Tinka kambinuotam pa\u0161arui ir gr\u016bdams.<\/p>\n<p>N\u0117ra pavojaus gyv\u016bliams susi\u017eeisti.<\/p>\n<p>Svoris 65,00 kg<br \/>\nAuk\u0161tis 1 m<\/p>\n<p>Talpa 340 l<\/p>\n<p>&nbsp;<\/p>\n<p><span class=\"fw-bold\">Ref. 372600<\/span><\/p>\n","protected":false},"excerpt":{"rendered":"<p>D\u0117l apvalios formos yra daug \u0161\u0117rimo viet\u0173. Galima reguliuoti ir u\u017etikrinti vienod\u0105 pa\u0161aro kiek\u012f kiekvienoje \u0161\u0117rimo vietoje. \u0160\u0117rykla labai stabili ir lengvai transportuojama, pripildyt\u0105 galima pakelti krautuvu ties vir\u0161utiniu \u017eiedu. Tinka kambinuotam pa\u0161arui ir gr\u016bdams. N\u0117ra pavojaus gyv\u016bliams susi\u017eeisti. Svoris 65,00 kg Auk\u0161tis 1 m Talpa 340 l &nbsp; Ref. 372600<\/p>\n","protected":false},"featured_media":43024,"template":"","meta":{"_et_pb_use_builder":"","_et_pb_old_content":"","_et_gb_content_width":""},"product_brand":[],"product_cat":[154],"product_tag":[],"class_list":{"0":"post-43023","1":"product","2":"type-product","3":"status-publish","4":"has-post-thumbnail","6":"product_cat-kontsentreeritud-sooda-sootjad","8":"first","9":"instock","10":"shipping-taxable","11":"product-type-simple"},"yoast_head":"<!-- This site is optimized with the Yoast SEO plugin v26.4 - https:\/\/yoast.com\/wordpress\/plugins\/seo\/ -->\n<title>Apvali avy\u010di\u0173 \u0161\u0117rykla - Specagra<\/title>\n<meta name=\"robots\" content=\"index, follow, max-snippet:-1, max-image-preview:large, max-video-preview:-1\" \/>\n<link rel=\"canonical\" href=\"https:\/\/www.specagra.ee\/?product=apvali-avyciu-serykla\" \/>\n<meta property=\"og:locale\" content=\"et_EE\" \/>\n<meta property=\"og:type\" content=\"article\" \/>\n<meta property=\"og:title\" content=\"Apvali avy\u010di\u0173 \u0161\u0117rykla - Specagra\" \/>\n<meta property=\"og:description\" content=\"D\u0117l apvalios formos yra daug \u0161\u0117rimo viet\u0173. Galima reguliuoti ir u\u017etikrinti vienod\u0105 pa\u0161aro kiek\u012f kiekvienoje \u0161\u0117rimo vietoje. \u0160\u0117rykla labai stabili ir lengvai transportuojama, pripildyt\u0105 galima pakelti krautuvu ties vir\u0161utiniu \u017eiedu. Tinka kambinuotam pa\u0161arui ir gr\u016bdams. N\u0117ra pavojaus gyv\u016bliams susi\u017eeisti. Svoris 65,00 kg Auk\u0161tis 1 m Talpa 340 l &nbsp; Ref. 372600\" \/>\n<meta property=\"og:url\" content=\"https:\/\/www.specagra.ee\/?product=apvali-avyciu-serykla\" \/>\n<meta property=\"og:site_name\" content=\"Specagra\" \/>\n<meta property=\"article:modified_time\" content=\"2024-09-13T08:39:10+00:00\" \/>\n<meta property=\"og:image\" content=\"https:\/\/specagra.ee\/wp-content\/uploads\/2024\/09\/Untitled-design-2.jpg\" \/>\n\t<meta property=\"og:image:width\" content=\"900\" \/>\n\t<meta property=\"og:image:height\" content=\"900\" \/>\n\t<meta property=\"og:image:type\" content=\"image\/jpeg\" \/>\n<meta name=\"twitter:card\" content=\"summary_large_image\" \/>\n<meta name=\"twitter:label1\" content=\"Est. reading time\" \/>\n\t<meta name=\"twitter:data1\" content=\"1 minut\" \/>\n<script type=\"application\/ld+json\" class=\"yoast-schema-graph\">{\"@context\":\"https:\/\/schema.org\",\"@graph\":[{\"@type\":\"WebPage\",\"@id\":\"https:\/\/www.specagra.ee\/?product=apvali-avyciu-serykla\",\"url\":\"https:\/\/www.specagra.ee\/?product=apvali-avyciu-serykla\",\"name\":\"Apvali avy\u010di\u0173 \u0161\u0117rykla - Specagra\",\"isPartOf\":{\"@id\":\"https:\/\/www.specagra.ee\/#website\"},\"primaryImageOfPage\":{\"@id\":\"https:\/\/www.specagra.ee\/?product=apvali-avyciu-serykla#primaryimage\"},\"image\":{\"@id\":\"https:\/\/www.specagra.ee\/?product=apvali-avyciu-serykla#primaryimage\"},\"thumbnailUrl\":\"https:\/\/www.specagra.ee\/wp-content\/uploads\/2024\/09\/Untitled-design-2.jpg\",\"datePublished\":\"2024-09-13T08:37:18+00:00\",\"dateModified\":\"2024-09-13T08:39:10+00:00\",\"breadcrumb\":{\"@id\":\"https:\/\/www.specagra.ee\/?product=apvali-avyciu-serykla#breadcrumb\"},\"inLanguage\":\"et\",\"potentialAction\":[{\"@type\":\"ReadAction\",\"target\":[\"https:\/\/www.specagra.ee\/?product=apvali-avyciu-serykla\"]}]},{\"@type\":\"ImageObject\",\"inLanguage\":\"et\",\"@id\":\"https:\/\/www.specagra.ee\/?product=apvali-avyciu-serykla#primaryimage\",\"url\":\"https:\/\/www.specagra.ee\/wp-content\/uploads\/2024\/09\/Untitled-design-2.jpg\",\"contentUrl\":\"https:\/\/www.specagra.ee\/wp-content\/uploads\/2024\/09\/Untitled-design-2.jpg\",\"width\":900,\"height\":900},{\"@type\":\"BreadcrumbList\",\"@id\":\"https:\/\/www.specagra.ee\/?product=apvali-avyciu-serykla#breadcrumb\",\"itemListElement\":[{\"@type\":\"ListItem\",\"position\":1,\"name\":\"Home\",\"item\":\"https:\/\/www.specagra.ee\/\"},{\"@type\":\"ListItem\",\"position\":2,\"name\":\"P\u00f5llumajandustehnika ja loomakasvatus\",\"item\":\"https:\/\/specagra.ee\/?page_id=18493\"},{\"@type\":\"ListItem\",\"position\":3,\"name\":\"Apvali avy\u010di\u0173 \u0161\u0117rykla\"}]},{\"@type\":\"WebSite\",\"@id\":\"https:\/\/www.specagra.ee\/#website\",\"url\":\"https:\/\/www.specagra.ee\/\",\"name\":\"Specagra\",\"description\":\"P\u00f5llumajandustehnika ja varuosad\",\"publisher\":{\"@id\":\"https:\/\/www.specagra.ee\/#organization\"},\"potentialAction\":[{\"@type\":\"SearchAction\",\"target\":{\"@type\":\"EntryPoint\",\"urlTemplate\":\"https:\/\/www.specagra.ee\/?s={search_term_string}\"},\"query-input\":{\"@type\":\"PropertyValueSpecification\",\"valueRequired\":true,\"valueName\":\"search_term_string\"}}],\"inLanguage\":\"et\"},{\"@type\":\"Organization\",\"@id\":\"https:\/\/www.specagra.ee\/#organization\",\"name\":\"UAB Specagra\",\"url\":\"https:\/\/www.specagra.ee\/\",\"logo\":{\"@type\":\"ImageObject\",\"inLanguage\":\"et\",\"@id\":\"https:\/\/www.specagra.ee\/#\/schema\/logo\/image\/\",\"url\":\"http:\/\/www.specagra.ee\/wp-content\/uploads\/2022\/02\/SP-logo_naujas-scaled.jpg\",\"contentUrl\":\"http:\/\/www.specagra.ee\/wp-content\/uploads\/2022\/02\/SP-logo_naujas-scaled.jpg\",\"width\":2560,\"height\":326,\"caption\":\"UAB Specagra\"},\"image\":{\"@id\":\"https:\/\/www.specagra.ee\/#\/schema\/logo\/image\/\"}}]}<\/script>\n<!-- \/ Yoast SEO plugin. -->","yoast_head_json":{"title":"Apvali avy\u010di\u0173 \u0161\u0117rykla - Specagra","robots":{"index":"index","follow":"follow","max-snippet":"max-snippet:-1","max-image-preview":"max-image-preview:large","max-video-preview":"max-video-preview:-1"},"canonical":"https:\/\/www.specagra.ee\/?product=apvali-avyciu-serykla","og_locale":"et_EE","og_type":"article","og_title":"Apvali avy\u010di\u0173 \u0161\u0117rykla - Specagra","og_description":"D\u0117l apvalios formos yra daug \u0161\u0117rimo viet\u0173. Galima reguliuoti ir u\u017etikrinti vienod\u0105 pa\u0161aro kiek\u012f kiekvienoje \u0161\u0117rimo vietoje. \u0160\u0117rykla labai stabili ir lengvai transportuojama, pripildyt\u0105 galima pakelti krautuvu ties vir\u0161utiniu \u017eiedu. Tinka kambinuotam pa\u0161arui ir gr\u016bdams. N\u0117ra pavojaus gyv\u016bliams susi\u017eeisti. Svoris 65,00 kg Auk\u0161tis 1 m Talpa 340 l &nbsp; Ref. 372600","og_url":"https:\/\/www.specagra.ee\/?product=apvali-avyciu-serykla","og_site_name":"Specagra","article_modified_time":"2024-09-13T08:39:10+00:00","og_image":[{"width":900,"height":900,"url":"https:\/\/specagra.ee\/wp-content\/uploads\/2024\/09\/Untitled-design-2.jpg","type":"image\/jpeg"}],"twitter_card":"summary_large_image","twitter_misc":{"Est. reading time":"1 minut"},"schema":{"@context":"https:\/\/schema.org","@graph":[{"@type":"WebPage","@id":"https:\/\/www.specagra.ee\/?product=apvali-avyciu-serykla","url":"https:\/\/www.specagra.ee\/?product=apvali-avyciu-serykla","name":"Apvali avy\u010di\u0173 \u0161\u0117rykla - Specagra","isPartOf":{"@id":"https:\/\/www.specagra.ee\/#website"},"primaryImageOfPage":{"@id":"https:\/\/www.specagra.ee\/?product=apvali-avyciu-serykla#primaryimage"},"image":{"@id":"https:\/\/www.specagra.ee\/?product=apvali-avyciu-serykla#primaryimage"},"thumbnailUrl":"https:\/\/www.specagra.ee\/wp-content\/uploads\/2024\/09\/Untitled-design-2.jpg","datePublished":"2024-09-13T08:37:18+00:00","dateModified":"2024-09-13T08:39:10+00:00","breadcrumb":{"@id":"https:\/\/www.specagra.ee\/?product=apvali-avyciu-serykla#breadcrumb"},"inLanguage":"et","potentialAction":[{"@type":"ReadAction","target":["https:\/\/www.specagra.ee\/?product=apvali-avyciu-serykla"]}]},{"@type":"ImageObject","inLanguage":"et","@id":"https:\/\/www.specagra.ee\/?product=apvali-avyciu-serykla#primaryimage","url":"https:\/\/www.specagra.ee\/wp-content\/uploads\/2024\/09\/Untitled-design-2.jpg","contentUrl":"https:\/\/www.specagra.ee\/wp-content\/uploads\/2024\/09\/Untitled-design-2.jpg","width":900,"height":900},{"@type":"BreadcrumbList","@id":"https:\/\/www.specagra.ee\/?product=apvali-avyciu-serykla#breadcrumb","itemListElement":[{"@type":"ListItem","position":1,"name":"Home","item":"https:\/\/www.specagra.ee\/"},{"@type":"ListItem","position":2,"name":"P\u00f5llumajandustehnika ja loomakasvatus","item":"https:\/\/specagra.ee\/?page_id=18493"},{"@type":"ListItem","position":3,"name":"Apvali avy\u010di\u0173 \u0161\u0117rykla"}]},{"@type":"WebSite","@id":"https:\/\/www.specagra.ee\/#website","url":"https:\/\/www.specagra.ee\/","name":"Specagra","description":"P\u00f5llumajandustehnika ja varuosad","publisher":{"@id":"https:\/\/www.specagra.ee\/#organization"},"potentialAction":[{"@type":"SearchAction","target":{"@type":"EntryPoint","urlTemplate":"https:\/\/www.specagra.ee\/?s={search_term_string}"},"query-input":{"@type":"PropertyValueSpecification","valueRequired":true,"valueName":"search_term_string"}}],"inLanguage":"et"},{"@type":"Organization","@id":"https:\/\/www.specagra.ee\/#organization","name":"UAB Specagra","url":"https:\/\/www.specagra.ee\/","logo":{"@type":"ImageObject","inLanguage":"et","@id":"https:\/\/www.specagra.ee\/#\/schema\/logo\/image\/","url":"http:\/\/www.specagra.ee\/wp-content\/uploads\/2022\/02\/SP-logo_naujas-scaled.jpg","contentUrl":"http:\/\/www.specagra.ee\/wp-content\/uploads\/2022\/02\/SP-logo_naujas-scaled.jpg","width":2560,"height":326,"caption":"UAB Specagra"},"image":{"@id":"https:\/\/www.specagra.ee\/#\/schema\/logo\/image\/"}}]}},"_links":{"self":[{"href":"https:\/\/www.specagra.ee\/index.php?rest_route=\/wp\/v2\/product\/43023","targetHints":{"allow":["GET"]}}],"collection":[{"href":"https:\/\/www.specagra.ee\/index.php?rest_route=\/wp\/v2\/product"}],"about":[{"href":"https:\/\/www.specagra.ee\/index.php?rest_route=\/wp\/v2\/types\/product"}],"wp:featuredmedia":[{"embeddable":true,"href":"https:\/\/www.specagra.ee\/index.php?rest_route=\/wp\/v2\/media\/43024"}],"wp:attachment":[{"href":"https:\/\/www.specagra.ee\/index.php?rest_route=%2Fwp%2Fv2%2Fmedia&parent=43023"}],"wp:term":[{"taxonomy":"product_brand","embeddable":true,"href":"https:\/\/www.specagra.ee\/index.php?rest_route=%2Fwp%2Fv2%2Fproduct_brand&post=43023"},{"taxonomy":"product_cat","embeddable":true,"href":"https:\/\/www.specagra.ee\/index.php?rest_route=%2Fwp%2Fv2%2Fproduct_cat&post=43023"},{"taxonomy":"product_tag","embeddable":true,"href":"https:\/\/www.specagra.ee\/index.php?rest_route=%2Fwp%2Fv2%2Fproduct_tag&post=43023"}],"curies":[{"name":"wp","href":"https:\/\/api.w.org\/{rel}","templated":true}]}}