{"id":41503,"date":"2024-07-12T04:43:57","date_gmt":"2024-07-12T06:43:57","guid":{"rendered":"https:\/\/www.specagra.ee\/?post_type=product&#038;p=41503"},"modified":"2024-07-12T04:43:57","modified_gmt":"2024-07-12T06:43:57","slug":"generatorius-an300","status":"publish","type":"product","link":"https:\/\/www.specagra.ee\/?product=generatorius-an300","title":{"rendered":"Generatorius AN300"},"content":{"rendered":"<p>Generatori\u0173 AN3000 galima vienu metu prijungti prie 230 V elektros tinklo ir 12 V akumuliatoriaus. Nutr\u016bkus elektros energijos tiekimui i\u0161 tinklo, nepertraukiamas veikimas u\u017etikrinamas naudojant akumuliatori\u0173. Pasirinktinai elektrin\u012f aptvar\u0105 taip pat galima valdyti naudojant saul\u0117s baterij\u0105.<\/p>\n<p>Trij\u0173 pakop\u0173 LED ekranas &#8220;Energy Control&#8221; leid\u017eia greitai patikrinti akumuliatoriaus \u012fkrovimo lyg\u012f, rodo elektrinio aptvaro \u012frenginio aktyvum\u0105, mirks\u0117damas kartu su impuls\u0173 i\u0161\u0117jimu.<\/p>\n<p>Pagaminta i\u0161 auk\u0161tos kokyb\u0117s plastiko ir yra atspar\u016bs UV spinduliams, dr\u0117gmei, sm\u016bgiams. Tai u\u017etikrina elektrin\u0117s tvoros generatoriaus ilgaam\u017ei\u0161kum\u0105.<\/p>\n","protected":false},"excerpt":{"rendered":"<p>Generatori\u0173 AN3000 galima vienu metu prijungti prie 230 V elektros tinklo ir 12 V akumuliatoriaus. Nutr\u016bkus elektros energijos tiekimui i\u0161 tinklo, nepertraukiamas veikimas u\u017etikrinamas naudojant akumuliatori\u0173. Pasirinktinai elektrin\u012f aptvar\u0105 taip pat galima valdyti naudojant saul\u0117s baterij\u0105. Trij\u0173 pakop\u0173 LED ekranas &#8220;Energy Control&#8221; leid\u017eia greitai patikrinti akumuliatoriaus \u012fkrovimo lyg\u012f, rodo elektrinio aptvaro \u012frenginio aktyvum\u0105, mirks\u0117damas kartu [&hellip;]<\/p>\n","protected":false},"featured_media":41504,"template":"","meta":{"_et_pb_use_builder":"","_et_pb_old_content":"","_et_gb_content_width":""},"product_brand":[],"product_cat":[175],"product_tag":[],"class_list":{"0":"post-41503","1":"product","2":"type-product","3":"status-publish","4":"has-post-thumbnail","6":"product_cat-12-230v","8":"first","9":"instock","10":"shipping-taxable","11":"product-type-simple"},"yoast_head":"<!-- This site is optimized with the Yoast SEO plugin v26.4 - https:\/\/yoast.com\/wordpress\/plugins\/seo\/ -->\n<title>Generatorius AN300 - Specagra<\/title>\n<meta name=\"robots\" content=\"index, follow, max-snippet:-1, max-image-preview:large, max-video-preview:-1\" \/>\n<link rel=\"canonical\" href=\"https:\/\/www.specagra.ee\/?product=generatorius-an300\" \/>\n<meta property=\"og:locale\" content=\"et_EE\" \/>\n<meta property=\"og:type\" content=\"article\" \/>\n<meta property=\"og:title\" content=\"Generatorius AN300 - Specagra\" \/>\n<meta property=\"og:description\" content=\"Generatori\u0173 AN3000 galima vienu metu prijungti prie 230 V elektros tinklo ir 12 V akumuliatoriaus. Nutr\u016bkus elektros energijos tiekimui i\u0161 tinklo, nepertraukiamas veikimas u\u017etikrinamas naudojant akumuliatori\u0173. Pasirinktinai elektrin\u012f aptvar\u0105 taip pat galima valdyti naudojant saul\u0117s baterij\u0105. Trij\u0173 pakop\u0173 LED ekranas &#8220;Energy Control&#8221; leid\u017eia greitai patikrinti akumuliatoriaus \u012fkrovimo lyg\u012f, rodo elektrinio aptvaro \u012frenginio aktyvum\u0105, mirks\u0117damas kartu [&hellip;]\" \/>\n<meta property=\"og:url\" content=\"https:\/\/www.specagra.ee\/?product=generatorius-an300\" \/>\n<meta property=\"og:site_name\" content=\"Specagra\" \/>\n<meta property=\"og:image\" content=\"https:\/\/www.specagra.ee\/wp-content\/uploads\/2024\/07\/1-1.webp\" \/>\n\t<meta property=\"og:image:width\" content=\"385\" \/>\n\t<meta property=\"og:image:height\" content=\"385\" \/>\n\t<meta property=\"og:image:type\" content=\"image\/webp\" \/>\n<meta name=\"twitter:card\" content=\"summary_large_image\" \/>\n<meta name=\"twitter:label1\" content=\"Est. reading time\" \/>\n\t<meta name=\"twitter:data1\" content=\"1 minut\" \/>\n<script type=\"application\/ld+json\" class=\"yoast-schema-graph\">{\"@context\":\"https:\/\/schema.org\",\"@graph\":[{\"@type\":\"WebPage\",\"@id\":\"https:\/\/www.specagra.ee\/?product=generatorius-an300\",\"url\":\"https:\/\/www.specagra.ee\/?product=generatorius-an300\",\"name\":\"Generatorius AN300 - Specagra\",\"isPartOf\":{\"@id\":\"https:\/\/www.specagra.ee\/#website\"},\"primaryImageOfPage\":{\"@id\":\"https:\/\/www.specagra.ee\/?product=generatorius-an300#primaryimage\"},\"image\":{\"@id\":\"https:\/\/www.specagra.ee\/?product=generatorius-an300#primaryimage\"},\"thumbnailUrl\":\"https:\/\/www.specagra.ee\/wp-content\/uploads\/2024\/07\/1-1.webp\",\"datePublished\":\"2024-07-12T06:43:57+00:00\",\"breadcrumb\":{\"@id\":\"https:\/\/www.specagra.ee\/?product=generatorius-an300#breadcrumb\"},\"inLanguage\":\"et\",\"potentialAction\":[{\"@type\":\"ReadAction\",\"target\":[\"https:\/\/www.specagra.ee\/?product=generatorius-an300\"]}]},{\"@type\":\"ImageObject\",\"inLanguage\":\"et\",\"@id\":\"https:\/\/www.specagra.ee\/?product=generatorius-an300#primaryimage\",\"url\":\"https:\/\/www.specagra.ee\/wp-content\/uploads\/2024\/07\/1-1.webp\",\"contentUrl\":\"https:\/\/www.specagra.ee\/wp-content\/uploads\/2024\/07\/1-1.webp\",\"width\":385,\"height\":385},{\"@type\":\"BreadcrumbList\",\"@id\":\"https:\/\/www.specagra.ee\/?product=generatorius-an300#breadcrumb\",\"itemListElement\":[{\"@type\":\"ListItem\",\"position\":1,\"name\":\"Home\",\"item\":\"https:\/\/www.specagra.ee\/\"},{\"@type\":\"ListItem\",\"position\":2,\"name\":\"P\u00f5llumajandustehnika ja loomakasvatus\",\"item\":\"https:\/\/specagra.ee\/?page_id=18493\"},{\"@type\":\"ListItem\",\"position\":3,\"name\":\"Generatorius AN300\"}]},{\"@type\":\"WebSite\",\"@id\":\"https:\/\/www.specagra.ee\/#website\",\"url\":\"https:\/\/www.specagra.ee\/\",\"name\":\"Specagra\",\"description\":\"P\u00f5llumajandustehnika ja varuosad\",\"publisher\":{\"@id\":\"https:\/\/www.specagra.ee\/#organization\"},\"potentialAction\":[{\"@type\":\"SearchAction\",\"target\":{\"@type\":\"EntryPoint\",\"urlTemplate\":\"https:\/\/www.specagra.ee\/?s={search_term_string}\"},\"query-input\":{\"@type\":\"PropertyValueSpecification\",\"valueRequired\":true,\"valueName\":\"search_term_string\"}}],\"inLanguage\":\"et\"},{\"@type\":\"Organization\",\"@id\":\"https:\/\/www.specagra.ee\/#organization\",\"name\":\"UAB Specagra\",\"url\":\"https:\/\/www.specagra.ee\/\",\"logo\":{\"@type\":\"ImageObject\",\"inLanguage\":\"et\",\"@id\":\"https:\/\/www.specagra.ee\/#\/schema\/logo\/image\/\",\"url\":\"http:\/\/www.specagra.ee\/wp-content\/uploads\/2022\/02\/SP-logo_naujas-scaled.jpg\",\"contentUrl\":\"http:\/\/www.specagra.ee\/wp-content\/uploads\/2022\/02\/SP-logo_naujas-scaled.jpg\",\"width\":2560,\"height\":326,\"caption\":\"UAB Specagra\"},\"image\":{\"@id\":\"https:\/\/www.specagra.ee\/#\/schema\/logo\/image\/\"}}]}<\/script>\n<!-- \/ Yoast SEO plugin. -->","yoast_head_json":{"title":"Generatorius AN300 - Specagra","robots":{"index":"index","follow":"follow","max-snippet":"max-snippet:-1","max-image-preview":"max-image-preview:large","max-video-preview":"max-video-preview:-1"},"canonical":"https:\/\/www.specagra.ee\/?product=generatorius-an300","og_locale":"et_EE","og_type":"article","og_title":"Generatorius AN300 - Specagra","og_description":"Generatori\u0173 AN3000 galima vienu metu prijungti prie 230 V elektros tinklo ir 12 V akumuliatoriaus. Nutr\u016bkus elektros energijos tiekimui i\u0161 tinklo, nepertraukiamas veikimas u\u017etikrinamas naudojant akumuliatori\u0173. Pasirinktinai elektrin\u012f aptvar\u0105 taip pat galima valdyti naudojant saul\u0117s baterij\u0105. Trij\u0173 pakop\u0173 LED ekranas &#8220;Energy Control&#8221; leid\u017eia greitai patikrinti akumuliatoriaus \u012fkrovimo lyg\u012f, rodo elektrinio aptvaro \u012frenginio aktyvum\u0105, mirks\u0117damas kartu [&hellip;]","og_url":"https:\/\/www.specagra.ee\/?product=generatorius-an300","og_site_name":"Specagra","og_image":[{"width":385,"height":385,"url":"https:\/\/www.specagra.ee\/wp-content\/uploads\/2024\/07\/1-1.webp","type":"image\/webp"}],"twitter_card":"summary_large_image","twitter_misc":{"Est. reading time":"1 minut"},"schema":{"@context":"https:\/\/schema.org","@graph":[{"@type":"WebPage","@id":"https:\/\/www.specagra.ee\/?product=generatorius-an300","url":"https:\/\/www.specagra.ee\/?product=generatorius-an300","name":"Generatorius AN300 - Specagra","isPartOf":{"@id":"https:\/\/www.specagra.ee\/#website"},"primaryImageOfPage":{"@id":"https:\/\/www.specagra.ee\/?product=generatorius-an300#primaryimage"},"image":{"@id":"https:\/\/www.specagra.ee\/?product=generatorius-an300#primaryimage"},"thumbnailUrl":"https:\/\/www.specagra.ee\/wp-content\/uploads\/2024\/07\/1-1.webp","datePublished":"2024-07-12T06:43:57+00:00","breadcrumb":{"@id":"https:\/\/www.specagra.ee\/?product=generatorius-an300#breadcrumb"},"inLanguage":"et","potentialAction":[{"@type":"ReadAction","target":["https:\/\/www.specagra.ee\/?product=generatorius-an300"]}]},{"@type":"ImageObject","inLanguage":"et","@id":"https:\/\/www.specagra.ee\/?product=generatorius-an300#primaryimage","url":"https:\/\/www.specagra.ee\/wp-content\/uploads\/2024\/07\/1-1.webp","contentUrl":"https:\/\/www.specagra.ee\/wp-content\/uploads\/2024\/07\/1-1.webp","width":385,"height":385},{"@type":"BreadcrumbList","@id":"https:\/\/www.specagra.ee\/?product=generatorius-an300#breadcrumb","itemListElement":[{"@type":"ListItem","position":1,"name":"Home","item":"https:\/\/www.specagra.ee\/"},{"@type":"ListItem","position":2,"name":"P\u00f5llumajandustehnika ja loomakasvatus","item":"https:\/\/specagra.ee\/?page_id=18493"},{"@type":"ListItem","position":3,"name":"Generatorius AN300"}]},{"@type":"WebSite","@id":"https:\/\/www.specagra.ee\/#website","url":"https:\/\/www.specagra.ee\/","name":"Specagra","description":"P\u00f5llumajandustehnika ja varuosad","publisher":{"@id":"https:\/\/www.specagra.ee\/#organization"},"potentialAction":[{"@type":"SearchAction","target":{"@type":"EntryPoint","urlTemplate":"https:\/\/www.specagra.ee\/?s={search_term_string}"},"query-input":{"@type":"PropertyValueSpecification","valueRequired":true,"valueName":"search_term_string"}}],"inLanguage":"et"},{"@type":"Organization","@id":"https:\/\/www.specagra.ee\/#organization","name":"UAB Specagra","url":"https:\/\/www.specagra.ee\/","logo":{"@type":"ImageObject","inLanguage":"et","@id":"https:\/\/www.specagra.ee\/#\/schema\/logo\/image\/","url":"http:\/\/www.specagra.ee\/wp-content\/uploads\/2022\/02\/SP-logo_naujas-scaled.jpg","contentUrl":"http:\/\/www.specagra.ee\/wp-content\/uploads\/2022\/02\/SP-logo_naujas-scaled.jpg","width":2560,"height":326,"caption":"UAB Specagra"},"image":{"@id":"https:\/\/www.specagra.ee\/#\/schema\/logo\/image\/"}}]}},"_links":{"self":[{"href":"https:\/\/www.specagra.ee\/index.php?rest_route=\/wp\/v2\/product\/41503","targetHints":{"allow":["GET"]}}],"collection":[{"href":"https:\/\/www.specagra.ee\/index.php?rest_route=\/wp\/v2\/product"}],"about":[{"href":"https:\/\/www.specagra.ee\/index.php?rest_route=\/wp\/v2\/types\/product"}],"wp:featuredmedia":[{"embeddable":true,"href":"https:\/\/www.specagra.ee\/index.php?rest_route=\/wp\/v2\/media\/41504"}],"wp:attachment":[{"href":"https:\/\/www.specagra.ee\/index.php?rest_route=%2Fwp%2Fv2%2Fmedia&parent=41503"}],"wp:term":[{"taxonomy":"product_brand","embeddable":true,"href":"https:\/\/www.specagra.ee\/index.php?rest_route=%2Fwp%2Fv2%2Fproduct_brand&post=41503"},{"taxonomy":"product_cat","embeddable":true,"href":"https:\/\/www.specagra.ee\/index.php?rest_route=%2Fwp%2Fv2%2Fproduct_cat&post=41503"},{"taxonomy":"product_tag","embeddable":true,"href":"https:\/\/www.specagra.ee\/index.php?rest_route=%2Fwp%2Fv2%2Fproduct_tag&post=41503"}],"curies":[{"name":"wp","href":"https:\/\/api.w.org\/{rel}","templated":true}]}}