{"id":41463,"date":"2024-06-27T10:37:59","date_gmt":"2024-06-27T12:37:59","guid":{"rendered":"https:\/\/www.specagra.ee\/?post_type=product&#038;p=41463"},"modified":"2024-06-28T11:37:37","modified_gmt":"2024-06-28T13:37:37","slug":"misko-priekaba-su-manipuliatoriumi-mtm-7100-10t-fd-70","status":"publish","type":"product","link":"https:\/\/www.specagra.ee\/?product=misko-priekaba-su-manipuliatoriumi-mtm-7100-10t-fd-70","title":{"rendered":"Mi\u0161ko priekaba su manipuliatoriumi MTM 7100 10T FD 70"},"content":{"rendered":"<p>Mi\u0161ko priekabos MTM 7100 turi 7,1 metro ilgio,kran\u0105, suteikiant\u012f didel\u012f pasiekiamum\u0105. K\u0117limo galios savyb\u0117s yra \u012fsp\u016bdingos \u2013 65 kNm bendrojo sukimo momento k\u0117limas, leid\u017eiantis kelti iki 1260 kg 4 metr\u0173 auk\u0161tyje be griebtuvo ir rotatoriaus bei 650 kg visu pasiekiamumu. Kranas yra apr\u016bpintas 15,5 kNm sukimo momentu ir turi keturis sukamuosius cilindrus. Teleskopo ilgis siekia 1,8 metro, o darbinis sl\u0117gis yra 190 bar\u0173.<\/p>\n<p><img loading=\"lazy\" decoding=\"async\" class=\"alignnone wp-image-41476 size-full\" src=\"http:\/\/www.specagra.ee\/wp-content\/uploads\/2024\/06\/MTM-7100-kelimo-diagrama-e1719581845226.jpg\" alt=\"\" width=\"1144\" height=\"462\" srcset=\"https:\/\/www.specagra.ee\/wp-content\/uploads\/2024\/06\/MTM-7100-kelimo-diagrama-e1719581845226.jpg 1144w, https:\/\/www.specagra.ee\/wp-content\/uploads\/2024\/06\/MTM-7100-kelimo-diagrama-e1719581845226-300x121.jpg 300w, https:\/\/www.specagra.ee\/wp-content\/uploads\/2024\/06\/MTM-7100-kelimo-diagrama-e1719581845226-1024x414.jpg 1024w, https:\/\/www.specagra.ee\/wp-content\/uploads\/2024\/06\/MTM-7100-kelimo-diagrama-e1719581845226-768x310.jpg 768w, https:\/\/www.specagra.ee\/wp-content\/uploads\/2024\/06\/MTM-7100-kelimo-diagrama-e1719581845226-1080x436.jpg 1080w, https:\/\/www.specagra.ee\/wp-content\/uploads\/2024\/06\/MTM-7100-kelimo-diagrama-e1719581845226-100x40.jpg 100w, https:\/\/www.specagra.ee\/wp-content\/uploads\/2024\/06\/MTM-7100-kelimo-diagrama-e1719581845226-600x242.jpg 600w\" sizes=\"(max-width: 1144px) 100vw, 1144px\" \/><\/p>\n","protected":false},"excerpt":{"rendered":"<p>Mi\u0161ko priekabos MTM 7100 turi 7,1 metro ilgio,kran\u0105\u00a0 pasi\u017eymi 65 kNm bendrojo sukimo momento k\u0117limo gali\u0105 ir gali kelti iki 1260 kg be griebtuvo ir rotatoriaus 4 metr\u0173 auk\u0161tyje.<\/p>\n<h3><\/h3>\n","protected":false},"featured_media":41464,"template":"","meta":{"_et_pb_use_builder":"","_et_pb_old_content":"","_et_gb_content_width":""},"product_brand":[],"product_cat":[95],"product_tag":[],"class_list":{"0":"post-41463","1":"product","2":"type-product","3":"status-publish","4":"has-post-thumbnail","6":"product_cat-traktorikarud-ja-poolhaagised","8":"first","9":"instock","10":"shipping-taxable","11":"product-type-simple"},"yoast_head":"<!-- This site is optimized with the Yoast SEO plugin v26.4 - https:\/\/yoast.com\/wordpress\/plugins\/seo\/ -->\n<title>Mi\u0161ko priekaba su manipuliatoriumi MTM 7100 10T FD 70 - Specagra<\/title>\n<meta name=\"robots\" content=\"index, follow, max-snippet:-1, max-image-preview:large, max-video-preview:-1\" \/>\n<link rel=\"canonical\" href=\"https:\/\/www.specagra.ee\/?product=misko-priekaba-su-manipuliatoriumi-mtm-7100-10t-fd-70\" \/>\n<meta property=\"og:locale\" content=\"et_EE\" \/>\n<meta property=\"og:type\" content=\"article\" \/>\n<meta property=\"og:title\" content=\"Mi\u0161ko priekaba su manipuliatoriumi MTM 7100 10T FD 70 - Specagra\" \/>\n<meta property=\"og:description\" content=\"Mi\u0161ko priekabos MTM 7100 turi 7,1 metro ilgio,kran\u0105\u00a0 pasi\u017eymi 65 kNm bendrojo sukimo momento k\u0117limo gali\u0105 ir gali kelti iki 1260 kg be griebtuvo ir rotatoriaus 4 metr\u0173 auk\u0161tyje.\" \/>\n<meta property=\"og:url\" content=\"https:\/\/www.specagra.ee\/?product=misko-priekaba-su-manipuliatoriumi-mtm-7100-10t-fd-70\" \/>\n<meta property=\"og:site_name\" content=\"Specagra\" \/>\n<meta property=\"article:modified_time\" content=\"2024-06-28T13:37:37+00:00\" \/>\n<meta property=\"og:image\" content=\"https:\/\/specagra.ee\/wp-content\/uploads\/2024\/06\/Misko-priekaba-su-manipuliatoriumi-MTM-10T-FD-70-pagrindine.jpg\" \/>\n\t<meta property=\"og:image:width\" content=\"896\" \/>\n\t<meta property=\"og:image:height\" content=\"503\" \/>\n\t<meta property=\"og:image:type\" content=\"image\/jpeg\" \/>\n<meta name=\"twitter:card\" content=\"summary_large_image\" \/>\n<meta name=\"twitter:label1\" content=\"Est. reading time\" \/>\n\t<meta name=\"twitter:data1\" content=\"1 minut\" \/>\n<script type=\"application\/ld+json\" class=\"yoast-schema-graph\">{\"@context\":\"https:\/\/schema.org\",\"@graph\":[{\"@type\":\"WebPage\",\"@id\":\"https:\/\/www.specagra.ee\/?product=misko-priekaba-su-manipuliatoriumi-mtm-7100-10t-fd-70\",\"url\":\"https:\/\/www.specagra.ee\/?product=misko-priekaba-su-manipuliatoriumi-mtm-7100-10t-fd-70\",\"name\":\"Mi\u0161ko priekaba su manipuliatoriumi MTM 7100 10T FD 70 - Specagra\",\"isPartOf\":{\"@id\":\"https:\/\/www.specagra.ee\/#website\"},\"primaryImageOfPage\":{\"@id\":\"https:\/\/www.specagra.ee\/?product=misko-priekaba-su-manipuliatoriumi-mtm-7100-10t-fd-70#primaryimage\"},\"image\":{\"@id\":\"https:\/\/www.specagra.ee\/?product=misko-priekaba-su-manipuliatoriumi-mtm-7100-10t-fd-70#primaryimage\"},\"thumbnailUrl\":\"https:\/\/www.specagra.ee\/wp-content\/uploads\/2024\/06\/Misko-priekaba-su-manipuliatoriumi-MTM-10T-FD-70-pagrindine.jpg\",\"datePublished\":\"2024-06-27T12:37:59+00:00\",\"dateModified\":\"2024-06-28T13:37:37+00:00\",\"breadcrumb\":{\"@id\":\"https:\/\/www.specagra.ee\/?product=misko-priekaba-su-manipuliatoriumi-mtm-7100-10t-fd-70#breadcrumb\"},\"inLanguage\":\"et\",\"potentialAction\":[{\"@type\":\"ReadAction\",\"target\":[\"https:\/\/www.specagra.ee\/?product=misko-priekaba-su-manipuliatoriumi-mtm-7100-10t-fd-70\"]}]},{\"@type\":\"ImageObject\",\"inLanguage\":\"et\",\"@id\":\"https:\/\/www.specagra.ee\/?product=misko-priekaba-su-manipuliatoriumi-mtm-7100-10t-fd-70#primaryimage\",\"url\":\"https:\/\/www.specagra.ee\/wp-content\/uploads\/2024\/06\/Misko-priekaba-su-manipuliatoriumi-MTM-10T-FD-70-pagrindine.jpg\",\"contentUrl\":\"https:\/\/www.specagra.ee\/wp-content\/uploads\/2024\/06\/Misko-priekaba-su-manipuliatoriumi-MTM-10T-FD-70-pagrindine.jpg\",\"width\":896,\"height\":503},{\"@type\":\"BreadcrumbList\",\"@id\":\"https:\/\/www.specagra.ee\/?product=misko-priekaba-su-manipuliatoriumi-mtm-7100-10t-fd-70#breadcrumb\",\"itemListElement\":[{\"@type\":\"ListItem\",\"position\":1,\"name\":\"Home\",\"item\":\"https:\/\/www.specagra.ee\/\"},{\"@type\":\"ListItem\",\"position\":2,\"name\":\"P\u00f5llumajandustehnika ja loomakasvatus\",\"item\":\"https:\/\/specagra.ee\/?page_id=18493\"},{\"@type\":\"ListItem\",\"position\":3,\"name\":\"Mi\u0161ko priekaba su manipuliatoriumi MTM 7100 10T FD 70\"}]},{\"@type\":\"WebSite\",\"@id\":\"https:\/\/www.specagra.ee\/#website\",\"url\":\"https:\/\/www.specagra.ee\/\",\"name\":\"Specagra\",\"description\":\"P\u00f5llumajandustehnika ja varuosad\",\"publisher\":{\"@id\":\"https:\/\/www.specagra.ee\/#organization\"},\"potentialAction\":[{\"@type\":\"SearchAction\",\"target\":{\"@type\":\"EntryPoint\",\"urlTemplate\":\"https:\/\/www.specagra.ee\/?s={search_term_string}\"},\"query-input\":{\"@type\":\"PropertyValueSpecification\",\"valueRequired\":true,\"valueName\":\"search_term_string\"}}],\"inLanguage\":\"et\"},{\"@type\":\"Organization\",\"@id\":\"https:\/\/www.specagra.ee\/#organization\",\"name\":\"UAB Specagra\",\"url\":\"https:\/\/www.specagra.ee\/\",\"logo\":{\"@type\":\"ImageObject\",\"inLanguage\":\"et\",\"@id\":\"https:\/\/www.specagra.ee\/#\/schema\/logo\/image\/\",\"url\":\"http:\/\/www.specagra.ee\/wp-content\/uploads\/2022\/02\/SP-logo_naujas-scaled.jpg\",\"contentUrl\":\"http:\/\/www.specagra.ee\/wp-content\/uploads\/2022\/02\/SP-logo_naujas-scaled.jpg\",\"width\":2560,\"height\":326,\"caption\":\"UAB Specagra\"},\"image\":{\"@id\":\"https:\/\/www.specagra.ee\/#\/schema\/logo\/image\/\"}}]}<\/script>\n<!-- \/ Yoast SEO plugin. -->","yoast_head_json":{"title":"Mi\u0161ko priekaba su manipuliatoriumi MTM 7100 10T FD 70 - Specagra","robots":{"index":"index","follow":"follow","max-snippet":"max-snippet:-1","max-image-preview":"max-image-preview:large","max-video-preview":"max-video-preview:-1"},"canonical":"https:\/\/www.specagra.ee\/?product=misko-priekaba-su-manipuliatoriumi-mtm-7100-10t-fd-70","og_locale":"et_EE","og_type":"article","og_title":"Mi\u0161ko priekaba su manipuliatoriumi MTM 7100 10T FD 70 - Specagra","og_description":"Mi\u0161ko priekabos MTM 7100 turi 7,1 metro ilgio,kran\u0105\u00a0 pasi\u017eymi 65 kNm bendrojo sukimo momento k\u0117limo gali\u0105 ir gali kelti iki 1260 kg be griebtuvo ir rotatoriaus 4 metr\u0173 auk\u0161tyje.","og_url":"https:\/\/www.specagra.ee\/?product=misko-priekaba-su-manipuliatoriumi-mtm-7100-10t-fd-70","og_site_name":"Specagra","article_modified_time":"2024-06-28T13:37:37+00:00","og_image":[{"width":896,"height":503,"url":"https:\/\/specagra.ee\/wp-content\/uploads\/2024\/06\/Misko-priekaba-su-manipuliatoriumi-MTM-10T-FD-70-pagrindine.jpg","type":"image\/jpeg"}],"twitter_card":"summary_large_image","twitter_misc":{"Est. reading time":"1 minut"},"schema":{"@context":"https:\/\/schema.org","@graph":[{"@type":"WebPage","@id":"https:\/\/www.specagra.ee\/?product=misko-priekaba-su-manipuliatoriumi-mtm-7100-10t-fd-70","url":"https:\/\/www.specagra.ee\/?product=misko-priekaba-su-manipuliatoriumi-mtm-7100-10t-fd-70","name":"Mi\u0161ko priekaba su manipuliatoriumi MTM 7100 10T FD 70 - Specagra","isPartOf":{"@id":"https:\/\/www.specagra.ee\/#website"},"primaryImageOfPage":{"@id":"https:\/\/www.specagra.ee\/?product=misko-priekaba-su-manipuliatoriumi-mtm-7100-10t-fd-70#primaryimage"},"image":{"@id":"https:\/\/www.specagra.ee\/?product=misko-priekaba-su-manipuliatoriumi-mtm-7100-10t-fd-70#primaryimage"},"thumbnailUrl":"https:\/\/www.specagra.ee\/wp-content\/uploads\/2024\/06\/Misko-priekaba-su-manipuliatoriumi-MTM-10T-FD-70-pagrindine.jpg","datePublished":"2024-06-27T12:37:59+00:00","dateModified":"2024-06-28T13:37:37+00:00","breadcrumb":{"@id":"https:\/\/www.specagra.ee\/?product=misko-priekaba-su-manipuliatoriumi-mtm-7100-10t-fd-70#breadcrumb"},"inLanguage":"et","potentialAction":[{"@type":"ReadAction","target":["https:\/\/www.specagra.ee\/?product=misko-priekaba-su-manipuliatoriumi-mtm-7100-10t-fd-70"]}]},{"@type":"ImageObject","inLanguage":"et","@id":"https:\/\/www.specagra.ee\/?product=misko-priekaba-su-manipuliatoriumi-mtm-7100-10t-fd-70#primaryimage","url":"https:\/\/www.specagra.ee\/wp-content\/uploads\/2024\/06\/Misko-priekaba-su-manipuliatoriumi-MTM-10T-FD-70-pagrindine.jpg","contentUrl":"https:\/\/www.specagra.ee\/wp-content\/uploads\/2024\/06\/Misko-priekaba-su-manipuliatoriumi-MTM-10T-FD-70-pagrindine.jpg","width":896,"height":503},{"@type":"BreadcrumbList","@id":"https:\/\/www.specagra.ee\/?product=misko-priekaba-su-manipuliatoriumi-mtm-7100-10t-fd-70#breadcrumb","itemListElement":[{"@type":"ListItem","position":1,"name":"Home","item":"https:\/\/www.specagra.ee\/"},{"@type":"ListItem","position":2,"name":"P\u00f5llumajandustehnika ja loomakasvatus","item":"https:\/\/specagra.ee\/?page_id=18493"},{"@type":"ListItem","position":3,"name":"Mi\u0161ko priekaba su manipuliatoriumi MTM 7100 10T FD 70"}]},{"@type":"WebSite","@id":"https:\/\/www.specagra.ee\/#website","url":"https:\/\/www.specagra.ee\/","name":"Specagra","description":"P\u00f5llumajandustehnika ja varuosad","publisher":{"@id":"https:\/\/www.specagra.ee\/#organization"},"potentialAction":[{"@type":"SearchAction","target":{"@type":"EntryPoint","urlTemplate":"https:\/\/www.specagra.ee\/?s={search_term_string}"},"query-input":{"@type":"PropertyValueSpecification","valueRequired":true,"valueName":"search_term_string"}}],"inLanguage":"et"},{"@type":"Organization","@id":"https:\/\/www.specagra.ee\/#organization","name":"UAB Specagra","url":"https:\/\/www.specagra.ee\/","logo":{"@type":"ImageObject","inLanguage":"et","@id":"https:\/\/www.specagra.ee\/#\/schema\/logo\/image\/","url":"http:\/\/www.specagra.ee\/wp-content\/uploads\/2022\/02\/SP-logo_naujas-scaled.jpg","contentUrl":"http:\/\/www.specagra.ee\/wp-content\/uploads\/2022\/02\/SP-logo_naujas-scaled.jpg","width":2560,"height":326,"caption":"UAB Specagra"},"image":{"@id":"https:\/\/www.specagra.ee\/#\/schema\/logo\/image\/"}}]}},"_links":{"self":[{"href":"https:\/\/www.specagra.ee\/index.php?rest_route=\/wp\/v2\/product\/41463","targetHints":{"allow":["GET"]}}],"collection":[{"href":"https:\/\/www.specagra.ee\/index.php?rest_route=\/wp\/v2\/product"}],"about":[{"href":"https:\/\/www.specagra.ee\/index.php?rest_route=\/wp\/v2\/types\/product"}],"wp:featuredmedia":[{"embeddable":true,"href":"https:\/\/www.specagra.ee\/index.php?rest_route=\/wp\/v2\/media\/41464"}],"wp:attachment":[{"href":"https:\/\/www.specagra.ee\/index.php?rest_route=%2Fwp%2Fv2%2Fmedia&parent=41463"}],"wp:term":[{"taxonomy":"product_brand","embeddable":true,"href":"https:\/\/www.specagra.ee\/index.php?rest_route=%2Fwp%2Fv2%2Fproduct_brand&post=41463"},{"taxonomy":"product_cat","embeddable":true,"href":"https:\/\/www.specagra.ee\/index.php?rest_route=%2Fwp%2Fv2%2Fproduct_cat&post=41463"},{"taxonomy":"product_tag","embeddable":true,"href":"https:\/\/www.specagra.ee\/index.php?rest_route=%2Fwp%2Fv2%2Fproduct_tag&post=41463"}],"curies":[{"name":"wp","href":"https:\/\/api.w.org\/{rel}","templated":true}]}}