{"id":41381,"date":"2024-06-10T05:13:55","date_gmt":"2024-06-10T07:13:55","guid":{"rendered":"https:\/\/www.specagra.ee\/?post_type=product&#038;p=41381"},"modified":"2024-11-29T05:34:10","modified_gmt":"2024-11-29T07:34:10","slug":"smelio-maisai-sutvirtinti","status":"publish","type":"product","link":"https:\/\/www.specagra.ee\/?product=smelio-maisai-sutvirtinti","title":{"rendered":"Sm\u0117lio mai\u0161ai sutvirtinti"},"content":{"rendered":"<ul>\n<li>3 rankenos<\/li>\n<li>U\u017eri\u0161imo virv\u0117<\/li>\n<li>U\u017epildymo riba<\/li>\n<li>Sustiprinta apsauga nuo UV spinduli\u0173<\/li>\n<li>Sustiprintas audinys<\/li>\n<li>Did\u017eiausias audinio svoris<\/li>\n<\/ul>\n<p>&nbsp;<\/p>\n<p>Galimi dyd\u017eiai:<\/p>\n<p>27 x 70 cm\u00a0 \/\u00a0 27 x 100 cm\u00a0 \/\u00a0 27 x 120 cm<\/p>\n<p>&nbsp;<\/p>\n","protected":false},"excerpt":{"rendered":"<p>3 rankenos U\u017eri\u0161imo virv\u0117 U\u017epildymo riba Sustiprinta apsauga nuo UV spinduli\u0173 Sustiprintas audinys Did\u017eiausias audinio svoris &nbsp; Galimi dyd\u017eiai: 27 x 70 cm\u00a0 \/\u00a0 27 x 100 cm\u00a0 \/\u00a0 27 x 120 cm &nbsp;<\/p>\n","protected":false},"featured_media":43035,"template":"","meta":{"_et_pb_use_builder":"","_et_pb_old_content":"","_et_gb_content_width":""},"product_brand":[],"product_cat":[291,123],"product_tag":[],"class_list":{"0":"post-41381","1":"product","2":"type-product","3":"status-publish","4":"has-post-thumbnail","6":"product_cat-kaitsekatete-tarvikud","7":"product_cat-kaitsekatted-ja-tarvikud","9":"first","10":"instock","11":"shipping-taxable","12":"product-type-simple"},"yoast_head":"<!-- This site is optimized with the Yoast SEO plugin v26.4 - https:\/\/yoast.com\/wordpress\/plugins\/seo\/ -->\n<title>Sm\u0117lio mai\u0161ai sutvirtinti - Specagra<\/title>\n<meta name=\"robots\" content=\"index, follow, max-snippet:-1, max-image-preview:large, max-video-preview:-1\" \/>\n<link rel=\"canonical\" href=\"https:\/\/www.specagra.ee\/?product=smelio-maisai-sutvirtinti\" \/>\n<meta property=\"og:locale\" content=\"et_EE\" \/>\n<meta property=\"og:type\" content=\"article\" \/>\n<meta property=\"og:title\" content=\"Sm\u0117lio mai\u0161ai sutvirtinti - Specagra\" \/>\n<meta property=\"og:description\" content=\"3 rankenos U\u017eri\u0161imo virv\u0117 U\u017epildymo riba Sustiprinta apsauga nuo UV spinduli\u0173 Sustiprintas audinys Did\u017eiausias audinio svoris &nbsp; Galimi dyd\u017eiai: 27 x 70 cm\u00a0 \/\u00a0 27 x 100 cm\u00a0 \/\u00a0 27 x 120 cm &nbsp;\" \/>\n<meta property=\"og:url\" content=\"https:\/\/www.specagra.ee\/?product=smelio-maisai-sutvirtinti\" \/>\n<meta property=\"og:site_name\" content=\"Specagra\" \/>\n<meta property=\"article:modified_time\" content=\"2024-11-29T07:34:10+00:00\" \/>\n<meta property=\"og:image\" content=\"https:\/\/specagra.ee\/wp-content\/uploads\/2024\/06\/Untitled-design1-1.jpg\" \/>\n\t<meta property=\"og:image:width\" content=\"900\" \/>\n\t<meta property=\"og:image:height\" content=\"900\" \/>\n\t<meta property=\"og:image:type\" content=\"image\/jpeg\" \/>\n<meta name=\"twitter:card\" content=\"summary_large_image\" \/>\n<meta name=\"twitter:label1\" content=\"Est. reading time\" \/>\n\t<meta name=\"twitter:data1\" content=\"1 minut\" \/>\n<script type=\"application\/ld+json\" class=\"yoast-schema-graph\">{\"@context\":\"https:\/\/schema.org\",\"@graph\":[{\"@type\":\"WebPage\",\"@id\":\"https:\/\/www.specagra.ee\/?product=smelio-maisai-sutvirtinti\",\"url\":\"https:\/\/www.specagra.ee\/?product=smelio-maisai-sutvirtinti\",\"name\":\"Sm\u0117lio mai\u0161ai sutvirtinti - Specagra\",\"isPartOf\":{\"@id\":\"https:\/\/www.specagra.ee\/#website\"},\"primaryImageOfPage\":{\"@id\":\"https:\/\/www.specagra.ee\/?product=smelio-maisai-sutvirtinti#primaryimage\"},\"image\":{\"@id\":\"https:\/\/www.specagra.ee\/?product=smelio-maisai-sutvirtinti#primaryimage\"},\"thumbnailUrl\":\"https:\/\/www.specagra.ee\/wp-content\/uploads\/2024\/06\/Untitled-design1-1.jpg\",\"datePublished\":\"2024-06-10T07:13:55+00:00\",\"dateModified\":\"2024-11-29T07:34:10+00:00\",\"breadcrumb\":{\"@id\":\"https:\/\/www.specagra.ee\/?product=smelio-maisai-sutvirtinti#breadcrumb\"},\"inLanguage\":\"et\",\"potentialAction\":[{\"@type\":\"ReadAction\",\"target\":[\"https:\/\/www.specagra.ee\/?product=smelio-maisai-sutvirtinti\"]}]},{\"@type\":\"ImageObject\",\"inLanguage\":\"et\",\"@id\":\"https:\/\/www.specagra.ee\/?product=smelio-maisai-sutvirtinti#primaryimage\",\"url\":\"https:\/\/www.specagra.ee\/wp-content\/uploads\/2024\/06\/Untitled-design1-1.jpg\",\"contentUrl\":\"https:\/\/www.specagra.ee\/wp-content\/uploads\/2024\/06\/Untitled-design1-1.jpg\",\"width\":900,\"height\":900},{\"@type\":\"BreadcrumbList\",\"@id\":\"https:\/\/www.specagra.ee\/?product=smelio-maisai-sutvirtinti#breadcrumb\",\"itemListElement\":[{\"@type\":\"ListItem\",\"position\":1,\"name\":\"Home\",\"item\":\"https:\/\/www.specagra.ee\/\"},{\"@type\":\"ListItem\",\"position\":2,\"name\":\"P\u00f5llumajandustehnika ja loomakasvatus\",\"item\":\"https:\/\/specagra.ee\/?page_id=18493\"},{\"@type\":\"ListItem\",\"position\":3,\"name\":\"Sm\u0117lio mai\u0161ai sutvirtinti\"}]},{\"@type\":\"WebSite\",\"@id\":\"https:\/\/www.specagra.ee\/#website\",\"url\":\"https:\/\/www.specagra.ee\/\",\"name\":\"Specagra\",\"description\":\"P\u00f5llumajandustehnika ja varuosad\",\"publisher\":{\"@id\":\"https:\/\/www.specagra.ee\/#organization\"},\"potentialAction\":[{\"@type\":\"SearchAction\",\"target\":{\"@type\":\"EntryPoint\",\"urlTemplate\":\"https:\/\/www.specagra.ee\/?s={search_term_string}\"},\"query-input\":{\"@type\":\"PropertyValueSpecification\",\"valueRequired\":true,\"valueName\":\"search_term_string\"}}],\"inLanguage\":\"et\"},{\"@type\":\"Organization\",\"@id\":\"https:\/\/www.specagra.ee\/#organization\",\"name\":\"UAB Specagra\",\"url\":\"https:\/\/www.specagra.ee\/\",\"logo\":{\"@type\":\"ImageObject\",\"inLanguage\":\"et\",\"@id\":\"https:\/\/www.specagra.ee\/#\/schema\/logo\/image\/\",\"url\":\"http:\/\/www.specagra.ee\/wp-content\/uploads\/2022\/02\/SP-logo_naujas-scaled.jpg\",\"contentUrl\":\"http:\/\/www.specagra.ee\/wp-content\/uploads\/2022\/02\/SP-logo_naujas-scaled.jpg\",\"width\":2560,\"height\":326,\"caption\":\"UAB Specagra\"},\"image\":{\"@id\":\"https:\/\/www.specagra.ee\/#\/schema\/logo\/image\/\"}}]}<\/script>\n<!-- \/ Yoast SEO plugin. -->","yoast_head_json":{"title":"Sm\u0117lio mai\u0161ai sutvirtinti - Specagra","robots":{"index":"index","follow":"follow","max-snippet":"max-snippet:-1","max-image-preview":"max-image-preview:large","max-video-preview":"max-video-preview:-1"},"canonical":"https:\/\/www.specagra.ee\/?product=smelio-maisai-sutvirtinti","og_locale":"et_EE","og_type":"article","og_title":"Sm\u0117lio mai\u0161ai sutvirtinti - Specagra","og_description":"3 rankenos U\u017eri\u0161imo virv\u0117 U\u017epildymo riba Sustiprinta apsauga nuo UV spinduli\u0173 Sustiprintas audinys Did\u017eiausias audinio svoris &nbsp; Galimi dyd\u017eiai: 27 x 70 cm\u00a0 \/\u00a0 27 x 100 cm\u00a0 \/\u00a0 27 x 120 cm &nbsp;","og_url":"https:\/\/www.specagra.ee\/?product=smelio-maisai-sutvirtinti","og_site_name":"Specagra","article_modified_time":"2024-11-29T07:34:10+00:00","og_image":[{"width":900,"height":900,"url":"https:\/\/specagra.ee\/wp-content\/uploads\/2024\/06\/Untitled-design1-1.jpg","type":"image\/jpeg"}],"twitter_card":"summary_large_image","twitter_misc":{"Est. reading time":"1 minut"},"schema":{"@context":"https:\/\/schema.org","@graph":[{"@type":"WebPage","@id":"https:\/\/www.specagra.ee\/?product=smelio-maisai-sutvirtinti","url":"https:\/\/www.specagra.ee\/?product=smelio-maisai-sutvirtinti","name":"Sm\u0117lio mai\u0161ai sutvirtinti - Specagra","isPartOf":{"@id":"https:\/\/www.specagra.ee\/#website"},"primaryImageOfPage":{"@id":"https:\/\/www.specagra.ee\/?product=smelio-maisai-sutvirtinti#primaryimage"},"image":{"@id":"https:\/\/www.specagra.ee\/?product=smelio-maisai-sutvirtinti#primaryimage"},"thumbnailUrl":"https:\/\/www.specagra.ee\/wp-content\/uploads\/2024\/06\/Untitled-design1-1.jpg","datePublished":"2024-06-10T07:13:55+00:00","dateModified":"2024-11-29T07:34:10+00:00","breadcrumb":{"@id":"https:\/\/www.specagra.ee\/?product=smelio-maisai-sutvirtinti#breadcrumb"},"inLanguage":"et","potentialAction":[{"@type":"ReadAction","target":["https:\/\/www.specagra.ee\/?product=smelio-maisai-sutvirtinti"]}]},{"@type":"ImageObject","inLanguage":"et","@id":"https:\/\/www.specagra.ee\/?product=smelio-maisai-sutvirtinti#primaryimage","url":"https:\/\/www.specagra.ee\/wp-content\/uploads\/2024\/06\/Untitled-design1-1.jpg","contentUrl":"https:\/\/www.specagra.ee\/wp-content\/uploads\/2024\/06\/Untitled-design1-1.jpg","width":900,"height":900},{"@type":"BreadcrumbList","@id":"https:\/\/www.specagra.ee\/?product=smelio-maisai-sutvirtinti#breadcrumb","itemListElement":[{"@type":"ListItem","position":1,"name":"Home","item":"https:\/\/www.specagra.ee\/"},{"@type":"ListItem","position":2,"name":"P\u00f5llumajandustehnika ja loomakasvatus","item":"https:\/\/specagra.ee\/?page_id=18493"},{"@type":"ListItem","position":3,"name":"Sm\u0117lio mai\u0161ai sutvirtinti"}]},{"@type":"WebSite","@id":"https:\/\/www.specagra.ee\/#website","url":"https:\/\/www.specagra.ee\/","name":"Specagra","description":"P\u00f5llumajandustehnika ja varuosad","publisher":{"@id":"https:\/\/www.specagra.ee\/#organization"},"potentialAction":[{"@type":"SearchAction","target":{"@type":"EntryPoint","urlTemplate":"https:\/\/www.specagra.ee\/?s={search_term_string}"},"query-input":{"@type":"PropertyValueSpecification","valueRequired":true,"valueName":"search_term_string"}}],"inLanguage":"et"},{"@type":"Organization","@id":"https:\/\/www.specagra.ee\/#organization","name":"UAB Specagra","url":"https:\/\/www.specagra.ee\/","logo":{"@type":"ImageObject","inLanguage":"et","@id":"https:\/\/www.specagra.ee\/#\/schema\/logo\/image\/","url":"http:\/\/www.specagra.ee\/wp-content\/uploads\/2022\/02\/SP-logo_naujas-scaled.jpg","contentUrl":"http:\/\/www.specagra.ee\/wp-content\/uploads\/2022\/02\/SP-logo_naujas-scaled.jpg","width":2560,"height":326,"caption":"UAB Specagra"},"image":{"@id":"https:\/\/www.specagra.ee\/#\/schema\/logo\/image\/"}}]}},"_links":{"self":[{"href":"https:\/\/www.specagra.ee\/index.php?rest_route=\/wp\/v2\/product\/41381","targetHints":{"allow":["GET"]}}],"collection":[{"href":"https:\/\/www.specagra.ee\/index.php?rest_route=\/wp\/v2\/product"}],"about":[{"href":"https:\/\/www.specagra.ee\/index.php?rest_route=\/wp\/v2\/types\/product"}],"wp:featuredmedia":[{"embeddable":true,"href":"https:\/\/www.specagra.ee\/index.php?rest_route=\/wp\/v2\/media\/43035"}],"wp:attachment":[{"href":"https:\/\/www.specagra.ee\/index.php?rest_route=%2Fwp%2Fv2%2Fmedia&parent=41381"}],"wp:term":[{"taxonomy":"product_brand","embeddable":true,"href":"https:\/\/www.specagra.ee\/index.php?rest_route=%2Fwp%2Fv2%2Fproduct_brand&post=41381"},{"taxonomy":"product_cat","embeddable":true,"href":"https:\/\/www.specagra.ee\/index.php?rest_route=%2Fwp%2Fv2%2Fproduct_cat&post=41381"},{"taxonomy":"product_tag","embeddable":true,"href":"https:\/\/www.specagra.ee\/index.php?rest_route=%2Fwp%2Fv2%2Fproduct_tag&post=41381"}],"curies":[{"name":"wp","href":"https:\/\/api.w.org\/{rel}","templated":true}]}}