{"id":40991,"date":"2024-04-17T09:28:40","date_gmt":"2024-04-17T11:28:40","guid":{"rendered":"https:\/\/www.specagra.ee\/?post_type=product&#038;p=40991"},"modified":"2024-09-12T10:30:10","modified_gmt":"2024-09-12T12:30:10","slug":"dvigubas-elektrinis-sepetys","status":"publish","type":"product","link":"https:\/\/www.specagra.ee\/?product=dvigubas-elektrinis-sepetys","title":{"rendered":"Dvigubas elektrinis \u0161epetys"},"content":{"rendered":"<ul>\n<li>Idealiai tinka mel\u017eiamoms karv\u0117ms<\/li>\n<li>Du dideli, ergonomi\u0161kos formos \u0161epe\u010diai skirti kruop\u0161\u010diai i\u0161valyti gyvulio kail\u012f.<\/li>\n<li>Yra apsauginis i\u0161jungimas, esant didelei apkrovai arba \u012fsukus gyvulio uodeg\u0105.<\/li>\n<li>Montavimo auk\u0161tis, priklausomai nuo gyv\u016bno \u016bgio, rekomenduojamas: 65-80 cm nuo apatinio \u0161epe\u010dio iki grind\u0173.<\/li>\n<li>Reikalingos tvirtinimo med\u017eiagos: 6 x M16 inkariniai var\u017etai, u\u017esakomi atskirai.<\/li>\n<li>Parduodamas kartu su prijungimo kabeliu, be ki\u0161tuko.<\/li>\n<li>Garantijos laikas: 2 metai arba 10 000 darbo valand\u0173.<\/li>\n<li>\u0160epetys naudojamas esant daugiausiai 60 gyvuli\u0173.<\/li>\n<li>Svoris 150 kg.<\/li>\n<\/ul>\n","protected":false},"excerpt":{"rendered":"<p>Idealiai tinka mel\u017eiamoms karv\u0117ms Du dideli, ergonomi\u0161kos formos \u0161epe\u010diai skirti kruop\u0161\u010diai i\u0161valyti gyvulio kail\u012f. Yra apsauginis i\u0161jungimas, esant didelei apkrovai arba \u012fsukus gyvulio uodeg\u0105. Montavimo auk\u0161tis, priklausomai nuo gyv\u016bno \u016bgio, rekomenduojamas: 65-80 cm nuo apatinio \u0161epe\u010dio iki grind\u0173. Reikalingos tvirtinimo med\u017eiagos: 6 x M16 inkariniai var\u017etai, u\u017esakomi atskirai. Parduodamas kartu su prijungimo kabeliu, be ki\u0161tuko. [&hellip;]<\/p>\n","protected":false},"featured_media":42984,"template":"","meta":{"_et_pb_use_builder":"","_et_pb_old_content":"","_et_gb_content_width":""},"product_brand":[],"product_cat":[150],"product_tag":[],"class_list":{"0":"post-40991","1":"product","2":"type-product","3":"status-publish","4":"has-post-thumbnail","6":"product_cat-harjad-veistele","8":"first","9":"instock","10":"shipping-taxable","11":"product-type-simple"},"yoast_head":"<!-- This site is optimized with the Yoast SEO plugin v26.4 - https:\/\/yoast.com\/wordpress\/plugins\/seo\/ -->\n<title>Dvigubas elektrinis \u0161epetys - Specagra<\/title>\n<meta name=\"robots\" content=\"index, follow, max-snippet:-1, max-image-preview:large, max-video-preview:-1\" \/>\n<link rel=\"canonical\" href=\"https:\/\/www.specagra.ee\/?product=dvigubas-elektrinis-sepetys\" \/>\n<meta property=\"og:locale\" content=\"et_EE\" \/>\n<meta property=\"og:type\" content=\"article\" \/>\n<meta property=\"og:title\" content=\"Dvigubas elektrinis \u0161epetys - Specagra\" \/>\n<meta property=\"og:description\" content=\"Idealiai tinka mel\u017eiamoms karv\u0117ms Du dideli, ergonomi\u0161kos formos \u0161epe\u010diai skirti kruop\u0161\u010diai i\u0161valyti gyvulio kail\u012f. Yra apsauginis i\u0161jungimas, esant didelei apkrovai arba \u012fsukus gyvulio uodeg\u0105. Montavimo auk\u0161tis, priklausomai nuo gyv\u016bno \u016bgio, rekomenduojamas: 65-80 cm nuo apatinio \u0161epe\u010dio iki grind\u0173. Reikalingos tvirtinimo med\u017eiagos: 6 x M16 inkariniai var\u017etai, u\u017esakomi atskirai. Parduodamas kartu su prijungimo kabeliu, be ki\u0161tuko. [&hellip;]\" \/>\n<meta property=\"og:url\" content=\"https:\/\/www.specagra.ee\/?product=dvigubas-elektrinis-sepetys\" \/>\n<meta property=\"og:site_name\" content=\"Specagra\" \/>\n<meta property=\"article:modified_time\" content=\"2024-09-12T12:30:10+00:00\" \/>\n<meta property=\"og:image\" content=\"https:\/\/specagra.ee\/wp-content\/uploads\/2024\/04\/Untitled-design6.jpg\" \/>\n\t<meta property=\"og:image:width\" content=\"900\" \/>\n\t<meta property=\"og:image:height\" content=\"900\" \/>\n\t<meta property=\"og:image:type\" content=\"image\/jpeg\" \/>\n<meta name=\"twitter:card\" content=\"summary_large_image\" \/>\n<meta name=\"twitter:label1\" content=\"Est. reading time\" \/>\n\t<meta name=\"twitter:data1\" content=\"1 minut\" \/>\n<script type=\"application\/ld+json\" class=\"yoast-schema-graph\">{\"@context\":\"https:\/\/schema.org\",\"@graph\":[{\"@type\":\"WebPage\",\"@id\":\"https:\/\/www.specagra.ee\/?product=dvigubas-elektrinis-sepetys\",\"url\":\"https:\/\/www.specagra.ee\/?product=dvigubas-elektrinis-sepetys\",\"name\":\"Dvigubas elektrinis \u0161epetys - Specagra\",\"isPartOf\":{\"@id\":\"https:\/\/www.specagra.ee\/#website\"},\"primaryImageOfPage\":{\"@id\":\"https:\/\/www.specagra.ee\/?product=dvigubas-elektrinis-sepetys#primaryimage\"},\"image\":{\"@id\":\"https:\/\/www.specagra.ee\/?product=dvigubas-elektrinis-sepetys#primaryimage\"},\"thumbnailUrl\":\"https:\/\/www.specagra.ee\/wp-content\/uploads\/2024\/04\/Untitled-design6.jpg\",\"datePublished\":\"2024-04-17T11:28:40+00:00\",\"dateModified\":\"2024-09-12T12:30:10+00:00\",\"breadcrumb\":{\"@id\":\"https:\/\/www.specagra.ee\/?product=dvigubas-elektrinis-sepetys#breadcrumb\"},\"inLanguage\":\"et\",\"potentialAction\":[{\"@type\":\"ReadAction\",\"target\":[\"https:\/\/www.specagra.ee\/?product=dvigubas-elektrinis-sepetys\"]}]},{\"@type\":\"ImageObject\",\"inLanguage\":\"et\",\"@id\":\"https:\/\/www.specagra.ee\/?product=dvigubas-elektrinis-sepetys#primaryimage\",\"url\":\"https:\/\/www.specagra.ee\/wp-content\/uploads\/2024\/04\/Untitled-design6.jpg\",\"contentUrl\":\"https:\/\/www.specagra.ee\/wp-content\/uploads\/2024\/04\/Untitled-design6.jpg\",\"width\":900,\"height\":900},{\"@type\":\"BreadcrumbList\",\"@id\":\"https:\/\/www.specagra.ee\/?product=dvigubas-elektrinis-sepetys#breadcrumb\",\"itemListElement\":[{\"@type\":\"ListItem\",\"position\":1,\"name\":\"Home\",\"item\":\"https:\/\/www.specagra.ee\/\"},{\"@type\":\"ListItem\",\"position\":2,\"name\":\"P\u00f5llumajandustehnika ja loomakasvatus\",\"item\":\"https:\/\/specagra.ee\/?page_id=18493\"},{\"@type\":\"ListItem\",\"position\":3,\"name\":\"Dvigubas elektrinis \u0161epetys\"}]},{\"@type\":\"WebSite\",\"@id\":\"https:\/\/www.specagra.ee\/#website\",\"url\":\"https:\/\/www.specagra.ee\/\",\"name\":\"Specagra\",\"description\":\"P\u00f5llumajandustehnika ja varuosad\",\"publisher\":{\"@id\":\"https:\/\/www.specagra.ee\/#organization\"},\"potentialAction\":[{\"@type\":\"SearchAction\",\"target\":{\"@type\":\"EntryPoint\",\"urlTemplate\":\"https:\/\/www.specagra.ee\/?s={search_term_string}\"},\"query-input\":{\"@type\":\"PropertyValueSpecification\",\"valueRequired\":true,\"valueName\":\"search_term_string\"}}],\"inLanguage\":\"et\"},{\"@type\":\"Organization\",\"@id\":\"https:\/\/www.specagra.ee\/#organization\",\"name\":\"UAB Specagra\",\"url\":\"https:\/\/www.specagra.ee\/\",\"logo\":{\"@type\":\"ImageObject\",\"inLanguage\":\"et\",\"@id\":\"https:\/\/www.specagra.ee\/#\/schema\/logo\/image\/\",\"url\":\"http:\/\/www.specagra.ee\/wp-content\/uploads\/2022\/02\/SP-logo_naujas-scaled.jpg\",\"contentUrl\":\"http:\/\/www.specagra.ee\/wp-content\/uploads\/2022\/02\/SP-logo_naujas-scaled.jpg\",\"width\":2560,\"height\":326,\"caption\":\"UAB Specagra\"},\"image\":{\"@id\":\"https:\/\/www.specagra.ee\/#\/schema\/logo\/image\/\"}}]}<\/script>\n<!-- \/ Yoast SEO plugin. -->","yoast_head_json":{"title":"Dvigubas elektrinis \u0161epetys - Specagra","robots":{"index":"index","follow":"follow","max-snippet":"max-snippet:-1","max-image-preview":"max-image-preview:large","max-video-preview":"max-video-preview:-1"},"canonical":"https:\/\/www.specagra.ee\/?product=dvigubas-elektrinis-sepetys","og_locale":"et_EE","og_type":"article","og_title":"Dvigubas elektrinis \u0161epetys - Specagra","og_description":"Idealiai tinka mel\u017eiamoms karv\u0117ms Du dideli, ergonomi\u0161kos formos \u0161epe\u010diai skirti kruop\u0161\u010diai i\u0161valyti gyvulio kail\u012f. Yra apsauginis i\u0161jungimas, esant didelei apkrovai arba \u012fsukus gyvulio uodeg\u0105. Montavimo auk\u0161tis, priklausomai nuo gyv\u016bno \u016bgio, rekomenduojamas: 65-80 cm nuo apatinio \u0161epe\u010dio iki grind\u0173. Reikalingos tvirtinimo med\u017eiagos: 6 x M16 inkariniai var\u017etai, u\u017esakomi atskirai. Parduodamas kartu su prijungimo kabeliu, be ki\u0161tuko. [&hellip;]","og_url":"https:\/\/www.specagra.ee\/?product=dvigubas-elektrinis-sepetys","og_site_name":"Specagra","article_modified_time":"2024-09-12T12:30:10+00:00","og_image":[{"width":900,"height":900,"url":"https:\/\/specagra.ee\/wp-content\/uploads\/2024\/04\/Untitled-design6.jpg","type":"image\/jpeg"}],"twitter_card":"summary_large_image","twitter_misc":{"Est. reading time":"1 minut"},"schema":{"@context":"https:\/\/schema.org","@graph":[{"@type":"WebPage","@id":"https:\/\/www.specagra.ee\/?product=dvigubas-elektrinis-sepetys","url":"https:\/\/www.specagra.ee\/?product=dvigubas-elektrinis-sepetys","name":"Dvigubas elektrinis \u0161epetys - Specagra","isPartOf":{"@id":"https:\/\/www.specagra.ee\/#website"},"primaryImageOfPage":{"@id":"https:\/\/www.specagra.ee\/?product=dvigubas-elektrinis-sepetys#primaryimage"},"image":{"@id":"https:\/\/www.specagra.ee\/?product=dvigubas-elektrinis-sepetys#primaryimage"},"thumbnailUrl":"https:\/\/www.specagra.ee\/wp-content\/uploads\/2024\/04\/Untitled-design6.jpg","datePublished":"2024-04-17T11:28:40+00:00","dateModified":"2024-09-12T12:30:10+00:00","breadcrumb":{"@id":"https:\/\/www.specagra.ee\/?product=dvigubas-elektrinis-sepetys#breadcrumb"},"inLanguage":"et","potentialAction":[{"@type":"ReadAction","target":["https:\/\/www.specagra.ee\/?product=dvigubas-elektrinis-sepetys"]}]},{"@type":"ImageObject","inLanguage":"et","@id":"https:\/\/www.specagra.ee\/?product=dvigubas-elektrinis-sepetys#primaryimage","url":"https:\/\/www.specagra.ee\/wp-content\/uploads\/2024\/04\/Untitled-design6.jpg","contentUrl":"https:\/\/www.specagra.ee\/wp-content\/uploads\/2024\/04\/Untitled-design6.jpg","width":900,"height":900},{"@type":"BreadcrumbList","@id":"https:\/\/www.specagra.ee\/?product=dvigubas-elektrinis-sepetys#breadcrumb","itemListElement":[{"@type":"ListItem","position":1,"name":"Home","item":"https:\/\/www.specagra.ee\/"},{"@type":"ListItem","position":2,"name":"P\u00f5llumajandustehnika ja loomakasvatus","item":"https:\/\/specagra.ee\/?page_id=18493"},{"@type":"ListItem","position":3,"name":"Dvigubas elektrinis \u0161epetys"}]},{"@type":"WebSite","@id":"https:\/\/www.specagra.ee\/#website","url":"https:\/\/www.specagra.ee\/","name":"Specagra","description":"P\u00f5llumajandustehnika ja varuosad","publisher":{"@id":"https:\/\/www.specagra.ee\/#organization"},"potentialAction":[{"@type":"SearchAction","target":{"@type":"EntryPoint","urlTemplate":"https:\/\/www.specagra.ee\/?s={search_term_string}"},"query-input":{"@type":"PropertyValueSpecification","valueRequired":true,"valueName":"search_term_string"}}],"inLanguage":"et"},{"@type":"Organization","@id":"https:\/\/www.specagra.ee\/#organization","name":"UAB Specagra","url":"https:\/\/www.specagra.ee\/","logo":{"@type":"ImageObject","inLanguage":"et","@id":"https:\/\/www.specagra.ee\/#\/schema\/logo\/image\/","url":"http:\/\/www.specagra.ee\/wp-content\/uploads\/2022\/02\/SP-logo_naujas-scaled.jpg","contentUrl":"http:\/\/www.specagra.ee\/wp-content\/uploads\/2022\/02\/SP-logo_naujas-scaled.jpg","width":2560,"height":326,"caption":"UAB Specagra"},"image":{"@id":"https:\/\/www.specagra.ee\/#\/schema\/logo\/image\/"}}]}},"_links":{"self":[{"href":"https:\/\/www.specagra.ee\/index.php?rest_route=\/wp\/v2\/product\/40991","targetHints":{"allow":["GET"]}}],"collection":[{"href":"https:\/\/www.specagra.ee\/index.php?rest_route=\/wp\/v2\/product"}],"about":[{"href":"https:\/\/www.specagra.ee\/index.php?rest_route=\/wp\/v2\/types\/product"}],"wp:featuredmedia":[{"embeddable":true,"href":"https:\/\/www.specagra.ee\/index.php?rest_route=\/wp\/v2\/media\/42984"}],"wp:attachment":[{"href":"https:\/\/www.specagra.ee\/index.php?rest_route=%2Fwp%2Fv2%2Fmedia&parent=40991"}],"wp:term":[{"taxonomy":"product_brand","embeddable":true,"href":"https:\/\/www.specagra.ee\/index.php?rest_route=%2Fwp%2Fv2%2Fproduct_brand&post=40991"},{"taxonomy":"product_cat","embeddable":true,"href":"https:\/\/www.specagra.ee\/index.php?rest_route=%2Fwp%2Fv2%2Fproduct_cat&post=40991"},{"taxonomy":"product_tag","embeddable":true,"href":"https:\/\/www.specagra.ee\/index.php?rest_route=%2Fwp%2Fv2%2Fproduct_tag&post=40991"}],"curies":[{"name":"wp","href":"https:\/\/api.w.org\/{rel}","templated":true}]}}