{"id":3793,"date":"2020-07-02T04:07:40","date_gmt":"2020-07-02T06:07:40","guid":{"rendered":"https:\/\/www.specagra.ee.nemokamossvetaines.hostingas.lt\/?post_type=product&#038;p=3793"},"modified":"2023-04-14T06:20:20","modified_gmt":"2023-04-14T08:20:20","slug":"individuali-ir-grupine-serimo-sistema","status":"publish","type":"product","link":"https:\/\/www.specagra.ee\/?product=individuali-ir-grupine-serimo-sistema","title":{"rendered":"Individuali ir grupin\u0117 \u0161\u0117rimo sistema POLANES PASZOTEC"},"content":{"rendered":"<p>POLANES\u00a0rinkai pristato \u0161\u0117rimo stoteles\u00a0PASZOTEC\u00a0su individualia arba grupine \u0161\u0117rimo parinktimis su vis\u0105 par\u0105 veikian\u010diu dozavimu. \u0160\u0117rimo stotel\u0117 gali b\u016bti naudojama kaip savaranki\u0161ko arba kaip bandos valdymo sistema\u00a0INFODEX.<\/p>\n<p>POLANES PASZOTEC\u00a0\u0161\u0117rimo sistema:<\/p>\n<ul>\n<li>Karvi\u0173 bandos gerb\u016bvis labai priklauso nuo j\u0173 \u0161\u0117rimo.<\/li>\n<li>Kiekvienos karv\u0117s gerovei labai svarbus individualus maistini\u0173 med\u017eiag\u0173 suderinamumas bei porcij\u0173 dyd\u017eio nustatymas.<\/li>\n<li>Dideli kombinuot\u0173 pa\u0161ar\u0173, turting\u0173 maistin\u0117mis med\u017eiagomis, ka\u0161tai taip pat lemia individualaus \u0161\u0117rimo svarb\u0105.<\/li>\n<li>\u0160\u0117rimo stotel\u0117 PASZOTEC\u00a0turi dvi programavimo parinktis: grupin\u0119, t.y. dozavim\u0105 vienodo dyd\u017eio porcijomis, arba individuali\u0105 maitinimo plano parinkt\u012f kiekvienai karvei, paremt\u0105 primil\u017eio arba laktacijos laikotarpiais.<\/li>\n<li>\u00a0PASZOTEC padeda padidinti bandos produktyvum\u0105 bei suteikia suvartojam\u0173 pa\u0161ar\u0173 reguliavimo galimyb\u0119.<\/li>\n<\/ul>\n<p>Automatinis pa\u0161ar\u0173 padavimas vis\u0105 par\u0105:<\/p>\n<ul>\n<li>Kiekvienai karvei ant kaklo yra pakabinamas antkaklis su elektroniniu u\u017ekoduotu numeriu.<\/li>\n<li>Karvei \u012feinant \u012f maitinimo stotel\u0119, ji yra atpa\u017e\u012fstama antenos, kuri yra tiesiogiai susieta su kompiuterin\u0117s programos FEEDEX duomen\u0173 baze.<\/li>\n<li>Programa, atsi\u017evelgdama \u012f paros laik\u0105, sudozuoja maisto davin\u012f kiekvienai karvei individualiai.<\/li>\n<li>B\u016btina sukurti ir analizuoti \u0161\u0117rimo plan\u0105 kiekvienai karvei individualiai arba visos karvi\u0173 bandos apskritai.<\/li>\n<li>Kompiuterin\u0117 programa\u00a0FEEDEX\u00a0suteikiamos maitinimo parinktys yra \u0161ios:<\/li>\n<\/ul>\n<ol>\n<li>Karv\u0117s pieningumas;<\/li>\n<li>Individualus \u0161\u0117rimas;<\/li>\n<li>\u0160\u0117rimo grupi\u0173 formavimas;<\/li>\n<li>Pa\u0161ar\u0173 porcij\u0173 kontrol\u0117, atsi\u017evelgiant \u012f laktacijos kreiv\u0119;<\/li>\n<li>Maksimali porcija vienam gyvuliui;<\/li>\n<li>Nepaimtos porcijos pakeitimas;<\/li>\n<li>Ma\u017eo pa\u0161ar\u0173 suvartojimo persp\u0117jimas;<\/li>\n<li>Pa\u0161ar\u0173 kiekio silosin\u0117je apskai\u010diavimas;<\/li>\n<\/ol>\n<p><img loading=\"lazy\" decoding=\"async\" class=\"alignnone wp-image-5746\" src=\"http:\/\/www.specagra.ee\/wp-content\/uploads\/2020\/07\/Polanes-\u0161\u0117rimo-sistema-300x170.jpg\" alt=\"\" width=\"228\" height=\"129\" srcset=\"https:\/\/www.specagra.ee\/wp-content\/uploads\/2020\/07\/Polanes-\u0161\u0117rimo-sistema-300x170.jpg 300w, https:\/\/www.specagra.ee\/wp-content\/uploads\/2020\/07\/Polanes-\u0161\u0117rimo-sistema-100x57.jpg 100w, https:\/\/www.specagra.ee\/wp-content\/uploads\/2020\/07\/Polanes-\u0161\u0117rimo-sistema.jpg 390w\" sizes=\"(max-width: 228px) 100vw, 228px\" \/><\/p>\n<p>Skysti papildai, skatinantys karvi\u0173 bandos produktyvum\u0105:<\/p>\n<ul>\n<li>\u0160\u0117rimo stotel\u0117 PASZOTEC\u00a0funkcij\u0173 spektras gali b\u016bti i\u0161pl\u0117stas su\u00a0\u201eENERGIZER\u201c\u00a0balion\u0117liu, kuris gali b\u016bti u\u017epildomas skystais energetiniais priedais, kaip, pavyzd\u017eiui, melasas ar glikolis.<\/li>\n<li>\u0160ie papildai turi teigiam\u0105 poveik\u012f karvi\u0173 sveikatai:<\/li>\n<\/ul>\n<ol>\n<li>kaip prevencijos arba gydomoji priemon\u0117 nuo ketoz\u0117s;<\/li>\n<li>supaprastinti skland\u0173 per\u0117jim\u0105 nuo u\u017etr\u016bkimo stadijos prie auk\u0161tos laktacijos periodo;<\/li>\n<li>suma\u017einti prie\u0161 gimdyvin\u012f ir pogimdyvin\u012f stres\u0105 ir su tuo susijus\u012f labai staig\u0173 svorio netekim\u0105;<\/li>\n<li>pagerinti pa\u0161ar\u0173 skon\u012f ir j\u0173 \u012fsisavinim\u0105;<\/li>\n<\/ol>\n<p><img loading=\"lazy\" decoding=\"async\" class=\"alignnone wp-image-5747\" src=\"http:\/\/www.specagra.ee\/wp-content\/uploads\/2020\/07\/serimas1--300x184.png\" alt=\"\" width=\"235\" height=\"144\" srcset=\"https:\/\/www.specagra.ee\/wp-content\/uploads\/2020\/07\/serimas1--300x184.png 300w, https:\/\/www.specagra.ee\/wp-content\/uploads\/2020\/07\/serimas1--480x295.png 480w, https:\/\/www.specagra.ee\/wp-content\/uploads\/2020\/07\/serimas1--100x61.png 100w, https:\/\/www.specagra.ee\/wp-content\/uploads\/2020\/07\/serimas1--600x369.png 600w, https:\/\/www.specagra.ee\/wp-content\/uploads\/2020\/07\/serimas1-.png 612w\" sizes=\"(max-width: 235px) 100vw, 235px\" \/><\/p>\n<p>\u0160\u0116RIMO STOTEL\u0116 &#8211; \u0160\u0116RIMO LINIJA \u2013 BANDOS VALDYMO SISTEMA<br \/>\nViena \u0161\u0117rimo stotel\u0117\u00a0PASZOTEC\u00a0gali aptarnauti iki 40 karvi\u0173 band\u0105. Yra galimyb\u0117 stotis sujungti \u012f grupes, susidedan\u010dias i\u0161 10 vnt. \u0160\u0117rimo stotel\u0117 arba visa \u0161\u0117rimo linija gali b\u016bti naudojama kaip savaranki\u0161ka arba kaip bandos valdymo sistema\u00a0INFODEX.<\/p>\n<p>TVIRTA KONSTRUKCIJA SU BLOKUOJAMAIS VARTAIS\u00a0\u0160\u0117rimo stotel\u0117 yra sudaryta i\u0161 2,4 metro ilgio HDG plieno konstrukcijos. Nugaros apsauginiai lankai apsaugo karves nuo kit\u0173 karvi\u0173 \u0161okin\u0117jimo ant j\u0173 nugaros. Konteineris, \u0161\u0117rimo sraigtas,<\/p>\n<p>lovys ir \u0161onin\u0117s sienel\u0117s yra pagamintos i\u0161 ner\u016bdijan\u010dio plieno ir gerai apdirbto<\/p>\n<p>plastiko- taip u\u017etikrinant konstrukcijos ilgaam\u017ei\u0161kum\u0105.<\/p>\n<p>Papildomai galima pasirinkti u\u017esiblokuojan\u010dius vartus, kurie gyvuliams garantuoja saug\u0173 pa\u0161ar\u0173 \u012fsisavinim\u0105. Tai pneumatiniai vartai. Vartai u\u017esidaro ir lieka u\u017edari tol, kol karv\u0117 visi\u0161kai pasisotina.<\/p>\n<p>REZULTATAS MATOMAS ANT SVARSTYKLI\u0172\u00a0 \u00a0 \u00a0 \u00a0 \u00a0 \u00a0 \u00a0 \u00a0 \u00a0 \u00a0 \u00a0 \u00a0<img loading=\"lazy\" decoding=\"async\" class=\"\" src=\"http:\/\/www.specagra.ee\/wp-content\/uploads\/2022\/04\/serimas3-_result.jpg\" alt=\"\" width=\"186\" height=\"209\" \/><br \/>\nKarv\u0117s svorio steb\u0117jimas \u017eymiai palengvina karvi\u0173 mitybos poreiki\u0173 analiz\u0119. Karvi\u0173 mitybos plano efektyvumas bei galimos sveikatos problemos taip pat puikiausiai matomos, stebint karvi\u0173 svorio poky\u010dius.<\/p>\n<p>GREITA DIAGNOSTIKA = GREITAS SUREAGAVIMAS = NUOSEKLUS BANDOS VALDYMAS<br \/>\n\u012e \u0161\u0117rimo stotel\u0119\u00a0PASZOTEC\u00a0gali b\u016bti \u012fmontuojamos svarstykl\u0117s, kuri\u0173 pagalba stebimi karvi\u0173 svorio poky\u010diai, nesukeliant papildomo streso gyvuliui.<br \/>\nMaksimalus svarstykli\u0173 svoris: 1000 kg.<br \/>\nSvarstykli\u0173 leistina paklaida: 0,1%.<\/p>\n<p>\u0160\u0116RIMAS MEL\u017dIMO AIK\u0160TEL\u0116JE\u00a0\u2013 tai paprastas b\u016bdas karvi\u0173 bandos produktyvumo padidinimui.<\/p>\n<p>GYVULI\u0172 \u0160\u0116RIMAS MEL\u017dIMO AIK\u0160TEL\u0116JE\u00a0turi teigiamos \u012ftakos karvi\u0173 \u0161\u0117rimui, kadangi \u016bkininkas mato, kuri\u0173 karvi\u0173 primil\u017eiai yra did\u017eiausi ir gali tinkamai parinkti pa\u0161ar\u0173 papild\u0173 dozavim\u0105. \u0160\u0117rimas mel\u017eimo aik\u0161tel\u0117je taip pat padeda pagerinti pat\u012f mel\u017eimo proces\u0105 aik\u0161tel\u0117je apskritai.<\/p>\n<p>SUTRUMPINAMAS MEL\u017dIMO LAIKAS.<\/p>\n<p>Buvo pasteb\u0117ta, kad gyvuli\u0173 jud\u0117jimas mel\u017eimo aik\u0161tel\u0117je, kurioje \u012frengtos \u0161\u0117rimo stotel\u0117s, jud\u0117jimas daug spartesnis. Karv\u0117s noriai u\u017eima savo mel\u017eimo pozicij\u0105 stende bei daug ramiau reaguoja \u012f pat\u012f mel\u017eimo proces\u0105. Taip pat buvo pasteb\u0117ta, kad \u0161\u0117rimas mel\u017eimo metu, padidina oksitocino (hormonas, d\u0117l kurio i\u0161skiriama daugiau pieno) kiek\u012f, o tai tiesiogiai veikia karv\u0117s produktyvumo k\u0117lim\u0105.<\/p>\n<p>INDIVIDUALIZUOTAS \u0160\u0116RIMAS.<br \/>\nLabai svarbu bandos produktyvumo k\u0117lime yra individualizuotas gyvuli\u0173 \u0161\u0117rimas. Kiekviena karv\u0117 turi individuali\u0173 mitybos poreiki\u0173, nulemiam\u0173 laktacijos dien\u0173, primil\u017eio bei genetini\u0173 faktori\u0173. \u0160\u0117rimas mel\u017eimo aik\u0161tel\u0117je leid\u017eia papildyti kasdienin\u0117s maisto porcijos dyd\u012f svarbiais maistiniais priedais ir tai turi didel\u0119 \u012ftak\u0105 bendram bandos produktyvumui.<\/p>\n<p>PAPRASTAS \u012eDIEGIMAS &#8211; I\u0160BAIGTAS DIZAINAS.<br \/>\n\u0160\u0117rimo mel\u017eimo aik\u0161tel\u0117je sistema gali b\u016bti diegiama skirtingo tipo mel\u017eimo aik\u0161tel\u0117se:<\/p>\n<ul>\n<li>\u201eEglut\u0117s\u201c;<\/li>\n<li>\u201eTandemas\u201c;<\/li>\n<li>\u201eSwing-Over\u201c (persipynusi)<\/li>\n<\/ul>\n<p>Sistemos dalys:<\/p>\n<ul>\n<li>Dozatorius pagamintas i\u0161 HDG plieno;<\/li>\n<li>Dozatoriaus variklis veikia (24 V DC);<\/li>\n<li>Pa\u0161ar\u0173 vamzdis pagamintas i\u0161 plastiko arba ner\u016bdijan\u010dio plieno;<\/li>\n<li>Kontrol\u0117s \u012frenginys yra \u012fdiegtas tiksliam dozavimui.<\/li>\n<\/ul>\n<p>VALDYMAS BEI SUDERINAMUMAS SU BANDOS VALDYMO SISTEMA INFODEX.<br \/>\nKontrolinis \u012frenginys turi lengvai \u012fskaitom\u0105 ekran\u0105 bei lengvai valdom\u0105 klaviat\u016br\u0105, kas supaprastina valdym\u0105, renkantis i\u0161 sekan\u010di\u0173 parink\u010di\u0173:<\/p>\n<ul>\n<li>Karv\u0117s pa\u017eym\u0117jimas atskyrimui arba neatskyrimui nuo bandos;<\/li>\n<li>Karvi\u0173 r\u016b\u0161iavimas pagal turim\u0105 numer\u012f arba pagal mel\u017eimo stendo numer\u012f;<\/li>\n<li>Pa\u0161ar\u0173 dozavimas kiekvienai karvei arba visai mel\u017eiamai bandai esan\u010diai aik\u0161tel\u0117je tuo metu.<\/li>\n<\/ul>\n<p>\u0160\u0117rimo mel\u017eimo aik\u0161tel\u0117je sistemos privalumas yra tas, jog ji gali b\u016bti labai paprastai sujungiama su bandos valdymo sistema INFODEX. Kiekvienas kontrol\u0117s \u012frenginys yra sujungtas su kompiuteriu per RS485 tinkl\u0105 ir visas aptarnavimas ir funkcijos yra atliekamos kompiuterin\u0117s programos pagalba.<\/p>\n<p>INFODEX\u00a0yra kompiuterin\u0117 programa, leid\u017eianti atpa\u017einti ir valdyti pienini\u0173 karvi\u0173 band\u0105 mel\u017eimo aik\u0161tel\u0117se.<br \/>\nMinimal\u016bs reikalavimai programos instaliavimui:<\/p>\n<ul>\n<li>Procesorius: 1,6 GHz;<\/li>\n<li>RAM atmintis: 1 GB;<\/li>\n<li>Kietasis diskas: 40 GB;<\/li>\n<li>USB jungtys: 4 jungtys USB 2.0 (jei ne\u0161iojamas kompiuteris \u2013 3 jungtys);<\/li>\n<li>Ekranas: 1024&#215;600 rezoliucija;<\/li>\n<li>Operacin\u0117 sistema: Windows 7, 32 bitai.<\/li>\n<\/ul>\n<p><img loading=\"lazy\" decoding=\"async\" class=\"alignnone wp-image-6459\" src=\"http:\/\/www.specagra.ee\/wp-content\/uploads\/2020\/07\/serimas2-300x208.png\" alt=\"\" width=\"237\" height=\"164\" srcset=\"https:\/\/www.specagra.ee\/wp-content\/uploads\/2020\/07\/serimas2-300x208.png 300w, https:\/\/www.specagra.ee\/wp-content\/uploads\/2020\/07\/serimas2-768x533.png 768w, https:\/\/www.specagra.ee\/wp-content\/uploads\/2020\/07\/serimas2-480x333.png 480w, https:\/\/www.specagra.ee\/wp-content\/uploads\/2020\/07\/serimas2-100x69.png 100w, https:\/\/www.specagra.ee\/wp-content\/uploads\/2020\/07\/serimas2-600x416.png 600w, https:\/\/www.specagra.ee\/wp-content\/uploads\/2020\/07\/serimas2.png 827w\" sizes=\"(max-width: 237px) 100vw, 237px\" \/><\/p>\n<p>Programa susideda i\u0161 4 pagrindini\u0173 moduli\u0173:<\/p>\n<ul>\n<li>PAGRINDAS \u2013 programin\u0117 \u012franga b\u016btina programos veikimui.<\/li>\n<li>PIENAS \u2013 duomen\u0173 baz\u0117 apie karves, su tokiais duomenimis, kaip gimimo data, am\u017eius, n\u0117\u0161tum\u0173 skai\u010dius, pieno kiekis, laktacijos kreiv\u0117 ir pan. Yra galimyb\u0117 karves dalinti \u012f grupes, pvz., apvaisintos, besilaukian\u010dios, u\u017etr\u016bkusios, sergan\u010dios ir pan. Galima r\u016b\u0161iuoti informacij\u0105 ir, esant poreikiui, atsispausdinti. \u0160iame modulyje programa sujungiama su mel\u017eimo \u012frenginiu mel\u017eimo aik\u0161tel\u0117je ir kei\u010diasi duomenimis apie primil\u017eio kait\u0105. Taip pat, yra galimyb\u0117 sudaryti grafas ir visa tai parodyti statistiniuose grafikuose.<\/li>\n<li>PASZOTEC MAITINIMAS \u2013 tai \u0161\u0117rimo stotel\u0117s modulis. Tai n\u0117ra privaloma, tad visa sistema gali veikti ir be jo, ta\u010diau tai yra labai naudingas priedas. Sistema leid\u017eia nustatyti pa\u0161ar\u0173 kiekius kiekvienai karvei individualiai arba karvi\u0173 grupei. Remdamasi informacija apie primil\u017e\u012f ir laktacijos dienas, programa gali nustatyti b\u016btina pa\u0161ar\u0173 kiek\u012f kiekvienai karvei individualiai. Nor\u0117damas naudotis \u0161ia programa, \u016bkininkas turi tur\u0117ti POLANES \u0161\u0117rimo stotel\u0119. \u016akininkas gali pasirinkti \u012fsigyti bandos valdymo sistem\u0105 be \u0161io modulio su perspektyva j\u0105 \u012fsidiegti ateityje. Be to, PASZOTEC MAITINIMAS su POLANES \u0161\u0117rimo stotele gali b\u016bti naudojama kaip atskira sistema, taigi be visos bendrai valdymo programos. Tokiu atveju, \u016bkininkas negali naudotis jokia informacija i\u0161 mel\u017eimo aik\u0161tel\u0117s, nustatant pa\u0161ar\u0173 kiekius galvijams, kadangi n\u0117ra tam reikalingos programos, \u012fra\u0161an\u010dios \u0161iuos duomenis. Tod\u0117l tai b\u016bt\u0173 \u016bkininko pareiga nustatyti pa\u0161ar\u0173 kiekius kiekvienai karvei individualiai. \u0160\u0117rimo stotel\u0117 turi anten\u0105, kuri atpa\u017e\u012fsta karv\u0119 pagal numer\u012f (u\u017ed\u0117t\u0105 ant karv\u0117s antkaklio) ir tokiu b\u016bdu sistema atpa\u017e\u012fsta karves at\u0117jusias \u012f \u0161\u0117rimo stotel\u0119.<\/li>\n<li>ATSKYRIMAS \u2013 tai karvi\u0173 atpa\u017einimo modulis, kuris leid\u017eia kai kurias i\u0161 j\u0173 atskirti, jei tam yra poreikis (pvz., sergan\u010dias, nemel\u017eiamas ir pan.). Prie atskyrimo atitvar\u0173 (tai gali b\u016bti 2-, 3- i\u0161\u0117jim\u0173 vartai) yra sumontuota antena, kuri nuskaito karv\u0117s numer\u012f ir nukreipia j\u0105 tinkama kryptimi (tai daroma atidarant arba u\u017edarant atitinkamos krypties vartus).<\/li>\n<\/ul>\n","protected":false},"excerpt":{"rendered":"<p>POLANES\u00a0rinkai pristato \u0161\u0117rimo stoteles\u00a0PASZOTEC\u00a0su individualia arba grupine \u0161\u0117rimo parinktimis su vis\u0105 par\u0105 veikian\u010diu dozavimu. \u0160\u0117rimo stotel\u0117 gali b\u016bti naudojama kaip savaranki\u0161ko arba kaip bandos valdymo sistema\u00a0INFODEX. POLANES PASZOTEC\u00a0\u0161\u0117rimo sistema: Karvi\u0173 bandos gerb\u016bvis labai priklauso nuo j\u0173 \u0161\u0117rimo. Kiekvienos karv\u0117s gerovei labai svarbus individualus maistini\u0173 med\u017eiag\u0173 suderinamumas bei porcij\u0173 dyd\u017eio nustatymas. Dideli kombinuot\u0173 pa\u0161ar\u0173, turting\u0173 maistin\u0117mis [&hellip;]<\/p>\n","protected":false},"featured_media":19168,"template":"","meta":{"_et_pb_use_builder":"","_et_pb_old_content":"","_et_gb_content_width":""},"product_brand":[],"product_cat":[109,113],"product_tag":[],"class_list":{"0":"post-3793","1":"product","2":"type-product","3":"status-publish","4":"has-post-thumbnail","6":"product_cat-sootmisseadmed","7":"product_cat-individuaalne-ja-ruhmasootmissusteem","9":"first","10":"instock","11":"shipping-taxable","12":"product-type-simple"},"yoast_head":"<!-- This site is optimized with the Yoast SEO plugin v26.4 - https:\/\/yoast.com\/wordpress\/plugins\/seo\/ -->\n<title>Individuali ir grupin\u0117 \u0161\u0117rimo sistema POLANES PASZOTEC - Specagra<\/title>\n<meta name=\"robots\" content=\"index, follow, max-snippet:-1, max-image-preview:large, max-video-preview:-1\" \/>\n<link rel=\"canonical\" href=\"https:\/\/www.specagra.ee\/?product=individuali-ir-grupine-serimo-sistema\" \/>\n<meta property=\"og:locale\" content=\"et_EE\" \/>\n<meta property=\"og:type\" content=\"article\" \/>\n<meta property=\"og:title\" content=\"Individuali ir grupin\u0117 \u0161\u0117rimo sistema POLANES PASZOTEC - Specagra\" \/>\n<meta property=\"og:description\" content=\"POLANES\u00a0rinkai pristato \u0161\u0117rimo stoteles\u00a0PASZOTEC\u00a0su individualia arba grupine \u0161\u0117rimo parinktimis su vis\u0105 par\u0105 veikian\u010diu dozavimu. \u0160\u0117rimo stotel\u0117 gali b\u016bti naudojama kaip savaranki\u0161ko arba kaip bandos valdymo sistema\u00a0INFODEX. POLANES PASZOTEC\u00a0\u0161\u0117rimo sistema: Karvi\u0173 bandos gerb\u016bvis labai priklauso nuo j\u0173 \u0161\u0117rimo. Kiekvienos karv\u0117s gerovei labai svarbus individualus maistini\u0173 med\u017eiag\u0173 suderinamumas bei porcij\u0173 dyd\u017eio nustatymas. Dideli kombinuot\u0173 pa\u0161ar\u0173, turting\u0173 maistin\u0117mis [&hellip;]\" \/>\n<meta property=\"og:url\" content=\"https:\/\/www.specagra.ee\/?product=individuali-ir-grupine-serimo-sistema\" \/>\n<meta property=\"og:site_name\" content=\"Specagra\" \/>\n<meta property=\"article:modified_time\" content=\"2023-04-14T08:20:20+00:00\" \/>\n<meta property=\"og:image\" content=\"https:\/\/www.specagra.ee\/wp-content\/uploads\/2020\/07\/Untitled-design145.jpg\" \/>\n\t<meta property=\"og:image:width\" content=\"800\" \/>\n\t<meta property=\"og:image:height\" content=\"800\" \/>\n\t<meta property=\"og:image:type\" content=\"image\/jpeg\" \/>\n<meta name=\"twitter:card\" content=\"summary_large_image\" \/>\n<meta name=\"twitter:label1\" content=\"Est. reading time\" \/>\n\t<meta name=\"twitter:data1\" content=\"7 minutit\" \/>\n<script type=\"application\/ld+json\" class=\"yoast-schema-graph\">{\"@context\":\"https:\/\/schema.org\",\"@graph\":[{\"@type\":\"WebPage\",\"@id\":\"https:\/\/www.specagra.ee\/?product=individuali-ir-grupine-serimo-sistema\",\"url\":\"https:\/\/www.specagra.ee\/?product=individuali-ir-grupine-serimo-sistema\",\"name\":\"Individuali ir grupin\u0117 \u0161\u0117rimo sistema POLANES PASZOTEC - Specagra\",\"isPartOf\":{\"@id\":\"https:\/\/www.specagra.ee\/#website\"},\"primaryImageOfPage\":{\"@id\":\"https:\/\/www.specagra.ee\/?product=individuali-ir-grupine-serimo-sistema#primaryimage\"},\"image\":{\"@id\":\"https:\/\/www.specagra.ee\/?product=individuali-ir-grupine-serimo-sistema#primaryimage\"},\"thumbnailUrl\":\"https:\/\/www.specagra.ee\/wp-content\/uploads\/2020\/07\/Untitled-design145.jpg\",\"datePublished\":\"2020-07-02T06:07:40+00:00\",\"dateModified\":\"2023-04-14T08:20:20+00:00\",\"breadcrumb\":{\"@id\":\"https:\/\/www.specagra.ee\/?product=individuali-ir-grupine-serimo-sistema#breadcrumb\"},\"inLanguage\":\"et\",\"potentialAction\":[{\"@type\":\"ReadAction\",\"target\":[\"https:\/\/www.specagra.ee\/?product=individuali-ir-grupine-serimo-sistema\"]}]},{\"@type\":\"ImageObject\",\"inLanguage\":\"et\",\"@id\":\"https:\/\/www.specagra.ee\/?product=individuali-ir-grupine-serimo-sistema#primaryimage\",\"url\":\"https:\/\/www.specagra.ee\/wp-content\/uploads\/2020\/07\/Untitled-design145.jpg\",\"contentUrl\":\"https:\/\/www.specagra.ee\/wp-content\/uploads\/2020\/07\/Untitled-design145.jpg\",\"width\":800,\"height\":800,\"caption\":\"Individuali ir grupin\u0117 \u0161\u0117rimo sistema\"},{\"@type\":\"BreadcrumbList\",\"@id\":\"https:\/\/www.specagra.ee\/?product=individuali-ir-grupine-serimo-sistema#breadcrumb\",\"itemListElement\":[{\"@type\":\"ListItem\",\"position\":1,\"name\":\"Home\",\"item\":\"https:\/\/www.specagra.ee\/\"},{\"@type\":\"ListItem\",\"position\":2,\"name\":\"P\u00f5llumajandustehnika ja loomakasvatus\",\"item\":\"https:\/\/specagra.ee\/?page_id=18493\"},{\"@type\":\"ListItem\",\"position\":3,\"name\":\"Individuali ir grupin\u0117 \u0161\u0117rimo sistema POLANES PASZOTEC\"}]},{\"@type\":\"WebSite\",\"@id\":\"https:\/\/www.specagra.ee\/#website\",\"url\":\"https:\/\/www.specagra.ee\/\",\"name\":\"Specagra\",\"description\":\"P\u00f5llumajandustehnika ja varuosad\",\"publisher\":{\"@id\":\"https:\/\/www.specagra.ee\/#organization\"},\"potentialAction\":[{\"@type\":\"SearchAction\",\"target\":{\"@type\":\"EntryPoint\",\"urlTemplate\":\"https:\/\/www.specagra.ee\/?s={search_term_string}\"},\"query-input\":{\"@type\":\"PropertyValueSpecification\",\"valueRequired\":true,\"valueName\":\"search_term_string\"}}],\"inLanguage\":\"et\"},{\"@type\":\"Organization\",\"@id\":\"https:\/\/www.specagra.ee\/#organization\",\"name\":\"UAB Specagra\",\"url\":\"https:\/\/www.specagra.ee\/\",\"logo\":{\"@type\":\"ImageObject\",\"inLanguage\":\"et\",\"@id\":\"https:\/\/www.specagra.ee\/#\/schema\/logo\/image\/\",\"url\":\"http:\/\/www.specagra.ee\/wp-content\/uploads\/2022\/02\/SP-logo_naujas-scaled.jpg\",\"contentUrl\":\"http:\/\/www.specagra.ee\/wp-content\/uploads\/2022\/02\/SP-logo_naujas-scaled.jpg\",\"width\":2560,\"height\":326,\"caption\":\"UAB Specagra\"},\"image\":{\"@id\":\"https:\/\/www.specagra.ee\/#\/schema\/logo\/image\/\"}}]}<\/script>\n<!-- \/ Yoast SEO plugin. -->","yoast_head_json":{"title":"Individuali ir grupin\u0117 \u0161\u0117rimo sistema POLANES PASZOTEC - Specagra","robots":{"index":"index","follow":"follow","max-snippet":"max-snippet:-1","max-image-preview":"max-image-preview:large","max-video-preview":"max-video-preview:-1"},"canonical":"https:\/\/www.specagra.ee\/?product=individuali-ir-grupine-serimo-sistema","og_locale":"et_EE","og_type":"article","og_title":"Individuali ir grupin\u0117 \u0161\u0117rimo sistema POLANES PASZOTEC - Specagra","og_description":"POLANES\u00a0rinkai pristato \u0161\u0117rimo stoteles\u00a0PASZOTEC\u00a0su individualia arba grupine \u0161\u0117rimo parinktimis su vis\u0105 par\u0105 veikian\u010diu dozavimu. \u0160\u0117rimo stotel\u0117 gali b\u016bti naudojama kaip savaranki\u0161ko arba kaip bandos valdymo sistema\u00a0INFODEX. POLANES PASZOTEC\u00a0\u0161\u0117rimo sistema: Karvi\u0173 bandos gerb\u016bvis labai priklauso nuo j\u0173 \u0161\u0117rimo. Kiekvienos karv\u0117s gerovei labai svarbus individualus maistini\u0173 med\u017eiag\u0173 suderinamumas bei porcij\u0173 dyd\u017eio nustatymas. Dideli kombinuot\u0173 pa\u0161ar\u0173, turting\u0173 maistin\u0117mis [&hellip;]","og_url":"https:\/\/www.specagra.ee\/?product=individuali-ir-grupine-serimo-sistema","og_site_name":"Specagra","article_modified_time":"2023-04-14T08:20:20+00:00","og_image":[{"width":800,"height":800,"url":"https:\/\/www.specagra.ee\/wp-content\/uploads\/2020\/07\/Untitled-design145.jpg","type":"image\/jpeg"}],"twitter_card":"summary_large_image","twitter_misc":{"Est. reading time":"7 minutit"},"schema":{"@context":"https:\/\/schema.org","@graph":[{"@type":"WebPage","@id":"https:\/\/www.specagra.ee\/?product=individuali-ir-grupine-serimo-sistema","url":"https:\/\/www.specagra.ee\/?product=individuali-ir-grupine-serimo-sistema","name":"Individuali ir grupin\u0117 \u0161\u0117rimo sistema POLANES PASZOTEC - Specagra","isPartOf":{"@id":"https:\/\/www.specagra.ee\/#website"},"primaryImageOfPage":{"@id":"https:\/\/www.specagra.ee\/?product=individuali-ir-grupine-serimo-sistema#primaryimage"},"image":{"@id":"https:\/\/www.specagra.ee\/?product=individuali-ir-grupine-serimo-sistema#primaryimage"},"thumbnailUrl":"https:\/\/www.specagra.ee\/wp-content\/uploads\/2020\/07\/Untitled-design145.jpg","datePublished":"2020-07-02T06:07:40+00:00","dateModified":"2023-04-14T08:20:20+00:00","breadcrumb":{"@id":"https:\/\/www.specagra.ee\/?product=individuali-ir-grupine-serimo-sistema#breadcrumb"},"inLanguage":"et","potentialAction":[{"@type":"ReadAction","target":["https:\/\/www.specagra.ee\/?product=individuali-ir-grupine-serimo-sistema"]}]},{"@type":"ImageObject","inLanguage":"et","@id":"https:\/\/www.specagra.ee\/?product=individuali-ir-grupine-serimo-sistema#primaryimage","url":"https:\/\/www.specagra.ee\/wp-content\/uploads\/2020\/07\/Untitled-design145.jpg","contentUrl":"https:\/\/www.specagra.ee\/wp-content\/uploads\/2020\/07\/Untitled-design145.jpg","width":800,"height":800,"caption":"Individuali ir grupin\u0117 \u0161\u0117rimo sistema"},{"@type":"BreadcrumbList","@id":"https:\/\/www.specagra.ee\/?product=individuali-ir-grupine-serimo-sistema#breadcrumb","itemListElement":[{"@type":"ListItem","position":1,"name":"Home","item":"https:\/\/www.specagra.ee\/"},{"@type":"ListItem","position":2,"name":"P\u00f5llumajandustehnika ja loomakasvatus","item":"https:\/\/specagra.ee\/?page_id=18493"},{"@type":"ListItem","position":3,"name":"Individuali ir grupin\u0117 \u0161\u0117rimo sistema POLANES PASZOTEC"}]},{"@type":"WebSite","@id":"https:\/\/www.specagra.ee\/#website","url":"https:\/\/www.specagra.ee\/","name":"Specagra","description":"P\u00f5llumajandustehnika ja varuosad","publisher":{"@id":"https:\/\/www.specagra.ee\/#organization"},"potentialAction":[{"@type":"SearchAction","target":{"@type":"EntryPoint","urlTemplate":"https:\/\/www.specagra.ee\/?s={search_term_string}"},"query-input":{"@type":"PropertyValueSpecification","valueRequired":true,"valueName":"search_term_string"}}],"inLanguage":"et"},{"@type":"Organization","@id":"https:\/\/www.specagra.ee\/#organization","name":"UAB Specagra","url":"https:\/\/www.specagra.ee\/","logo":{"@type":"ImageObject","inLanguage":"et","@id":"https:\/\/www.specagra.ee\/#\/schema\/logo\/image\/","url":"http:\/\/www.specagra.ee\/wp-content\/uploads\/2022\/02\/SP-logo_naujas-scaled.jpg","contentUrl":"http:\/\/www.specagra.ee\/wp-content\/uploads\/2022\/02\/SP-logo_naujas-scaled.jpg","width":2560,"height":326,"caption":"UAB Specagra"},"image":{"@id":"https:\/\/www.specagra.ee\/#\/schema\/logo\/image\/"}}]}},"_links":{"self":[{"href":"https:\/\/www.specagra.ee\/index.php?rest_route=\/wp\/v2\/product\/3793","targetHints":{"allow":["GET"]}}],"collection":[{"href":"https:\/\/www.specagra.ee\/index.php?rest_route=\/wp\/v2\/product"}],"about":[{"href":"https:\/\/www.specagra.ee\/index.php?rest_route=\/wp\/v2\/types\/product"}],"wp:featuredmedia":[{"embeddable":true,"href":"https:\/\/www.specagra.ee\/index.php?rest_route=\/wp\/v2\/media\/19168"}],"wp:attachment":[{"href":"https:\/\/www.specagra.ee\/index.php?rest_route=%2Fwp%2Fv2%2Fmedia&parent=3793"}],"wp:term":[{"taxonomy":"product_brand","embeddable":true,"href":"https:\/\/www.specagra.ee\/index.php?rest_route=%2Fwp%2Fv2%2Fproduct_brand&post=3793"},{"taxonomy":"product_cat","embeddable":true,"href":"https:\/\/www.specagra.ee\/index.php?rest_route=%2Fwp%2Fv2%2Fproduct_cat&post=3793"},{"taxonomy":"product_tag","embeddable":true,"href":"https:\/\/www.specagra.ee\/index.php?rest_route=%2Fwp%2Fv2%2Fproduct_tag&post=3793"}],"curies":[{"name":"wp","href":"https:\/\/api.w.org\/{rel}","templated":true}]}}