{"id":3737,"date":"2020-07-01T08:18:57","date_gmt":"2020-07-01T10:18:57","guid":{"rendered":"https:\/\/www.specagra.ee.nemokamossvetaines.hostingas.lt\/?post_type=product&#038;p=3737"},"modified":"2020-11-05T11:01:00","modified_gmt":"2020-11-05T13:01:00","slug":"ploksciadugnis-bokstas-farma-250","status":"publish","type":"product","link":"https:\/\/www.specagra.ee\/?product=ploksciadugnis-bokstas-farma-250","title":{"rendered":"Plok\u0161\u010diadugniai bok\u0161tai FARMA"},"content":{"rendered":"<p>Gr\u016bd\u0173 sand\u0117liavimo bok\u0161tas.\u00a0\u0160vedi\u0161ko plieno\u00a0profiliuoti skardos lak\u0161tai.\u00a0Speciali ypa\u010d stipri ir sandari stogo konstrukcija.\u00a0Lengvai surenkamas.\u00a0Special\u016bs \u0161oniniai sutvirtinimai.<\/p>\n<ul>\n<li>Special\u016bs \u0161oniniai sutvirtinimai;<\/li>\n<li>Galima padidinti talp\u0105 net ir po tam tikro laiko;<\/li>\n<li>Kop\u0117\u010dios iki u\u017epylimo angos su apsaugine tvorele;<\/li>\n<li>U\u017ekrovimo anga diametru 250 mm;<\/li>\n<li>Stogo ventiliavimo sistema;<\/li>\n<li>Stogo liukas;<\/li>\n<li>M\u0117gini\u0173 pa\u0117mimo anga, durys patekimui \u012f bok\u0161t\u0105;<\/li>\n<li>Parfuruotos kanalin\u0117s ventiliuojamos grindys (30 pr.);<\/li>\n<li>Ventiliavimo anga 160 mm;<\/li>\n<li>Profiliuota skarda;<\/li>\n<li>Alucinkas;<\/li>\n<\/ul>\n<p>Papildoma komplektacija:<\/p>\n<ul>\n<li>100 pr., ventiliuojamos parfuruotos grindys (montuojamos ant blokeli\u0173);<\/li>\n<li>\u0160oninio i\u0161krovimo vamzdis (naudojamas su sraigtiniu transporteriu);<\/li>\n<li>Apib\u0117gantis sraigtinis transporteris;<\/li>\n<li>Savasrautis ventiliatorius TURBOWENT;<\/li>\n<li>Betoniniai blokeliai;<\/li>\n<li>U\u017esipildymo daviklis;<\/li>\n<li>Temperat\u016bros matavimo sistema;<\/li>\n<li>U\u017ekrovimo\/i\u0161krovimo \u012franga;<\/li>\n<\/ul>\n","protected":false},"excerpt":{"rendered":"<p>Gr\u016bd\u0173 sand\u0117liavimo bok\u0161tas.\u00a0\u0160vedi\u0161ko plieno\u00a0profiliuoti skardos lak\u0161tai.\u00a0Speciali ypa\u010d stipri ir sandari stogo konstrukcija.\u00a0Lengvai surenkamas.\u00a0Special\u016bs \u0161oniniai sutvirtinimai. Special\u016bs \u0161oniniai sutvirtinimai; Galima padidinti talp\u0105 net ir po tam tikro laiko; Kop\u0117\u010dios iki u\u017epylimo angos su apsaugine tvorele; U\u017ekrovimo anga diametru 250 mm; Stogo ventiliavimo sistema; Stogo liukas; M\u0117gini\u0173 pa\u0117mimo anga, durys patekimui \u012f bok\u0161t\u0105; Parfuruotos kanalin\u0117s ventiliuojamos grindys [&hellip;]<\/p>\n","protected":false},"featured_media":14364,"template":"","meta":{"_et_pb_use_builder":"","_et_pb_old_content":"","_et_gb_content_width":""},"product_brand":[],"product_cat":[63],"product_tag":[],"class_list":{"0":"post-3737","1":"product","2":"type-product","3":"status-publish","4":"has-post-thumbnail","6":"product_cat-lamepohjalised-silohoidlad","8":"first","9":"instock","10":"shipping-taxable","11":"product-type-simple"},"yoast_head":"<!-- This site is optimized with the Yoast SEO plugin v26.4 - https:\/\/yoast.com\/wordpress\/plugins\/seo\/ -->\n<title>Plok\u0161\u010diadugniai bok\u0161tai FARMA - Specagra<\/title>\n<meta name=\"robots\" content=\"index, follow, max-snippet:-1, max-image-preview:large, max-video-preview:-1\" \/>\n<link rel=\"canonical\" href=\"https:\/\/www.specagra.ee\/?product=ploksciadugnis-bokstas-farma-250\" \/>\n<meta property=\"og:locale\" content=\"et_EE\" \/>\n<meta property=\"og:type\" content=\"article\" \/>\n<meta property=\"og:title\" content=\"Plok\u0161\u010diadugniai bok\u0161tai FARMA - Specagra\" \/>\n<meta property=\"og:description\" content=\"Gr\u016bd\u0173 sand\u0117liavimo bok\u0161tas.\u00a0\u0160vedi\u0161ko plieno\u00a0profiliuoti skardos lak\u0161tai.\u00a0Speciali ypa\u010d stipri ir sandari stogo konstrukcija.\u00a0Lengvai surenkamas.\u00a0Special\u016bs \u0161oniniai sutvirtinimai. Special\u016bs \u0161oniniai sutvirtinimai; Galima padidinti talp\u0105 net ir po tam tikro laiko; Kop\u0117\u010dios iki u\u017epylimo angos su apsaugine tvorele; U\u017ekrovimo anga diametru 250 mm; Stogo ventiliavimo sistema; Stogo liukas; M\u0117gini\u0173 pa\u0117mimo anga, durys patekimui \u012f bok\u0161t\u0105; Parfuruotos kanalin\u0117s ventiliuojamos grindys [&hellip;]\" \/>\n<meta property=\"og:url\" content=\"https:\/\/www.specagra.ee\/?product=ploksciadugnis-bokstas-farma-250\" \/>\n<meta property=\"og:site_name\" content=\"Specagra\" \/>\n<meta property=\"article:modified_time\" content=\"2020-11-05T13:01:00+00:00\" \/>\n<meta property=\"og:image\" content=\"https:\/\/www.specagra.ee\/wp-content\/uploads\/2020\/07\/unia-farma.jpg\" \/>\n\t<meta property=\"og:image:width\" content=\"460\" \/>\n\t<meta property=\"og:image:height\" content=\"556\" \/>\n\t<meta property=\"og:image:type\" content=\"image\/jpeg\" \/>\n<meta name=\"twitter:card\" content=\"summary_large_image\" \/>\n<meta name=\"twitter:label1\" content=\"Est. reading time\" \/>\n\t<meta name=\"twitter:data1\" content=\"1 minut\" \/>\n<script type=\"application\/ld+json\" class=\"yoast-schema-graph\">{\"@context\":\"https:\/\/schema.org\",\"@graph\":[{\"@type\":\"WebPage\",\"@id\":\"https:\/\/www.specagra.ee\/?product=ploksciadugnis-bokstas-farma-250\",\"url\":\"https:\/\/www.specagra.ee\/?product=ploksciadugnis-bokstas-farma-250\",\"name\":\"Plok\u0161\u010diadugniai bok\u0161tai FARMA - Specagra\",\"isPartOf\":{\"@id\":\"https:\/\/www.specagra.ee\/#website\"},\"primaryImageOfPage\":{\"@id\":\"https:\/\/www.specagra.ee\/?product=ploksciadugnis-bokstas-farma-250#primaryimage\"},\"image\":{\"@id\":\"https:\/\/www.specagra.ee\/?product=ploksciadugnis-bokstas-farma-250#primaryimage\"},\"thumbnailUrl\":\"https:\/\/www.specagra.ee\/wp-content\/uploads\/2020\/07\/unia-farma.jpg\",\"datePublished\":\"2020-07-01T10:18:57+00:00\",\"dateModified\":\"2020-11-05T13:01:00+00:00\",\"breadcrumb\":{\"@id\":\"https:\/\/www.specagra.ee\/?product=ploksciadugnis-bokstas-farma-250#breadcrumb\"},\"inLanguage\":\"et\",\"potentialAction\":[{\"@type\":\"ReadAction\",\"target\":[\"https:\/\/www.specagra.ee\/?product=ploksciadugnis-bokstas-farma-250\"]}]},{\"@type\":\"ImageObject\",\"inLanguage\":\"et\",\"@id\":\"https:\/\/www.specagra.ee\/?product=ploksciadugnis-bokstas-farma-250#primaryimage\",\"url\":\"https:\/\/www.specagra.ee\/wp-content\/uploads\/2020\/07\/unia-farma.jpg\",\"contentUrl\":\"https:\/\/www.specagra.ee\/wp-content\/uploads\/2020\/07\/unia-farma.jpg\",\"width\":460,\"height\":556,\"caption\":\"Plok\u0161\u010diadugniai bok\u0161tai FARMA\"},{\"@type\":\"BreadcrumbList\",\"@id\":\"https:\/\/www.specagra.ee\/?product=ploksciadugnis-bokstas-farma-250#breadcrumb\",\"itemListElement\":[{\"@type\":\"ListItem\",\"position\":1,\"name\":\"Home\",\"item\":\"https:\/\/www.specagra.ee\/\"},{\"@type\":\"ListItem\",\"position\":2,\"name\":\"P\u00f5llumajandustehnika ja loomakasvatus\",\"item\":\"https:\/\/specagra.ee\/?page_id=18493\"},{\"@type\":\"ListItem\",\"position\":3,\"name\":\"Plok\u0161\u010diadugniai bok\u0161tai FARMA\"}]},{\"@type\":\"WebSite\",\"@id\":\"https:\/\/www.specagra.ee\/#website\",\"url\":\"https:\/\/www.specagra.ee\/\",\"name\":\"Specagra\",\"description\":\"P\u00f5llumajandustehnika ja varuosad\",\"publisher\":{\"@id\":\"https:\/\/www.specagra.ee\/#organization\"},\"potentialAction\":[{\"@type\":\"SearchAction\",\"target\":{\"@type\":\"EntryPoint\",\"urlTemplate\":\"https:\/\/www.specagra.ee\/?s={search_term_string}\"},\"query-input\":{\"@type\":\"PropertyValueSpecification\",\"valueRequired\":true,\"valueName\":\"search_term_string\"}}],\"inLanguage\":\"et\"},{\"@type\":\"Organization\",\"@id\":\"https:\/\/www.specagra.ee\/#organization\",\"name\":\"UAB Specagra\",\"url\":\"https:\/\/www.specagra.ee\/\",\"logo\":{\"@type\":\"ImageObject\",\"inLanguage\":\"et\",\"@id\":\"https:\/\/www.specagra.ee\/#\/schema\/logo\/image\/\",\"url\":\"http:\/\/www.specagra.ee\/wp-content\/uploads\/2022\/02\/SP-logo_naujas-scaled.jpg\",\"contentUrl\":\"http:\/\/www.specagra.ee\/wp-content\/uploads\/2022\/02\/SP-logo_naujas-scaled.jpg\",\"width\":2560,\"height\":326,\"caption\":\"UAB Specagra\"},\"image\":{\"@id\":\"https:\/\/www.specagra.ee\/#\/schema\/logo\/image\/\"}}]}<\/script>\n<!-- \/ Yoast SEO plugin. -->","yoast_head_json":{"title":"Plok\u0161\u010diadugniai bok\u0161tai FARMA - Specagra","robots":{"index":"index","follow":"follow","max-snippet":"max-snippet:-1","max-image-preview":"max-image-preview:large","max-video-preview":"max-video-preview:-1"},"canonical":"https:\/\/www.specagra.ee\/?product=ploksciadugnis-bokstas-farma-250","og_locale":"et_EE","og_type":"article","og_title":"Plok\u0161\u010diadugniai bok\u0161tai FARMA - Specagra","og_description":"Gr\u016bd\u0173 sand\u0117liavimo bok\u0161tas.\u00a0\u0160vedi\u0161ko plieno\u00a0profiliuoti skardos lak\u0161tai.\u00a0Speciali ypa\u010d stipri ir sandari stogo konstrukcija.\u00a0Lengvai surenkamas.\u00a0Special\u016bs \u0161oniniai sutvirtinimai. Special\u016bs \u0161oniniai sutvirtinimai; Galima padidinti talp\u0105 net ir po tam tikro laiko; Kop\u0117\u010dios iki u\u017epylimo angos su apsaugine tvorele; U\u017ekrovimo anga diametru 250 mm; Stogo ventiliavimo sistema; Stogo liukas; M\u0117gini\u0173 pa\u0117mimo anga, durys patekimui \u012f bok\u0161t\u0105; Parfuruotos kanalin\u0117s ventiliuojamos grindys [&hellip;]","og_url":"https:\/\/www.specagra.ee\/?product=ploksciadugnis-bokstas-farma-250","og_site_name":"Specagra","article_modified_time":"2020-11-05T13:01:00+00:00","og_image":[{"width":460,"height":556,"url":"https:\/\/www.specagra.ee\/wp-content\/uploads\/2020\/07\/unia-farma.jpg","type":"image\/jpeg"}],"twitter_card":"summary_large_image","twitter_misc":{"Est. reading time":"1 minut"},"schema":{"@context":"https:\/\/schema.org","@graph":[{"@type":"WebPage","@id":"https:\/\/www.specagra.ee\/?product=ploksciadugnis-bokstas-farma-250","url":"https:\/\/www.specagra.ee\/?product=ploksciadugnis-bokstas-farma-250","name":"Plok\u0161\u010diadugniai bok\u0161tai FARMA - Specagra","isPartOf":{"@id":"https:\/\/www.specagra.ee\/#website"},"primaryImageOfPage":{"@id":"https:\/\/www.specagra.ee\/?product=ploksciadugnis-bokstas-farma-250#primaryimage"},"image":{"@id":"https:\/\/www.specagra.ee\/?product=ploksciadugnis-bokstas-farma-250#primaryimage"},"thumbnailUrl":"https:\/\/www.specagra.ee\/wp-content\/uploads\/2020\/07\/unia-farma.jpg","datePublished":"2020-07-01T10:18:57+00:00","dateModified":"2020-11-05T13:01:00+00:00","breadcrumb":{"@id":"https:\/\/www.specagra.ee\/?product=ploksciadugnis-bokstas-farma-250#breadcrumb"},"inLanguage":"et","potentialAction":[{"@type":"ReadAction","target":["https:\/\/www.specagra.ee\/?product=ploksciadugnis-bokstas-farma-250"]}]},{"@type":"ImageObject","inLanguage":"et","@id":"https:\/\/www.specagra.ee\/?product=ploksciadugnis-bokstas-farma-250#primaryimage","url":"https:\/\/www.specagra.ee\/wp-content\/uploads\/2020\/07\/unia-farma.jpg","contentUrl":"https:\/\/www.specagra.ee\/wp-content\/uploads\/2020\/07\/unia-farma.jpg","width":460,"height":556,"caption":"Plok\u0161\u010diadugniai bok\u0161tai FARMA"},{"@type":"BreadcrumbList","@id":"https:\/\/www.specagra.ee\/?product=ploksciadugnis-bokstas-farma-250#breadcrumb","itemListElement":[{"@type":"ListItem","position":1,"name":"Home","item":"https:\/\/www.specagra.ee\/"},{"@type":"ListItem","position":2,"name":"P\u00f5llumajandustehnika ja loomakasvatus","item":"https:\/\/specagra.ee\/?page_id=18493"},{"@type":"ListItem","position":3,"name":"Plok\u0161\u010diadugniai bok\u0161tai FARMA"}]},{"@type":"WebSite","@id":"https:\/\/www.specagra.ee\/#website","url":"https:\/\/www.specagra.ee\/","name":"Specagra","description":"P\u00f5llumajandustehnika ja varuosad","publisher":{"@id":"https:\/\/www.specagra.ee\/#organization"},"potentialAction":[{"@type":"SearchAction","target":{"@type":"EntryPoint","urlTemplate":"https:\/\/www.specagra.ee\/?s={search_term_string}"},"query-input":{"@type":"PropertyValueSpecification","valueRequired":true,"valueName":"search_term_string"}}],"inLanguage":"et"},{"@type":"Organization","@id":"https:\/\/www.specagra.ee\/#organization","name":"UAB Specagra","url":"https:\/\/www.specagra.ee\/","logo":{"@type":"ImageObject","inLanguage":"et","@id":"https:\/\/www.specagra.ee\/#\/schema\/logo\/image\/","url":"http:\/\/www.specagra.ee\/wp-content\/uploads\/2022\/02\/SP-logo_naujas-scaled.jpg","contentUrl":"http:\/\/www.specagra.ee\/wp-content\/uploads\/2022\/02\/SP-logo_naujas-scaled.jpg","width":2560,"height":326,"caption":"UAB Specagra"},"image":{"@id":"https:\/\/www.specagra.ee\/#\/schema\/logo\/image\/"}}]}},"_links":{"self":[{"href":"https:\/\/www.specagra.ee\/index.php?rest_route=\/wp\/v2\/product\/3737","targetHints":{"allow":["GET"]}}],"collection":[{"href":"https:\/\/www.specagra.ee\/index.php?rest_route=\/wp\/v2\/product"}],"about":[{"href":"https:\/\/www.specagra.ee\/index.php?rest_route=\/wp\/v2\/types\/product"}],"wp:featuredmedia":[{"embeddable":true,"href":"https:\/\/www.specagra.ee\/index.php?rest_route=\/wp\/v2\/media\/14364"}],"wp:attachment":[{"href":"https:\/\/www.specagra.ee\/index.php?rest_route=%2Fwp%2Fv2%2Fmedia&parent=3737"}],"wp:term":[{"taxonomy":"product_brand","embeddable":true,"href":"https:\/\/www.specagra.ee\/index.php?rest_route=%2Fwp%2Fv2%2Fproduct_brand&post=3737"},{"taxonomy":"product_cat","embeddable":true,"href":"https:\/\/www.specagra.ee\/index.php?rest_route=%2Fwp%2Fv2%2Fproduct_cat&post=3737"},{"taxonomy":"product_tag","embeddable":true,"href":"https:\/\/www.specagra.ee\/index.php?rest_route=%2Fwp%2Fv2%2Fproduct_tag&post=3737"}],"curies":[{"name":"wp","href":"https:\/\/api.w.org\/{rel}","templated":true}]}}