{"id":3667,"date":"2020-07-01T04:51:16","date_gmt":"2020-07-01T06:51:16","guid":{"rendered":"https:\/\/www.specagra.ee.nemokamossvetaines.hostingas.lt\/?post_type=product&#038;p=3667"},"modified":"2022-11-24T10:00:48","modified_gmt":"2022-11-24T12:00:48","slug":"kaupu-plevele","status":"publish","type":"product","link":"https:\/\/www.specagra.ee\/?product=kaupu-plevele","title":{"rendered":"Kombinuota kaup\u0173 pl\u0117vel\u0117 2in1"},"content":{"rendered":"<h5><strong>Kaup\u0173 ir vakuumin\u0117 pl\u0117vel\u0117 viename rulone<\/strong><\/h5>\n<ul>\n<li>Spalvos: juoda\/balta.<\/li>\n<li>Daugiasluoksn\u0117 COEX pl\u0117vel\u0117, skirta siloso tran\u0161\u0117joms, kaupams dengti.<\/li>\n<li>Pagaminta i\u0161 100% gryno polietileno, kas suteikia atsparum\u0105 prad\u016brimams bei tempimui.<\/li>\n<li>Pagerinti pa\u0161aro kokyb\u0119, rekomenduojame naudoti pl\u0117vel\u0119 pirmam sluoksniui (Unterfolija 40 mikron\u0173).<\/li>\n<li>Iki 50% ma\u017eiau darbo<\/li>\n<\/ul>\n<h2><strong>2 in 1 kombinuotos kaup\u0173 pl\u0117vel\u0117s:<\/strong><\/h2>\n<p><img loading=\"lazy\" decoding=\"async\" class=\"\" src=\"http:\/\/www.specagra.ee\/wp-content\/uploads\/2022\/11\/RKW-Hytidouble-Numbers.png\" alt=\"RKW Group - Hytidouble Numbers\" width=\"631\" height=\"355\" \/><\/p>\n<ol>\n<li>Skaidrus apatinis sluoksnis;<\/li>\n<li>\u0160viesa neprasiskverbia per vir\u0161utin\u012f sluoksn\u012f;<\/li>\n<li>Unikalus lankstymas garantuoja lengva i\u0161skleidim\u0105;<\/li>\n<li>Kaup\u0173 ir vakuumo pl\u0117vel\u0117 viename rulone;<\/li>\n<li>Gerai i\u0161silaikanti ir auk\u0161tos klas\u0117s kokybi\u0161ka pl\u0117vel\u0117;<\/li>\n<li>U\u017edenkite savo silosin\u0119 vienu kartu;<\/li>\n<li>Simetri\u0161kas ir greitas i\u0161lankstymas.<\/li>\n<\/ol>\n<p><img loading=\"lazy\" decoding=\"async\" class=\"\" src=\"http:\/\/www.specagra.ee\/wp-content\/uploads\/2022\/11\/RKW-Hytidouble-Icons-4-EN-286x300-1.jpg\" alt=\"RKW Group - Hytidouble-Icons\" width=\"210\" height=\"220\" \/><\/p>\n<p>Naudos:<\/p>\n<p><strong>Viskas viename:<\/strong><\/p>\n<ul>\n<li>Su Hytidouble J\u016bs gaunate kartu kaup\u0173 ir vakuumo pl\u0117vel\u0119 viename rulone<\/li>\n<\/ul>\n<p><img loading=\"lazy\" decoding=\"async\" class=\"\" src=\"http:\/\/www.specagra.ee\/wp-content\/uploads\/2022\/11\/RKW-Hytidouble-Icons-1-150x150-1.jpg\" alt=\"RKW Group - Hytidouble-Icons\" width=\"115\" height=\"115\" \/><\/p>\n<p><strong>Greitai ir lengvai:<\/strong><\/p>\n<ul>\n<li>Dvigubai grei\u010diau nei dengiant 2 atskiromis pl\u0117vel\u0117mis<\/li>\n<\/ul>\n<p><img loading=\"lazy\" decoding=\"async\" class=\"\" src=\"http:\/\/www.specagra.ee\/wp-content\/uploads\/2022\/11\/RKW-Hytidouble-Icons-2-150x150-1.jpg\" alt=\"RKW Group - Hytidouble-Icons\" width=\"122\" height=\"122\" \/><\/p>\n<p><strong>I\u0161vengiama prad\u016brimu:<\/strong><\/p>\n<ul>\n<li>Tiesiant vienu kartu abu sluoksnius, i\u0161vengiama prad\u016brim\u0173, kurie atsiranda tai darant tiesiant atskirus pl\u0117veli\u0173 sluoksnius paeiliui<\/li>\n<\/ul>\n<p><img loading=\"lazy\" decoding=\"async\" class=\"\" src=\"http:\/\/www.specagra.ee\/wp-content\/uploads\/2022\/11\/RKW-Hytidouble-Icons-3-150x150-1.jpg\" alt=\"RKW Group - Hytidouble-Icons\" width=\"130\" height=\"130\" \/><\/p>\n<p>Lengvas i\u0161skleidimas ir u\u017edengimas:<\/p>\n<p><img loading=\"lazy\" decoding=\"async\" class=\"\" src=\"http:\/\/www.specagra.ee\/wp-content\/uploads\/2022\/11\/RKW-Hytidouble-Numbers-2.jpg\" alt=\"RKW Group - Hytidouble-Numbers\" width=\"723\" height=\"236\" \/><\/p>\n<p>&nbsp;<\/p>\n","protected":false},"excerpt":{"rendered":"<p>Kaup\u0173 ir vakuumin\u0117 pl\u0117vel\u0117 viename rulone Spalvos: juoda\/balta. Daugiasluoksn\u0117 COEX pl\u0117vel\u0117, skirta siloso tran\u0161\u0117joms, kaupams dengti. Pagaminta i\u0161 100% gryno polietileno, kas suteikia atsparum\u0105 prad\u016brimams bei tempimui. Pagerinti pa\u0161aro kokyb\u0119, rekomenduojame naudoti pl\u0117vel\u0119 pirmam sluoksniui (Unterfolija 40 mikron\u0173). Iki 50% ma\u017eiau darbo 2 in 1 kombinuotos kaup\u0173 pl\u0117vel\u0117s: Skaidrus apatinis sluoksnis; \u0160viesa neprasiskverbia per vir\u0161utin\u012f [&hellip;]<\/p>\n","protected":false},"featured_media":19323,"template":"","meta":{"_et_pb_use_builder":"","_et_pb_old_content":"","_et_gb_content_width":""},"product_brand":[],"product_cat":[119],"product_tag":[],"class_list":{"0":"post-3667","1":"product","2":"type-product","3":"status-publish","4":"has-post-thumbnail","6":"product_cat-silokuhjade-kiled","8":"first","9":"instock","10":"shipping-taxable","11":"product-type-simple"},"yoast_head":"<!-- This site is optimized with the Yoast SEO plugin v26.4 - https:\/\/yoast.com\/wordpress\/plugins\/seo\/ -->\n<title>Kombinuota kaup\u0173 pl\u0117vel\u0117 2in1 - Specagra<\/title>\n<meta name=\"robots\" content=\"index, follow, max-snippet:-1, max-image-preview:large, max-video-preview:-1\" \/>\n<link rel=\"canonical\" href=\"https:\/\/www.specagra.ee\/?product=kaupu-plevele\" \/>\n<meta property=\"og:locale\" content=\"et_EE\" \/>\n<meta property=\"og:type\" content=\"article\" \/>\n<meta property=\"og:title\" content=\"Kombinuota kaup\u0173 pl\u0117vel\u0117 2in1 - Specagra\" \/>\n<meta property=\"og:description\" content=\"Kaup\u0173 ir vakuumin\u0117 pl\u0117vel\u0117 viename rulone Spalvos: juoda\/balta. Daugiasluoksn\u0117 COEX pl\u0117vel\u0117, skirta siloso tran\u0161\u0117joms, kaupams dengti. Pagaminta i\u0161 100% gryno polietileno, kas suteikia atsparum\u0105 prad\u016brimams bei tempimui. Pagerinti pa\u0161aro kokyb\u0119, rekomenduojame naudoti pl\u0117vel\u0119 pirmam sluoksniui (Unterfolija 40 mikron\u0173). Iki 50% ma\u017eiau darbo 2 in 1 kombinuotos kaup\u0173 pl\u0117vel\u0117s: Skaidrus apatinis sluoksnis; \u0160viesa neprasiskverbia per vir\u0161utin\u012f [&hellip;]\" \/>\n<meta property=\"og:url\" content=\"https:\/\/www.specagra.ee\/?product=kaupu-plevele\" \/>\n<meta property=\"og:site_name\" content=\"Specagra\" \/>\n<meta property=\"article:modified_time\" content=\"2022-11-24T12:00:48+00:00\" \/>\n<meta property=\"og:image\" content=\"https:\/\/www.specagra.ee\/wp-content\/uploads\/2020\/07\/Untitled-design172.jpg\" \/>\n\t<meta property=\"og:image:width\" content=\"800\" \/>\n\t<meta property=\"og:image:height\" content=\"800\" \/>\n\t<meta property=\"og:image:type\" content=\"image\/jpeg\" \/>\n<meta name=\"twitter:card\" content=\"summary_large_image\" \/>\n<meta name=\"twitter:label1\" content=\"Est. reading time\" \/>\n\t<meta name=\"twitter:data1\" content=\"2 minutit\" \/>\n<script type=\"application\/ld+json\" class=\"yoast-schema-graph\">{\"@context\":\"https:\/\/schema.org\",\"@graph\":[{\"@type\":\"WebPage\",\"@id\":\"https:\/\/www.specagra.ee\/?product=kaupu-plevele\",\"url\":\"https:\/\/www.specagra.ee\/?product=kaupu-plevele\",\"name\":\"Kombinuota kaup\u0173 pl\u0117vel\u0117 2in1 - Specagra\",\"isPartOf\":{\"@id\":\"https:\/\/www.specagra.ee\/#website\"},\"primaryImageOfPage\":{\"@id\":\"https:\/\/www.specagra.ee\/?product=kaupu-plevele#primaryimage\"},\"image\":{\"@id\":\"https:\/\/www.specagra.ee\/?product=kaupu-plevele#primaryimage\"},\"thumbnailUrl\":\"https:\/\/www.specagra.ee\/wp-content\/uploads\/2020\/07\/Untitled-design172.jpg\",\"datePublished\":\"2020-07-01T06:51:16+00:00\",\"dateModified\":\"2022-11-24T12:00:48+00:00\",\"breadcrumb\":{\"@id\":\"https:\/\/www.specagra.ee\/?product=kaupu-plevele#breadcrumb\"},\"inLanguage\":\"et\",\"potentialAction\":[{\"@type\":\"ReadAction\",\"target\":[\"https:\/\/www.specagra.ee\/?product=kaupu-plevele\"]}]},{\"@type\":\"ImageObject\",\"inLanguage\":\"et\",\"@id\":\"https:\/\/www.specagra.ee\/?product=kaupu-plevele#primaryimage\",\"url\":\"https:\/\/www.specagra.ee\/wp-content\/uploads\/2020\/07\/Untitled-design172.jpg\",\"contentUrl\":\"https:\/\/www.specagra.ee\/wp-content\/uploads\/2020\/07\/Untitled-design172.jpg\",\"width\":800,\"height\":800,\"caption\":\"Kombinuota kaup\u0173 pl\u0117vel\u0117 2in1\"},{\"@type\":\"BreadcrumbList\",\"@id\":\"https:\/\/www.specagra.ee\/?product=kaupu-plevele#breadcrumb\",\"itemListElement\":[{\"@type\":\"ListItem\",\"position\":1,\"name\":\"Home\",\"item\":\"https:\/\/www.specagra.ee\/\"},{\"@type\":\"ListItem\",\"position\":2,\"name\":\"P\u00f5llumajandustehnika ja loomakasvatus\",\"item\":\"https:\/\/specagra.ee\/?page_id=18493\"},{\"@type\":\"ListItem\",\"position\":3,\"name\":\"Kombinuota kaup\u0173 pl\u0117vel\u0117 2in1\"}]},{\"@type\":\"WebSite\",\"@id\":\"https:\/\/www.specagra.ee\/#website\",\"url\":\"https:\/\/www.specagra.ee\/\",\"name\":\"Specagra\",\"description\":\"P\u00f5llumajandustehnika ja varuosad\",\"publisher\":{\"@id\":\"https:\/\/www.specagra.ee\/#organization\"},\"potentialAction\":[{\"@type\":\"SearchAction\",\"target\":{\"@type\":\"EntryPoint\",\"urlTemplate\":\"https:\/\/www.specagra.ee\/?s={search_term_string}\"},\"query-input\":{\"@type\":\"PropertyValueSpecification\",\"valueRequired\":true,\"valueName\":\"search_term_string\"}}],\"inLanguage\":\"et\"},{\"@type\":\"Organization\",\"@id\":\"https:\/\/www.specagra.ee\/#organization\",\"name\":\"UAB Specagra\",\"url\":\"https:\/\/www.specagra.ee\/\",\"logo\":{\"@type\":\"ImageObject\",\"inLanguage\":\"et\",\"@id\":\"https:\/\/www.specagra.ee\/#\/schema\/logo\/image\/\",\"url\":\"http:\/\/www.specagra.ee\/wp-content\/uploads\/2022\/02\/SP-logo_naujas-scaled.jpg\",\"contentUrl\":\"http:\/\/www.specagra.ee\/wp-content\/uploads\/2022\/02\/SP-logo_naujas-scaled.jpg\",\"width\":2560,\"height\":326,\"caption\":\"UAB Specagra\"},\"image\":{\"@id\":\"https:\/\/www.specagra.ee\/#\/schema\/logo\/image\/\"}}]}<\/script>\n<!-- \/ Yoast SEO plugin. -->","yoast_head_json":{"title":"Kombinuota kaup\u0173 pl\u0117vel\u0117 2in1 - Specagra","robots":{"index":"index","follow":"follow","max-snippet":"max-snippet:-1","max-image-preview":"max-image-preview:large","max-video-preview":"max-video-preview:-1"},"canonical":"https:\/\/www.specagra.ee\/?product=kaupu-plevele","og_locale":"et_EE","og_type":"article","og_title":"Kombinuota kaup\u0173 pl\u0117vel\u0117 2in1 - Specagra","og_description":"Kaup\u0173 ir vakuumin\u0117 pl\u0117vel\u0117 viename rulone Spalvos: juoda\/balta. Daugiasluoksn\u0117 COEX pl\u0117vel\u0117, skirta siloso tran\u0161\u0117joms, kaupams dengti. Pagaminta i\u0161 100% gryno polietileno, kas suteikia atsparum\u0105 prad\u016brimams bei tempimui. Pagerinti pa\u0161aro kokyb\u0119, rekomenduojame naudoti pl\u0117vel\u0119 pirmam sluoksniui (Unterfolija 40 mikron\u0173). Iki 50% ma\u017eiau darbo 2 in 1 kombinuotos kaup\u0173 pl\u0117vel\u0117s: Skaidrus apatinis sluoksnis; \u0160viesa neprasiskverbia per vir\u0161utin\u012f [&hellip;]","og_url":"https:\/\/www.specagra.ee\/?product=kaupu-plevele","og_site_name":"Specagra","article_modified_time":"2022-11-24T12:00:48+00:00","og_image":[{"width":800,"height":800,"url":"https:\/\/www.specagra.ee\/wp-content\/uploads\/2020\/07\/Untitled-design172.jpg","type":"image\/jpeg"}],"twitter_card":"summary_large_image","twitter_misc":{"Est. reading time":"2 minutit"},"schema":{"@context":"https:\/\/schema.org","@graph":[{"@type":"WebPage","@id":"https:\/\/www.specagra.ee\/?product=kaupu-plevele","url":"https:\/\/www.specagra.ee\/?product=kaupu-plevele","name":"Kombinuota kaup\u0173 pl\u0117vel\u0117 2in1 - Specagra","isPartOf":{"@id":"https:\/\/www.specagra.ee\/#website"},"primaryImageOfPage":{"@id":"https:\/\/www.specagra.ee\/?product=kaupu-plevele#primaryimage"},"image":{"@id":"https:\/\/www.specagra.ee\/?product=kaupu-plevele#primaryimage"},"thumbnailUrl":"https:\/\/www.specagra.ee\/wp-content\/uploads\/2020\/07\/Untitled-design172.jpg","datePublished":"2020-07-01T06:51:16+00:00","dateModified":"2022-11-24T12:00:48+00:00","breadcrumb":{"@id":"https:\/\/www.specagra.ee\/?product=kaupu-plevele#breadcrumb"},"inLanguage":"et","potentialAction":[{"@type":"ReadAction","target":["https:\/\/www.specagra.ee\/?product=kaupu-plevele"]}]},{"@type":"ImageObject","inLanguage":"et","@id":"https:\/\/www.specagra.ee\/?product=kaupu-plevele#primaryimage","url":"https:\/\/www.specagra.ee\/wp-content\/uploads\/2020\/07\/Untitled-design172.jpg","contentUrl":"https:\/\/www.specagra.ee\/wp-content\/uploads\/2020\/07\/Untitled-design172.jpg","width":800,"height":800,"caption":"Kombinuota kaup\u0173 pl\u0117vel\u0117 2in1"},{"@type":"BreadcrumbList","@id":"https:\/\/www.specagra.ee\/?product=kaupu-plevele#breadcrumb","itemListElement":[{"@type":"ListItem","position":1,"name":"Home","item":"https:\/\/www.specagra.ee\/"},{"@type":"ListItem","position":2,"name":"P\u00f5llumajandustehnika ja loomakasvatus","item":"https:\/\/specagra.ee\/?page_id=18493"},{"@type":"ListItem","position":3,"name":"Kombinuota kaup\u0173 pl\u0117vel\u0117 2in1"}]},{"@type":"WebSite","@id":"https:\/\/www.specagra.ee\/#website","url":"https:\/\/www.specagra.ee\/","name":"Specagra","description":"P\u00f5llumajandustehnika ja varuosad","publisher":{"@id":"https:\/\/www.specagra.ee\/#organization"},"potentialAction":[{"@type":"SearchAction","target":{"@type":"EntryPoint","urlTemplate":"https:\/\/www.specagra.ee\/?s={search_term_string}"},"query-input":{"@type":"PropertyValueSpecification","valueRequired":true,"valueName":"search_term_string"}}],"inLanguage":"et"},{"@type":"Organization","@id":"https:\/\/www.specagra.ee\/#organization","name":"UAB Specagra","url":"https:\/\/www.specagra.ee\/","logo":{"@type":"ImageObject","inLanguage":"et","@id":"https:\/\/www.specagra.ee\/#\/schema\/logo\/image\/","url":"http:\/\/www.specagra.ee\/wp-content\/uploads\/2022\/02\/SP-logo_naujas-scaled.jpg","contentUrl":"http:\/\/www.specagra.ee\/wp-content\/uploads\/2022\/02\/SP-logo_naujas-scaled.jpg","width":2560,"height":326,"caption":"UAB Specagra"},"image":{"@id":"https:\/\/www.specagra.ee\/#\/schema\/logo\/image\/"}}]}},"_links":{"self":[{"href":"https:\/\/www.specagra.ee\/index.php?rest_route=\/wp\/v2\/product\/3667","targetHints":{"allow":["GET"]}}],"collection":[{"href":"https:\/\/www.specagra.ee\/index.php?rest_route=\/wp\/v2\/product"}],"about":[{"href":"https:\/\/www.specagra.ee\/index.php?rest_route=\/wp\/v2\/types\/product"}],"wp:featuredmedia":[{"embeddable":true,"href":"https:\/\/www.specagra.ee\/index.php?rest_route=\/wp\/v2\/media\/19323"}],"wp:attachment":[{"href":"https:\/\/www.specagra.ee\/index.php?rest_route=%2Fwp%2Fv2%2Fmedia&parent=3667"}],"wp:term":[{"taxonomy":"product_brand","embeddable":true,"href":"https:\/\/www.specagra.ee\/index.php?rest_route=%2Fwp%2Fv2%2Fproduct_brand&post=3667"},{"taxonomy":"product_cat","embeddable":true,"href":"https:\/\/www.specagra.ee\/index.php?rest_route=%2Fwp%2Fv2%2Fproduct_cat&post=3667"},{"taxonomy":"product_tag","embeddable":true,"href":"https:\/\/www.specagra.ee\/index.php?rest_route=%2Fwp%2Fv2%2Fproduct_tag&post=3667"}],"curies":[{"name":"wp","href":"https:\/\/api.w.org\/{rel}","templated":true}]}}