{"id":3663,"date":"2020-07-01T04:42:57","date_gmt":"2020-07-01T06:42:57","guid":{"rendered":"https:\/\/www.specagra.ee.nemokamossvetaines.hostingas.lt\/?post_type=product&#038;p=3663"},"modified":"2024-11-08T05:43:18","modified_gmt":"2024-11-08T07:43:18","slug":"siloso-rankoves","status":"publish","type":"product","link":"https:\/\/www.specagra.ee\/?product=siloso-rankoves","title":{"rendered":"Siloso rankov\u0117"},"content":{"rendered":"<p>\u201ee7 Hitybag\u00ae\u201c &#8211; pirmoji pasaulyje 7 sluoksni\u0173 4-14 p\u0117d\u0173 skersmens siloso rankov\u0117..<br \/>\nNaujoji RKW e7 technologija puikiai atitinka pagrindinius \u0161iandienos \u017eem\u0117s \u016bkio reikalavimus: geriau i\u0161saugo pa\u0161arus ir gr\u016bdus, i\u0161laiko auk\u0161t\u0105 maistin\u0119 vert\u0119 ilg\u0105 laik\u0105.<\/p>\n<ul>\n<li>Puikus sprendimas, u\u017etikrinantis auk\u0161t\u0105 pa\u0161ar\u0173 kokyb\u0119<\/li>\n<li>Didelis na\u0161umas ir \u012frodytas ilgaam\u017ei\u0161kumas<\/li>\n<li>Apsauga nuo UV spinduli\u0173 iki 18 m\u0117nesi\u0173<\/li>\n<li>Siloso rankov\u0117 pagamintas i\u0161 100 % gryno m<span class=\"BxUVEf ILfuVd\" lang=\"lt\"><span class=\"hgKElc\">a\u017eo tankio polietileno <\/span><\/span>LDPE<\/li>\n<li>Lengva prie\u017ei\u016bra<\/li>\n<li>Tempiamoji juostel\u0117 optimaliam u\u017epildymui<\/li>\n<\/ul>\n","protected":false},"excerpt":{"rendered":"<p>\u201ee7 Hitybag\u00ae\u201c &#8211; pirmoji pasaulyje 7 sluoksni\u0173 4-14 p\u0117d\u0173 skersmens siloso rankov\u0117.. Naujoji RKW e7 technologija puikiai atitinka pagrindinius \u0161iandienos \u017eem\u0117s \u016bkio reikalavimus: geriau i\u0161saugo pa\u0161arus ir gr\u016bdus, i\u0161laiko auk\u0161t\u0105 maistin\u0119 vert\u0119 ilg\u0105 laik\u0105. Puikus sprendimas, u\u017etikrinantis auk\u0161t\u0105 pa\u0161ar\u0173 kokyb\u0119 Didelis na\u0161umas ir \u012frodytas ilgaam\u017ei\u0161kumas Apsauga nuo UV spinduli\u0173 iki 18 m\u0117nesi\u0173 Siloso rankov\u0117 pagamintas [&hellip;]<\/p>\n","protected":false},"featured_media":3587,"template":"","meta":{"_et_pb_use_builder":"","_et_pb_old_content":"","_et_gb_content_width":""},"product_brand":[],"product_cat":[124],"product_tag":[],"class_list":{"0":"post-3663","1":"product","2":"type-product","3":"status-publish","4":"has-post-thumbnail","6":"product_cat-silokotid","8":"first","9":"instock","10":"shipping-taxable","11":"product-type-simple"},"yoast_head":"<!-- This site is optimized with the Yoast SEO plugin v26.4 - https:\/\/yoast.com\/wordpress\/plugins\/seo\/ -->\n<title>Siloso rankov\u0117 - Specagra<\/title>\n<meta name=\"robots\" content=\"index, follow, max-snippet:-1, max-image-preview:large, max-video-preview:-1\" \/>\n<link rel=\"canonical\" href=\"https:\/\/www.specagra.ee\/?product=siloso-rankoves\" \/>\n<meta property=\"og:locale\" content=\"et_EE\" \/>\n<meta property=\"og:type\" content=\"article\" \/>\n<meta property=\"og:title\" content=\"Siloso rankov\u0117 - Specagra\" \/>\n<meta property=\"og:description\" content=\"\u201ee7 Hitybag\u00ae\u201c &#8211; pirmoji pasaulyje 7 sluoksni\u0173 4-14 p\u0117d\u0173 skersmens siloso rankov\u0117.. Naujoji RKW e7 technologija puikiai atitinka pagrindinius \u0161iandienos \u017eem\u0117s \u016bkio reikalavimus: geriau i\u0161saugo pa\u0161arus ir gr\u016bdus, i\u0161laiko auk\u0161t\u0105 maistin\u0119 vert\u0119 ilg\u0105 laik\u0105. Puikus sprendimas, u\u017etikrinantis auk\u0161t\u0105 pa\u0161ar\u0173 kokyb\u0119 Didelis na\u0161umas ir \u012frodytas ilgaam\u017ei\u0161kumas Apsauga nuo UV spinduli\u0173 iki 18 m\u0117nesi\u0173 Siloso rankov\u0117 pagamintas [&hellip;]\" \/>\n<meta property=\"og:url\" content=\"https:\/\/www.specagra.ee\/?product=siloso-rankoves\" \/>\n<meta property=\"og:site_name\" content=\"Specagra\" \/>\n<meta property=\"article:modified_time\" content=\"2024-11-08T07:43:18+00:00\" \/>\n<meta property=\"og:image\" content=\"https:\/\/www.specagra.ee\/wp-content\/uploads\/2020\/06\/RKW_Webseite_Hytibag-Intro-gespiegelt-2017-360x360-1.jpg\" \/>\n\t<meta property=\"og:image:width\" content=\"360\" \/>\n\t<meta property=\"og:image:height\" content=\"360\" \/>\n\t<meta property=\"og:image:type\" content=\"image\/jpeg\" \/>\n<meta name=\"twitter:card\" content=\"summary_large_image\" \/>\n<meta name=\"twitter:label1\" content=\"Est. reading time\" \/>\n\t<meta name=\"twitter:data1\" content=\"1 minut\" \/>\n<script type=\"application\/ld+json\" class=\"yoast-schema-graph\">{\"@context\":\"https:\/\/schema.org\",\"@graph\":[{\"@type\":\"WebPage\",\"@id\":\"https:\/\/www.specagra.ee\/?product=siloso-rankoves\",\"url\":\"https:\/\/www.specagra.ee\/?product=siloso-rankoves\",\"name\":\"Siloso rankov\u0117 - Specagra\",\"isPartOf\":{\"@id\":\"https:\/\/www.specagra.ee\/#website\"},\"primaryImageOfPage\":{\"@id\":\"https:\/\/www.specagra.ee\/?product=siloso-rankoves#primaryimage\"},\"image\":{\"@id\":\"https:\/\/www.specagra.ee\/?product=siloso-rankoves#primaryimage\"},\"thumbnailUrl\":\"https:\/\/www.specagra.ee\/wp-content\/uploads\/2020\/06\/RKW_Webseite_Hytibag-Intro-gespiegelt-2017-360x360-1.jpg\",\"datePublished\":\"2020-07-01T06:42:57+00:00\",\"dateModified\":\"2024-11-08T07:43:18+00:00\",\"breadcrumb\":{\"@id\":\"https:\/\/www.specagra.ee\/?product=siloso-rankoves#breadcrumb\"},\"inLanguage\":\"et\",\"potentialAction\":[{\"@type\":\"ReadAction\",\"target\":[\"https:\/\/www.specagra.ee\/?product=siloso-rankoves\"]}]},{\"@type\":\"ImageObject\",\"inLanguage\":\"et\",\"@id\":\"https:\/\/www.specagra.ee\/?product=siloso-rankoves#primaryimage\",\"url\":\"https:\/\/www.specagra.ee\/wp-content\/uploads\/2020\/06\/RKW_Webseite_Hytibag-Intro-gespiegelt-2017-360x360-1.jpg\",\"contentUrl\":\"https:\/\/www.specagra.ee\/wp-content\/uploads\/2020\/06\/RKW_Webseite_Hytibag-Intro-gespiegelt-2017-360x360-1.jpg\",\"width\":360,\"height\":360},{\"@type\":\"BreadcrumbList\",\"@id\":\"https:\/\/www.specagra.ee\/?product=siloso-rankoves#breadcrumb\",\"itemListElement\":[{\"@type\":\"ListItem\",\"position\":1,\"name\":\"Home\",\"item\":\"https:\/\/www.specagra.ee\/\"},{\"@type\":\"ListItem\",\"position\":2,\"name\":\"P\u00f5llumajandustehnika ja loomakasvatus\",\"item\":\"https:\/\/specagra.ee\/?page_id=18493\"},{\"@type\":\"ListItem\",\"position\":3,\"name\":\"Siloso rankov\u0117\"}]},{\"@type\":\"WebSite\",\"@id\":\"https:\/\/www.specagra.ee\/#website\",\"url\":\"https:\/\/www.specagra.ee\/\",\"name\":\"Specagra\",\"description\":\"P\u00f5llumajandustehnika ja varuosad\",\"publisher\":{\"@id\":\"https:\/\/www.specagra.ee\/#organization\"},\"potentialAction\":[{\"@type\":\"SearchAction\",\"target\":{\"@type\":\"EntryPoint\",\"urlTemplate\":\"https:\/\/www.specagra.ee\/?s={search_term_string}\"},\"query-input\":{\"@type\":\"PropertyValueSpecification\",\"valueRequired\":true,\"valueName\":\"search_term_string\"}}],\"inLanguage\":\"et\"},{\"@type\":\"Organization\",\"@id\":\"https:\/\/www.specagra.ee\/#organization\",\"name\":\"UAB Specagra\",\"url\":\"https:\/\/www.specagra.ee\/\",\"logo\":{\"@type\":\"ImageObject\",\"inLanguage\":\"et\",\"@id\":\"https:\/\/www.specagra.ee\/#\/schema\/logo\/image\/\",\"url\":\"http:\/\/www.specagra.ee\/wp-content\/uploads\/2022\/02\/SP-logo_naujas-scaled.jpg\",\"contentUrl\":\"http:\/\/www.specagra.ee\/wp-content\/uploads\/2022\/02\/SP-logo_naujas-scaled.jpg\",\"width\":2560,\"height\":326,\"caption\":\"UAB Specagra\"},\"image\":{\"@id\":\"https:\/\/www.specagra.ee\/#\/schema\/logo\/image\/\"}}]}<\/script>\n<!-- \/ Yoast SEO plugin. -->","yoast_head_json":{"title":"Siloso rankov\u0117 - Specagra","robots":{"index":"index","follow":"follow","max-snippet":"max-snippet:-1","max-image-preview":"max-image-preview:large","max-video-preview":"max-video-preview:-1"},"canonical":"https:\/\/www.specagra.ee\/?product=siloso-rankoves","og_locale":"et_EE","og_type":"article","og_title":"Siloso rankov\u0117 - Specagra","og_description":"\u201ee7 Hitybag\u00ae\u201c &#8211; pirmoji pasaulyje 7 sluoksni\u0173 4-14 p\u0117d\u0173 skersmens siloso rankov\u0117.. Naujoji RKW e7 technologija puikiai atitinka pagrindinius \u0161iandienos \u017eem\u0117s \u016bkio reikalavimus: geriau i\u0161saugo pa\u0161arus ir gr\u016bdus, i\u0161laiko auk\u0161t\u0105 maistin\u0119 vert\u0119 ilg\u0105 laik\u0105. Puikus sprendimas, u\u017etikrinantis auk\u0161t\u0105 pa\u0161ar\u0173 kokyb\u0119 Didelis na\u0161umas ir \u012frodytas ilgaam\u017ei\u0161kumas Apsauga nuo UV spinduli\u0173 iki 18 m\u0117nesi\u0173 Siloso rankov\u0117 pagamintas [&hellip;]","og_url":"https:\/\/www.specagra.ee\/?product=siloso-rankoves","og_site_name":"Specagra","article_modified_time":"2024-11-08T07:43:18+00:00","og_image":[{"width":360,"height":360,"url":"https:\/\/www.specagra.ee\/wp-content\/uploads\/2020\/06\/RKW_Webseite_Hytibag-Intro-gespiegelt-2017-360x360-1.jpg","type":"image\/jpeg"}],"twitter_card":"summary_large_image","twitter_misc":{"Est. reading time":"1 minut"},"schema":{"@context":"https:\/\/schema.org","@graph":[{"@type":"WebPage","@id":"https:\/\/www.specagra.ee\/?product=siloso-rankoves","url":"https:\/\/www.specagra.ee\/?product=siloso-rankoves","name":"Siloso rankov\u0117 - Specagra","isPartOf":{"@id":"https:\/\/www.specagra.ee\/#website"},"primaryImageOfPage":{"@id":"https:\/\/www.specagra.ee\/?product=siloso-rankoves#primaryimage"},"image":{"@id":"https:\/\/www.specagra.ee\/?product=siloso-rankoves#primaryimage"},"thumbnailUrl":"https:\/\/www.specagra.ee\/wp-content\/uploads\/2020\/06\/RKW_Webseite_Hytibag-Intro-gespiegelt-2017-360x360-1.jpg","datePublished":"2020-07-01T06:42:57+00:00","dateModified":"2024-11-08T07:43:18+00:00","breadcrumb":{"@id":"https:\/\/www.specagra.ee\/?product=siloso-rankoves#breadcrumb"},"inLanguage":"et","potentialAction":[{"@type":"ReadAction","target":["https:\/\/www.specagra.ee\/?product=siloso-rankoves"]}]},{"@type":"ImageObject","inLanguage":"et","@id":"https:\/\/www.specagra.ee\/?product=siloso-rankoves#primaryimage","url":"https:\/\/www.specagra.ee\/wp-content\/uploads\/2020\/06\/RKW_Webseite_Hytibag-Intro-gespiegelt-2017-360x360-1.jpg","contentUrl":"https:\/\/www.specagra.ee\/wp-content\/uploads\/2020\/06\/RKW_Webseite_Hytibag-Intro-gespiegelt-2017-360x360-1.jpg","width":360,"height":360},{"@type":"BreadcrumbList","@id":"https:\/\/www.specagra.ee\/?product=siloso-rankoves#breadcrumb","itemListElement":[{"@type":"ListItem","position":1,"name":"Home","item":"https:\/\/www.specagra.ee\/"},{"@type":"ListItem","position":2,"name":"P\u00f5llumajandustehnika ja loomakasvatus","item":"https:\/\/specagra.ee\/?page_id=18493"},{"@type":"ListItem","position":3,"name":"Siloso rankov\u0117"}]},{"@type":"WebSite","@id":"https:\/\/www.specagra.ee\/#website","url":"https:\/\/www.specagra.ee\/","name":"Specagra","description":"P\u00f5llumajandustehnika ja varuosad","publisher":{"@id":"https:\/\/www.specagra.ee\/#organization"},"potentialAction":[{"@type":"SearchAction","target":{"@type":"EntryPoint","urlTemplate":"https:\/\/www.specagra.ee\/?s={search_term_string}"},"query-input":{"@type":"PropertyValueSpecification","valueRequired":true,"valueName":"search_term_string"}}],"inLanguage":"et"},{"@type":"Organization","@id":"https:\/\/www.specagra.ee\/#organization","name":"UAB Specagra","url":"https:\/\/www.specagra.ee\/","logo":{"@type":"ImageObject","inLanguage":"et","@id":"https:\/\/www.specagra.ee\/#\/schema\/logo\/image\/","url":"http:\/\/www.specagra.ee\/wp-content\/uploads\/2022\/02\/SP-logo_naujas-scaled.jpg","contentUrl":"http:\/\/www.specagra.ee\/wp-content\/uploads\/2022\/02\/SP-logo_naujas-scaled.jpg","width":2560,"height":326,"caption":"UAB Specagra"},"image":{"@id":"https:\/\/www.specagra.ee\/#\/schema\/logo\/image\/"}}]}},"_links":{"self":[{"href":"https:\/\/www.specagra.ee\/index.php?rest_route=\/wp\/v2\/product\/3663","targetHints":{"allow":["GET"]}}],"collection":[{"href":"https:\/\/www.specagra.ee\/index.php?rest_route=\/wp\/v2\/product"}],"about":[{"href":"https:\/\/www.specagra.ee\/index.php?rest_route=\/wp\/v2\/types\/product"}],"wp:featuredmedia":[{"embeddable":true,"href":"https:\/\/www.specagra.ee\/index.php?rest_route=\/wp\/v2\/media\/3587"}],"wp:attachment":[{"href":"https:\/\/www.specagra.ee\/index.php?rest_route=%2Fwp%2Fv2%2Fmedia&parent=3663"}],"wp:term":[{"taxonomy":"product_brand","embeddable":true,"href":"https:\/\/www.specagra.ee\/index.php?rest_route=%2Fwp%2Fv2%2Fproduct_brand&post=3663"},{"taxonomy":"product_cat","embeddable":true,"href":"https:\/\/www.specagra.ee\/index.php?rest_route=%2Fwp%2Fv2%2Fproduct_cat&post=3663"},{"taxonomy":"product_tag","embeddable":true,"href":"https:\/\/www.specagra.ee\/index.php?rest_route=%2Fwp%2Fv2%2Fproduct_tag&post=3663"}],"curies":[{"name":"wp","href":"https:\/\/api.w.org\/{rel}","templated":true}]}}