{"id":3493,"date":"2020-06-30T04:54:53","date_gmt":"2020-06-30T06:54:53","guid":{"rendered":"https:\/\/www.specagra.ee.nemokamossvetaines.hostingas.lt\/?post_type=product&#038;p=3493"},"modified":"2022-11-21T11:08:59","modified_gmt":"2022-11-21T13:08:59","slug":"maisytuvas-dalytuvas-romet-romet-2","status":"publish","type":"product","link":"https:\/\/www.specagra.ee\/?product=maisytuvas-dalytuvas-romet-romet-2","title":{"rendered":"Mai\u0161ytuvas &#8211; dalytuvas ROMET"},"content":{"rendered":"<p>Prikabinamas savikrovis ry\u0161uli\u0173 smulkintuvas su skleistuvu, naudojamas \u0161ieno, \u0161iaud\u0173 ir \u0161ienainio sta\u010diakampiams ry\u0161uliams arba apvaliems ritiniams.<\/p>\n<ul>\n<li>Ry\u0161uli\u0173 pakrovimui naudojamas hidrauli\u0161kai valdomas, atver\u010diams galinis dangtis.<\/li>\n<li>Ry\u0161ulys pakraunamas \u012f kamer\u0105 ant i\u0161ilginio grandiklio transporterio, kuriuo stumiamas link smulkintuvo.<\/li>\n<li>Smulkinimo b\u016bgnas specialiai pritaikytas ry\u0161uli\u0173 kapojimui, teikia smulkint\u0105 mas\u0119 \u012f skleidimo sistem\u0105.<\/li>\n<li>Skleistuvas reguliuojamas dvejomis kryptimis horizontalia 220\u00b0 ir vertikalia, kuria kei\u010diamas paskleidimo atstumas.<\/li>\n<li>Skleistuvo korpus\u0105 galima persukti \u012f de\u0161in\u0119 arba \u012f kair\u0119 pus\u0119.<\/li>\n<li>I\u0161ilginio transporterio greit\u012f galima keisti, tuo pa\u010diu yra kei\u010diamas ir skleid\u017eiamos mas\u0117s kiekis.<\/li>\n<\/ul>\n","protected":false},"excerpt":{"rendered":"<p>Prikabinamas savikrovis ry\u0161uli\u0173 smulkintuvas su skleistuvu, naudojamas \u0161ieno, \u0161iaud\u0173 ir \u0161ienainio sta\u010diakampiams ry\u0161uliams arba apvaliems ritiniams. Ry\u0161uli\u0173 pakrovimui naudojamas hidrauli\u0161kai valdomas, atver\u010diams galinis dangtis. Ry\u0161ulys pakraunamas \u012f kamer\u0105 ant i\u0161ilginio grandiklio transporterio, kuriuo stumiamas link smulkintuvo. Smulkinimo b\u016bgnas specialiai pritaikytas ry\u0161uli\u0173 kapojimui, teikia smulkint\u0105 mas\u0119 \u012f skleidimo sistem\u0105. Skleistuvas reguliuojamas dvejomis kryptimis horizontalia 220\u00b0 ir [&hellip;]<\/p>\n","protected":false},"featured_media":19289,"template":"","meta":{"_acf_changed":false},"product_brand":[],"product_cat":[94,74,111],"product_tag":[],"class_list":{"0":"post-3493","1":"product","2":"type-product","3":"status-publish","4":"has-post-thumbnail","6":"product_cat-jaoturid-segajad","7":"product_cat-loomasoodaks-valmistamise-tehnika","8":"product_cat-soodasigistid-jaoturid","10":"first","11":"instock","12":"shipping-taxable","13":"product-type-simple"},"acf":[],"yoast_head":"<!-- This site is optimized with the Yoast SEO plugin v27.4 - https:\/\/yoast.com\/product\/yoast-seo-wordpress\/ -->\n<title>Mai\u0161ytuvas - dalytuvas ROMET - Specagra<\/title>\n<meta name=\"robots\" content=\"index, follow, max-snippet:-1, max-image-preview:large, max-video-preview:-1\" \/>\n<link rel=\"canonical\" href=\"https:\/\/www.specagra.ee\/?product=maisytuvas-dalytuvas-romet-romet-2\" \/>\n<meta property=\"og:locale\" content=\"et_EE\" \/>\n<meta property=\"og:type\" content=\"article\" \/>\n<meta property=\"og:title\" content=\"Mai\u0161ytuvas - dalytuvas ROMET - Specagra\" \/>\n<meta property=\"og:description\" content=\"Prikabinamas savikrovis ry\u0161uli\u0173 smulkintuvas su skleistuvu, naudojamas \u0161ieno, \u0161iaud\u0173 ir \u0161ienainio sta\u010diakampiams ry\u0161uliams arba apvaliems ritiniams. Ry\u0161uli\u0173 pakrovimui naudojamas hidrauli\u0161kai valdomas, atver\u010diams galinis dangtis. Ry\u0161ulys pakraunamas \u012f kamer\u0105 ant i\u0161ilginio grandiklio transporterio, kuriuo stumiamas link smulkintuvo. Smulkinimo b\u016bgnas specialiai pritaikytas ry\u0161uli\u0173 kapojimui, teikia smulkint\u0105 mas\u0119 \u012f skleidimo sistem\u0105. Skleistuvas reguliuojamas dvejomis kryptimis horizontalia 220\u00b0 ir [&hellip;]\" \/>\n<meta property=\"og:url\" content=\"https:\/\/www.specagra.ee\/?product=maisytuvas-dalytuvas-romet-romet-2\" \/>\n<meta property=\"og:site_name\" content=\"Specagra\" \/>\n<meta property=\"article:modified_time\" content=\"2022-11-21T13:08:59+00:00\" \/>\n<meta property=\"og:image\" content=\"https:\/\/www.specagra.ee\/wp-content\/uploads\/2020\/06\/rozmital-SP4.jpg\" \/>\n\t<meta property=\"og:image:width\" content=\"896\" \/>\n\t<meta property=\"og:image:height\" content=\"503\" \/>\n\t<meta property=\"og:image:type\" content=\"image\/jpeg\" \/>\n<meta name=\"twitter:card\" content=\"summary_large_image\" \/>\n<meta name=\"twitter:label1\" content=\"Est. reading time\" \/>\n\t<meta name=\"twitter:data1\" content=\"1 minut\" \/>\n<script type=\"application\/ld+json\" class=\"yoast-schema-graph\">{\"@context\":\"https:\\\/\\\/schema.org\",\"@graph\":[{\"@type\":\"WebPage\",\"@id\":\"https:\\\/\\\/www.specagra.ee\\\/?product=maisytuvas-dalytuvas-romet-romet-2\",\"url\":\"https:\\\/\\\/www.specagra.ee\\\/?product=maisytuvas-dalytuvas-romet-romet-2\",\"name\":\"Mai\u0161ytuvas - dalytuvas ROMET - Specagra\",\"isPartOf\":{\"@id\":\"https:\\\/\\\/www.specagra.ee\\\/#website\"},\"primaryImageOfPage\":{\"@id\":\"https:\\\/\\\/www.specagra.ee\\\/?product=maisytuvas-dalytuvas-romet-romet-2#primaryimage\"},\"image\":{\"@id\":\"https:\\\/\\\/www.specagra.ee\\\/?product=maisytuvas-dalytuvas-romet-romet-2#primaryimage\"},\"thumbnailUrl\":\"https:\\\/\\\/www.specagra.ee\\\/wp-content\\\/uploads\\\/2020\\\/06\\\/rozmital-SP4.jpg\",\"datePublished\":\"2020-06-30T06:54:53+00:00\",\"dateModified\":\"2022-11-21T13:08:59+00:00\",\"breadcrumb\":{\"@id\":\"https:\\\/\\\/www.specagra.ee\\\/?product=maisytuvas-dalytuvas-romet-romet-2#breadcrumb\"},\"inLanguage\":\"et\",\"potentialAction\":[{\"@type\":\"ReadAction\",\"target\":[\"https:\\\/\\\/www.specagra.ee\\\/?product=maisytuvas-dalytuvas-romet-romet-2\"]}]},{\"@type\":\"ImageObject\",\"inLanguage\":\"et\",\"@id\":\"https:\\\/\\\/www.specagra.ee\\\/?product=maisytuvas-dalytuvas-romet-romet-2#primaryimage\",\"url\":\"https:\\\/\\\/www.specagra.ee\\\/wp-content\\\/uploads\\\/2020\\\/06\\\/rozmital-SP4.jpg\",\"contentUrl\":\"https:\\\/\\\/www.specagra.ee\\\/wp-content\\\/uploads\\\/2020\\\/06\\\/rozmital-SP4.jpg\",\"width\":896,\"height\":503,\"caption\":\"Mai\u0161ytuvas - dalytuvas ROMET\"},{\"@type\":\"BreadcrumbList\",\"@id\":\"https:\\\/\\\/www.specagra.ee\\\/?product=maisytuvas-dalytuvas-romet-romet-2#breadcrumb\",\"itemListElement\":[{\"@type\":\"ListItem\",\"position\":1,\"name\":\"Home\",\"item\":\"https:\\\/\\\/www.specagra.ee\\\/\"},{\"@type\":\"ListItem\",\"position\":2,\"name\":\"P\u00f5llumajandustehnika ja loomakasvatus\",\"item\":\"https:\\\/\\\/www.specagra.ee\\\/?page_id=18493\"},{\"@type\":\"ListItem\",\"position\":3,\"name\":\"Mai\u0161ytuvas &#8211; dalytuvas ROMET\"}]},{\"@type\":\"WebSite\",\"@id\":\"https:\\\/\\\/www.specagra.ee\\\/#website\",\"url\":\"https:\\\/\\\/www.specagra.ee\\\/\",\"name\":\"Specagra\",\"description\":\"P\u00f5llumajandustehnika ja varuosad\",\"publisher\":{\"@id\":\"https:\\\/\\\/www.specagra.ee\\\/#organization\"},\"potentialAction\":[{\"@type\":\"SearchAction\",\"target\":{\"@type\":\"EntryPoint\",\"urlTemplate\":\"https:\\\/\\\/www.specagra.ee\\\/?s={search_term_string}\"},\"query-input\":{\"@type\":\"PropertyValueSpecification\",\"valueRequired\":true,\"valueName\":\"search_term_string\"}}],\"inLanguage\":\"et\"},{\"@type\":\"Organization\",\"@id\":\"https:\\\/\\\/www.specagra.ee\\\/#organization\",\"name\":\"UAB Specagra\",\"url\":\"https:\\\/\\\/www.specagra.ee\\\/\",\"logo\":{\"@type\":\"ImageObject\",\"inLanguage\":\"et\",\"@id\":\"https:\\\/\\\/www.specagra.ee\\\/#\\\/schema\\\/logo\\\/image\\\/\",\"url\":\"http:\\\/\\\/www.specagra.ee\\\/wp-content\\\/uploads\\\/2022\\\/02\\\/SP-logo_naujas-scaled.jpg\",\"contentUrl\":\"http:\\\/\\\/www.specagra.ee\\\/wp-content\\\/uploads\\\/2022\\\/02\\\/SP-logo_naujas-scaled.jpg\",\"width\":2560,\"height\":326,\"caption\":\"UAB Specagra\"},\"image\":{\"@id\":\"https:\\\/\\\/www.specagra.ee\\\/#\\\/schema\\\/logo\\\/image\\\/\"}}]}<\/script>\n<!-- \/ Yoast SEO plugin. -->","yoast_head_json":{"title":"Mai\u0161ytuvas - dalytuvas ROMET - Specagra","robots":{"index":"index","follow":"follow","max-snippet":"max-snippet:-1","max-image-preview":"max-image-preview:large","max-video-preview":"max-video-preview:-1"},"canonical":"https:\/\/www.specagra.ee\/?product=maisytuvas-dalytuvas-romet-romet-2","og_locale":"et_EE","og_type":"article","og_title":"Mai\u0161ytuvas - dalytuvas ROMET - Specagra","og_description":"Prikabinamas savikrovis ry\u0161uli\u0173 smulkintuvas su skleistuvu, naudojamas \u0161ieno, \u0161iaud\u0173 ir \u0161ienainio sta\u010diakampiams ry\u0161uliams arba apvaliems ritiniams. Ry\u0161uli\u0173 pakrovimui naudojamas hidrauli\u0161kai valdomas, atver\u010diams galinis dangtis. Ry\u0161ulys pakraunamas \u012f kamer\u0105 ant i\u0161ilginio grandiklio transporterio, kuriuo stumiamas link smulkintuvo. Smulkinimo b\u016bgnas specialiai pritaikytas ry\u0161uli\u0173 kapojimui, teikia smulkint\u0105 mas\u0119 \u012f skleidimo sistem\u0105. Skleistuvas reguliuojamas dvejomis kryptimis horizontalia 220\u00b0 ir [&hellip;]","og_url":"https:\/\/www.specagra.ee\/?product=maisytuvas-dalytuvas-romet-romet-2","og_site_name":"Specagra","article_modified_time":"2022-11-21T13:08:59+00:00","og_image":[{"width":896,"height":503,"url":"https:\/\/www.specagra.ee\/wp-content\/uploads\/2020\/06\/rozmital-SP4.jpg","type":"image\/jpeg"}],"twitter_card":"summary_large_image","twitter_misc":{"Est. reading time":"1 minut"},"schema":{"@context":"https:\/\/schema.org","@graph":[{"@type":"WebPage","@id":"https:\/\/www.specagra.ee\/?product=maisytuvas-dalytuvas-romet-romet-2","url":"https:\/\/www.specagra.ee\/?product=maisytuvas-dalytuvas-romet-romet-2","name":"Mai\u0161ytuvas - dalytuvas ROMET - Specagra","isPartOf":{"@id":"https:\/\/www.specagra.ee\/#website"},"primaryImageOfPage":{"@id":"https:\/\/www.specagra.ee\/?product=maisytuvas-dalytuvas-romet-romet-2#primaryimage"},"image":{"@id":"https:\/\/www.specagra.ee\/?product=maisytuvas-dalytuvas-romet-romet-2#primaryimage"},"thumbnailUrl":"https:\/\/www.specagra.ee\/wp-content\/uploads\/2020\/06\/rozmital-SP4.jpg","datePublished":"2020-06-30T06:54:53+00:00","dateModified":"2022-11-21T13:08:59+00:00","breadcrumb":{"@id":"https:\/\/www.specagra.ee\/?product=maisytuvas-dalytuvas-romet-romet-2#breadcrumb"},"inLanguage":"et","potentialAction":[{"@type":"ReadAction","target":["https:\/\/www.specagra.ee\/?product=maisytuvas-dalytuvas-romet-romet-2"]}]},{"@type":"ImageObject","inLanguage":"et","@id":"https:\/\/www.specagra.ee\/?product=maisytuvas-dalytuvas-romet-romet-2#primaryimage","url":"https:\/\/www.specagra.ee\/wp-content\/uploads\/2020\/06\/rozmital-SP4.jpg","contentUrl":"https:\/\/www.specagra.ee\/wp-content\/uploads\/2020\/06\/rozmital-SP4.jpg","width":896,"height":503,"caption":"Mai\u0161ytuvas - dalytuvas ROMET"},{"@type":"BreadcrumbList","@id":"https:\/\/www.specagra.ee\/?product=maisytuvas-dalytuvas-romet-romet-2#breadcrumb","itemListElement":[{"@type":"ListItem","position":1,"name":"Home","item":"https:\/\/www.specagra.ee\/"},{"@type":"ListItem","position":2,"name":"P\u00f5llumajandustehnika ja loomakasvatus","item":"https:\/\/www.specagra.ee\/?page_id=18493"},{"@type":"ListItem","position":3,"name":"Mai\u0161ytuvas &#8211; dalytuvas ROMET"}]},{"@type":"WebSite","@id":"https:\/\/www.specagra.ee\/#website","url":"https:\/\/www.specagra.ee\/","name":"Specagra","description":"P\u00f5llumajandustehnika ja varuosad","publisher":{"@id":"https:\/\/www.specagra.ee\/#organization"},"potentialAction":[{"@type":"SearchAction","target":{"@type":"EntryPoint","urlTemplate":"https:\/\/www.specagra.ee\/?s={search_term_string}"},"query-input":{"@type":"PropertyValueSpecification","valueRequired":true,"valueName":"search_term_string"}}],"inLanguage":"et"},{"@type":"Organization","@id":"https:\/\/www.specagra.ee\/#organization","name":"UAB Specagra","url":"https:\/\/www.specagra.ee\/","logo":{"@type":"ImageObject","inLanguage":"et","@id":"https:\/\/www.specagra.ee\/#\/schema\/logo\/image\/","url":"http:\/\/www.specagra.ee\/wp-content\/uploads\/2022\/02\/SP-logo_naujas-scaled.jpg","contentUrl":"http:\/\/www.specagra.ee\/wp-content\/uploads\/2022\/02\/SP-logo_naujas-scaled.jpg","width":2560,"height":326,"caption":"UAB Specagra"},"image":{"@id":"https:\/\/www.specagra.ee\/#\/schema\/logo\/image\/"}}]}},"_links":{"self":[{"href":"https:\/\/www.specagra.ee\/index.php?rest_route=\/wp\/v2\/product\/3493","targetHints":{"allow":["GET"]}}],"collection":[{"href":"https:\/\/www.specagra.ee\/index.php?rest_route=\/wp\/v2\/product"}],"about":[{"href":"https:\/\/www.specagra.ee\/index.php?rest_route=\/wp\/v2\/types\/product"}],"wp:featuredmedia":[{"embeddable":true,"href":"https:\/\/www.specagra.ee\/index.php?rest_route=\/wp\/v2\/media\/19289"}],"wp:attachment":[{"href":"https:\/\/www.specagra.ee\/index.php?rest_route=%2Fwp%2Fv2%2Fmedia&parent=3493"}],"wp:term":[{"taxonomy":"product_brand","embeddable":true,"href":"https:\/\/www.specagra.ee\/index.php?rest_route=%2Fwp%2Fv2%2Fproduct_brand&post=3493"},{"taxonomy":"product_cat","embeddable":true,"href":"https:\/\/www.specagra.ee\/index.php?rest_route=%2Fwp%2Fv2%2Fproduct_cat&post=3493"},{"taxonomy":"product_tag","embeddable":true,"href":"https:\/\/www.specagra.ee\/index.php?rest_route=%2Fwp%2Fv2%2Fproduct_tag&post=3493"}],"curies":[{"name":"wp","href":"https:\/\/api.w.org\/{rel}","templated":true}]}}