{"id":31794,"date":"2023-07-25T10:42:16","date_gmt":"2023-07-25T12:42:16","guid":{"rendered":"https:\/\/www.specagra.ee\/?post_type=product&#038;p=31794"},"modified":"2023-07-31T09:46:03","modified_gmt":"2023-07-31T11:46:03","slug":"stiklo-pluosto-verseliu-nameliai","status":"publish","type":"product","link":"https:\/\/www.specagra.ee\/?product=stiklo-pluosto-verseliu-nameliai","title":{"rendered":"Stiklo pluo\u0161to ver\u0161eli\u0173 nameliai"},"content":{"rendered":"<p>Ver\u0161eli\u0173 nameliai skirti naudoti lauke, jie atspar\u016bs UV spinduliams. Ver\u0161eli\u0173 nameliai yra baltos spalvos, tod\u0117l atspindi saul\u0117s \u0161vies\u0105, kas neleid\u017eia nameliui prikaisti. \u017diem\u0105 stiklo pluo\u0161to savyb\u0117s i\u0161laiko ideali\u0105 temperat\u016br\u0105 namelio viduje.<br \/>\nLygus stiklo pluo\u0161to namelio pavir\u0161ius neleid\u017eia daugintis bakterijoms, kurios kenkia ver\u0161eli\u0173 sveikatai. Ver\u0161eli\u0173 nameliai yra su kar\u0161tai cinkuoto metalo aptvarais ir priedais, kas u\u017etikrina kokybi\u0161k\u0105 ver\u0161elio prie\u017ei\u016br\u0105.<br \/>\nVisa konstrukcija yra patvari (tarnavimo laikas daugiau kaip 20 met\u0173 ) lengva, lengvai surenkama, pakeliama arba esant poreikiui visi\u0161kai nuimama.<\/p>\n","protected":false},"excerpt":{"rendered":"<p>Ver\u0161eli\u0173 nameliai skirti naudoti lauke, jie atspar\u016bs UV spinduliams. Ver\u0161eli\u0173 nameliai yra baltos spalvos, tod\u0117l atspindi saul\u0117s \u0161vies\u0105, kas neleid\u017eia nameliui prikaisti. \u017diem\u0105 stiklo pluo\u0161to savyb\u0117s i\u0161laiko ideali\u0105 temperat\u016br\u0105 namelio viduje. Lygus stiklo pluo\u0161to namelio pavir\u0161ius neleid\u017eia daugintis bakterijoms, kurios kenkia ver\u0161eli\u0173 sveikatai. Ver\u0161eli\u0173 nameliai yra su kar\u0161tai cinkuoto metalo aptvarais ir priedais, kas u\u017etikrina [&hellip;]<\/p>\n","protected":false},"featured_media":31795,"template":"","meta":{"_et_pb_use_builder":"","_et_pb_old_content":"","_et_gb_content_width":""},"product_brand":[],"product_cat":[155],"product_tag":[],"class_list":{"0":"post-31794","1":"product","2":"type-product","3":"status-publish","4":"has-post-thumbnail","6":"product_cat-vasikate-varjualused-ja-aedikud","8":"first","9":"instock","10":"shipping-taxable","11":"product-type-simple"},"yoast_head":"<!-- This site is optimized with the Yoast SEO plugin v26.4 - https:\/\/yoast.com\/wordpress\/plugins\/seo\/ -->\n<title>Stiklo pluo\u0161to ver\u0161eli\u0173 nameliai - Specagra<\/title>\n<meta name=\"robots\" content=\"index, follow, max-snippet:-1, max-image-preview:large, max-video-preview:-1\" \/>\n<link rel=\"canonical\" href=\"https:\/\/www.specagra.ee\/?product=stiklo-pluosto-verseliu-nameliai\" \/>\n<meta property=\"og:locale\" content=\"et_EE\" \/>\n<meta property=\"og:type\" content=\"article\" \/>\n<meta property=\"og:title\" content=\"Stiklo pluo\u0161to ver\u0161eli\u0173 nameliai - Specagra\" \/>\n<meta property=\"og:description\" content=\"Ver\u0161eli\u0173 nameliai skirti naudoti lauke, jie atspar\u016bs UV spinduliams. Ver\u0161eli\u0173 nameliai yra baltos spalvos, tod\u0117l atspindi saul\u0117s \u0161vies\u0105, kas neleid\u017eia nameliui prikaisti. \u017diem\u0105 stiklo pluo\u0161to savyb\u0117s i\u0161laiko ideali\u0105 temperat\u016br\u0105 namelio viduje. Lygus stiklo pluo\u0161to namelio pavir\u0161ius neleid\u017eia daugintis bakterijoms, kurios kenkia ver\u0161eli\u0173 sveikatai. Ver\u0161eli\u0173 nameliai yra su kar\u0161tai cinkuoto metalo aptvarais ir priedais, kas u\u017etikrina [&hellip;]\" \/>\n<meta property=\"og:url\" content=\"https:\/\/www.specagra.ee\/?product=stiklo-pluosto-verseliu-nameliai\" \/>\n<meta property=\"og:site_name\" content=\"Specagra\" \/>\n<meta property=\"article:modified_time\" content=\"2023-07-31T11:46:03+00:00\" \/>\n<meta property=\"og:image\" content=\"https:\/\/www.specagra.ee\/wp-content\/uploads\/2023\/07\/Untitled-design-51.jpg\" \/>\n\t<meta property=\"og:image:width\" content=\"800\" \/>\n\t<meta property=\"og:image:height\" content=\"800\" \/>\n\t<meta property=\"og:image:type\" content=\"image\/jpeg\" \/>\n<meta name=\"twitter:card\" content=\"summary_large_image\" \/>\n<meta name=\"twitter:label1\" content=\"Est. reading time\" \/>\n\t<meta name=\"twitter:data1\" content=\"1 minut\" \/>\n<script type=\"application\/ld+json\" class=\"yoast-schema-graph\">{\"@context\":\"https:\/\/schema.org\",\"@graph\":[{\"@type\":\"WebPage\",\"@id\":\"https:\/\/www.specagra.ee\/?product=stiklo-pluosto-verseliu-nameliai\",\"url\":\"https:\/\/www.specagra.ee\/?product=stiklo-pluosto-verseliu-nameliai\",\"name\":\"Stiklo pluo\u0161to ver\u0161eli\u0173 nameliai - Specagra\",\"isPartOf\":{\"@id\":\"https:\/\/www.specagra.ee\/#website\"},\"primaryImageOfPage\":{\"@id\":\"https:\/\/www.specagra.ee\/?product=stiklo-pluosto-verseliu-nameliai#primaryimage\"},\"image\":{\"@id\":\"https:\/\/www.specagra.ee\/?product=stiklo-pluosto-verseliu-nameliai#primaryimage\"},\"thumbnailUrl\":\"https:\/\/www.specagra.ee\/wp-content\/uploads\/2023\/07\/Untitled-design-51.jpg\",\"datePublished\":\"2023-07-25T12:42:16+00:00\",\"dateModified\":\"2023-07-31T11:46:03+00:00\",\"breadcrumb\":{\"@id\":\"https:\/\/www.specagra.ee\/?product=stiklo-pluosto-verseliu-nameliai#breadcrumb\"},\"inLanguage\":\"et\",\"potentialAction\":[{\"@type\":\"ReadAction\",\"target\":[\"https:\/\/www.specagra.ee\/?product=stiklo-pluosto-verseliu-nameliai\"]}]},{\"@type\":\"ImageObject\",\"inLanguage\":\"et\",\"@id\":\"https:\/\/www.specagra.ee\/?product=stiklo-pluosto-verseliu-nameliai#primaryimage\",\"url\":\"https:\/\/www.specagra.ee\/wp-content\/uploads\/2023\/07\/Untitled-design-51.jpg\",\"contentUrl\":\"https:\/\/www.specagra.ee\/wp-content\/uploads\/2023\/07\/Untitled-design-51.jpg\",\"width\":800,\"height\":800},{\"@type\":\"BreadcrumbList\",\"@id\":\"https:\/\/www.specagra.ee\/?product=stiklo-pluosto-verseliu-nameliai#breadcrumb\",\"itemListElement\":[{\"@type\":\"ListItem\",\"position\":1,\"name\":\"Home\",\"item\":\"https:\/\/www.specagra.ee\/\"},{\"@type\":\"ListItem\",\"position\":2,\"name\":\"P\u00f5llumajandustehnika ja loomakasvatus\",\"item\":\"https:\/\/specagra.ee\/?page_id=18493\"},{\"@type\":\"ListItem\",\"position\":3,\"name\":\"Stiklo pluo\u0161to ver\u0161eli\u0173 nameliai\"}]},{\"@type\":\"WebSite\",\"@id\":\"https:\/\/www.specagra.ee\/#website\",\"url\":\"https:\/\/www.specagra.ee\/\",\"name\":\"Specagra\",\"description\":\"P\u00f5llumajandustehnika ja varuosad\",\"publisher\":{\"@id\":\"https:\/\/www.specagra.ee\/#organization\"},\"potentialAction\":[{\"@type\":\"SearchAction\",\"target\":{\"@type\":\"EntryPoint\",\"urlTemplate\":\"https:\/\/www.specagra.ee\/?s={search_term_string}\"},\"query-input\":{\"@type\":\"PropertyValueSpecification\",\"valueRequired\":true,\"valueName\":\"search_term_string\"}}],\"inLanguage\":\"et\"},{\"@type\":\"Organization\",\"@id\":\"https:\/\/www.specagra.ee\/#organization\",\"name\":\"UAB Specagra\",\"url\":\"https:\/\/www.specagra.ee\/\",\"logo\":{\"@type\":\"ImageObject\",\"inLanguage\":\"et\",\"@id\":\"https:\/\/www.specagra.ee\/#\/schema\/logo\/image\/\",\"url\":\"http:\/\/www.specagra.ee\/wp-content\/uploads\/2022\/02\/SP-logo_naujas-scaled.jpg\",\"contentUrl\":\"http:\/\/www.specagra.ee\/wp-content\/uploads\/2022\/02\/SP-logo_naujas-scaled.jpg\",\"width\":2560,\"height\":326,\"caption\":\"UAB Specagra\"},\"image\":{\"@id\":\"https:\/\/www.specagra.ee\/#\/schema\/logo\/image\/\"}}]}<\/script>\n<!-- \/ Yoast SEO plugin. -->","yoast_head_json":{"title":"Stiklo pluo\u0161to ver\u0161eli\u0173 nameliai - Specagra","robots":{"index":"index","follow":"follow","max-snippet":"max-snippet:-1","max-image-preview":"max-image-preview:large","max-video-preview":"max-video-preview:-1"},"canonical":"https:\/\/www.specagra.ee\/?product=stiklo-pluosto-verseliu-nameliai","og_locale":"et_EE","og_type":"article","og_title":"Stiklo pluo\u0161to ver\u0161eli\u0173 nameliai - Specagra","og_description":"Ver\u0161eli\u0173 nameliai skirti naudoti lauke, jie atspar\u016bs UV spinduliams. Ver\u0161eli\u0173 nameliai yra baltos spalvos, tod\u0117l atspindi saul\u0117s \u0161vies\u0105, kas neleid\u017eia nameliui prikaisti. \u017diem\u0105 stiklo pluo\u0161to savyb\u0117s i\u0161laiko ideali\u0105 temperat\u016br\u0105 namelio viduje. Lygus stiklo pluo\u0161to namelio pavir\u0161ius neleid\u017eia daugintis bakterijoms, kurios kenkia ver\u0161eli\u0173 sveikatai. Ver\u0161eli\u0173 nameliai yra su kar\u0161tai cinkuoto metalo aptvarais ir priedais, kas u\u017etikrina [&hellip;]","og_url":"https:\/\/www.specagra.ee\/?product=stiklo-pluosto-verseliu-nameliai","og_site_name":"Specagra","article_modified_time":"2023-07-31T11:46:03+00:00","og_image":[{"width":800,"height":800,"url":"https:\/\/www.specagra.ee\/wp-content\/uploads\/2023\/07\/Untitled-design-51.jpg","type":"image\/jpeg"}],"twitter_card":"summary_large_image","twitter_misc":{"Est. reading time":"1 minut"},"schema":{"@context":"https:\/\/schema.org","@graph":[{"@type":"WebPage","@id":"https:\/\/www.specagra.ee\/?product=stiklo-pluosto-verseliu-nameliai","url":"https:\/\/www.specagra.ee\/?product=stiklo-pluosto-verseliu-nameliai","name":"Stiklo pluo\u0161to ver\u0161eli\u0173 nameliai - Specagra","isPartOf":{"@id":"https:\/\/www.specagra.ee\/#website"},"primaryImageOfPage":{"@id":"https:\/\/www.specagra.ee\/?product=stiklo-pluosto-verseliu-nameliai#primaryimage"},"image":{"@id":"https:\/\/www.specagra.ee\/?product=stiklo-pluosto-verseliu-nameliai#primaryimage"},"thumbnailUrl":"https:\/\/www.specagra.ee\/wp-content\/uploads\/2023\/07\/Untitled-design-51.jpg","datePublished":"2023-07-25T12:42:16+00:00","dateModified":"2023-07-31T11:46:03+00:00","breadcrumb":{"@id":"https:\/\/www.specagra.ee\/?product=stiklo-pluosto-verseliu-nameliai#breadcrumb"},"inLanguage":"et","potentialAction":[{"@type":"ReadAction","target":["https:\/\/www.specagra.ee\/?product=stiklo-pluosto-verseliu-nameliai"]}]},{"@type":"ImageObject","inLanguage":"et","@id":"https:\/\/www.specagra.ee\/?product=stiklo-pluosto-verseliu-nameliai#primaryimage","url":"https:\/\/www.specagra.ee\/wp-content\/uploads\/2023\/07\/Untitled-design-51.jpg","contentUrl":"https:\/\/www.specagra.ee\/wp-content\/uploads\/2023\/07\/Untitled-design-51.jpg","width":800,"height":800},{"@type":"BreadcrumbList","@id":"https:\/\/www.specagra.ee\/?product=stiklo-pluosto-verseliu-nameliai#breadcrumb","itemListElement":[{"@type":"ListItem","position":1,"name":"Home","item":"https:\/\/www.specagra.ee\/"},{"@type":"ListItem","position":2,"name":"P\u00f5llumajandustehnika ja loomakasvatus","item":"https:\/\/specagra.ee\/?page_id=18493"},{"@type":"ListItem","position":3,"name":"Stiklo pluo\u0161to ver\u0161eli\u0173 nameliai"}]},{"@type":"WebSite","@id":"https:\/\/www.specagra.ee\/#website","url":"https:\/\/www.specagra.ee\/","name":"Specagra","description":"P\u00f5llumajandustehnika ja varuosad","publisher":{"@id":"https:\/\/www.specagra.ee\/#organization"},"potentialAction":[{"@type":"SearchAction","target":{"@type":"EntryPoint","urlTemplate":"https:\/\/www.specagra.ee\/?s={search_term_string}"},"query-input":{"@type":"PropertyValueSpecification","valueRequired":true,"valueName":"search_term_string"}}],"inLanguage":"et"},{"@type":"Organization","@id":"https:\/\/www.specagra.ee\/#organization","name":"UAB Specagra","url":"https:\/\/www.specagra.ee\/","logo":{"@type":"ImageObject","inLanguage":"et","@id":"https:\/\/www.specagra.ee\/#\/schema\/logo\/image\/","url":"http:\/\/www.specagra.ee\/wp-content\/uploads\/2022\/02\/SP-logo_naujas-scaled.jpg","contentUrl":"http:\/\/www.specagra.ee\/wp-content\/uploads\/2022\/02\/SP-logo_naujas-scaled.jpg","width":2560,"height":326,"caption":"UAB Specagra"},"image":{"@id":"https:\/\/www.specagra.ee\/#\/schema\/logo\/image\/"}}]}},"_links":{"self":[{"href":"https:\/\/www.specagra.ee\/index.php?rest_route=\/wp\/v2\/product\/31794","targetHints":{"allow":["GET"]}}],"collection":[{"href":"https:\/\/www.specagra.ee\/index.php?rest_route=\/wp\/v2\/product"}],"about":[{"href":"https:\/\/www.specagra.ee\/index.php?rest_route=\/wp\/v2\/types\/product"}],"wp:featuredmedia":[{"embeddable":true,"href":"https:\/\/www.specagra.ee\/index.php?rest_route=\/wp\/v2\/media\/31795"}],"wp:attachment":[{"href":"https:\/\/www.specagra.ee\/index.php?rest_route=%2Fwp%2Fv2%2Fmedia&parent=31794"}],"wp:term":[{"taxonomy":"product_brand","embeddable":true,"href":"https:\/\/www.specagra.ee\/index.php?rest_route=%2Fwp%2Fv2%2Fproduct_brand&post=31794"},{"taxonomy":"product_cat","embeddable":true,"href":"https:\/\/www.specagra.ee\/index.php?rest_route=%2Fwp%2Fv2%2Fproduct_cat&post=31794"},{"taxonomy":"product_tag","embeddable":true,"href":"https:\/\/www.specagra.ee\/index.php?rest_route=%2Fwp%2Fv2%2Fproduct_tag&post=31794"}],"curies":[{"name":"wp","href":"https:\/\/api.w.org\/{rel}","templated":true}]}}