{"id":31740,"date":"2023-07-19T09:58:52","date_gmt":"2023-07-19T11:58:52","guid":{"rendered":"https:\/\/www.specagra.ee\/?post_type=product&#038;p=31740"},"modified":"2023-07-31T09:39:47","modified_gmt":"2023-07-31T11:39:47","slug":"plastikiniai-siloso-bokstai","status":"publish","type":"product","link":"https:\/\/www.specagra.ee\/?product=plastikiniai-siloso-bokstai","title":{"rendered":"Plastikiniai pa\u0161ar\u0173 bok\u0161tai"},"content":{"rendered":"<p>\u0160ie pa\u0161ar\u0173 bok\u0161tai gaminami i\u0161 vieno plastikinio bloko, kuris yra atsparus puvimui, atsparus UV spinduliams ir \u0161al\u010diui. Pa\u0161ar\u0173 bok\u0161tai atspar\u016bs plovikliams, dezinfekcijos priemon\u0117ms, galima plauti auk\u0161tu sl\u0117giu.<br \/>\nPa\u0161ar\u0173 bok\u0161tas sumontuotas ant plieninio r\u0117mo su keturiomis kojel\u0117mis.<\/p>\n<p>Pa\u0161ar\u0173 bok\u0161to komplektacija :<br \/>\n&#8211; monoblokin\u0117 nuo\u017eulni talpykla.<br \/>\nGr\u016bdams pagal u\u017esakym\u0105 galima \u012fsigyti sustiprint\u0105 korpus\u0105 (pasirinktinai).<br \/>\n&#8211; lygios nepor\u0117tos sienel\u0117s, u\u017etikrina vandens nepralaidum\u0105 ir lengv\u0105 valym\u0105.<br \/>\n&#8211; mechani\u0161kai suvirintas r\u0117mas u\u017etikrinantis stabilum\u0105 ir ilgaam\u017ei\u0161kum\u0105.<br \/>\n&#8211; ner\u016bdijan\u010diojo plieno \u00d8 200 mm skersmens sklend\u0117, standarti\u0161kai montuojama ant\u00a0 k\u016bgio, leid\u017eia pilti pa\u0161arus tiesiai \u012f traktoriaus kau\u0161\u0105 ar pa\u0161ar\u0173 ve\u017eim\u0117l\u012f.<br \/>\n&#8211; kop\u0117\u010dios su apsauginiais \u017eiedais 2 m auk\u0161tyje nuo \u017eem\u0117s, sukomplektuotos su platforma ir tur\u0117klais, pasiekiamos nuo kilnojam\u0173 kop\u0117\u010di\u0173.<br \/>\n&#8211; siekiant didesnio saugumo, u\u017epildymo dangt\u012f galima atidaryti ir u\u017edaryti nuo \u017eem\u0117s.<\/p>\n","protected":false},"excerpt":{"rendered":"<p>\u0160ie pa\u0161ar\u0173 bok\u0161tai gaminami i\u0161 vieno plastikinio bloko, kuris yra atsparus puvimui, atsparus UV spinduliams ir \u0161al\u010diui. Pa\u0161ar\u0173 bok\u0161tai atspar\u016bs plovikliams, dezinfekcijos priemon\u0117ms, galima plauti auk\u0161tu sl\u0117giu. Pa\u0161ar\u0173 bok\u0161tas sumontuotas ant plieninio r\u0117mo su keturiomis kojel\u0117mis. Pa\u0161ar\u0173 bok\u0161to komplektacija : &#8211; monoblokin\u0117 nuo\u017eulni talpykla. Gr\u016bdams pagal u\u017esakym\u0105 galima \u012fsigyti sustiprint\u0105 korpus\u0105 (pasirinktinai). &#8211; lygios nepor\u0117tos [&hellip;]<\/p>\n","protected":false},"featured_media":31741,"template":"","meta":{"_acf_changed":false},"product_brand":[],"product_cat":[112],"product_tag":[],"class_list":{"0":"post-31740","1":"product","2":"type-product","3":"status-publish","4":"has-post-thumbnail","6":"product_cat-silotornid","8":"first","9":"instock","10":"shipping-taxable","11":"product-type-simple"},"acf":[],"yoast_head":"<!-- This site is optimized with the Yoast SEO plugin v27.4 - https:\/\/yoast.com\/product\/yoast-seo-wordpress\/ -->\n<title>Plastikiniai pa\u0161ar\u0173 bok\u0161tai - Specagra<\/title>\n<meta name=\"robots\" content=\"index, follow, max-snippet:-1, max-image-preview:large, max-video-preview:-1\" \/>\n<link rel=\"canonical\" href=\"https:\/\/www.specagra.ee\/?product=plastikiniai-siloso-bokstai\" \/>\n<meta property=\"og:locale\" content=\"et_EE\" \/>\n<meta property=\"og:type\" content=\"article\" \/>\n<meta property=\"og:title\" content=\"Plastikiniai pa\u0161ar\u0173 bok\u0161tai - Specagra\" \/>\n<meta property=\"og:description\" content=\"\u0160ie pa\u0161ar\u0173 bok\u0161tai gaminami i\u0161 vieno plastikinio bloko, kuris yra atsparus puvimui, atsparus UV spinduliams ir \u0161al\u010diui. Pa\u0161ar\u0173 bok\u0161tai atspar\u016bs plovikliams, dezinfekcijos priemon\u0117ms, galima plauti auk\u0161tu sl\u0117giu. Pa\u0161ar\u0173 bok\u0161tas sumontuotas ant plieninio r\u0117mo su keturiomis kojel\u0117mis. Pa\u0161ar\u0173 bok\u0161to komplektacija : &#8211; monoblokin\u0117 nuo\u017eulni talpykla. Gr\u016bdams pagal u\u017esakym\u0105 galima \u012fsigyti sustiprint\u0105 korpus\u0105 (pasirinktinai). &#8211; lygios nepor\u0117tos [&hellip;]\" \/>\n<meta property=\"og:url\" content=\"https:\/\/www.specagra.ee\/?product=plastikiniai-siloso-bokstai\" \/>\n<meta property=\"og:site_name\" content=\"Specagra\" \/>\n<meta property=\"article:modified_time\" content=\"2023-07-31T11:39:47+00:00\" \/>\n<meta property=\"og:image\" content=\"https:\/\/www.specagra.ee\/wp-content\/uploads\/2023\/07\/Untitled-design-18.jpg\" \/>\n\t<meta property=\"og:image:width\" content=\"800\" \/>\n\t<meta property=\"og:image:height\" content=\"800\" \/>\n\t<meta property=\"og:image:type\" content=\"image\/jpeg\" \/>\n<meta name=\"twitter:card\" content=\"summary_large_image\" \/>\n<meta name=\"twitter:label1\" content=\"Est. reading time\" \/>\n\t<meta name=\"twitter:data1\" content=\"1 minut\" \/>\n<script type=\"application\/ld+json\" class=\"yoast-schema-graph\">{\"@context\":\"https:\\\/\\\/schema.org\",\"@graph\":[{\"@type\":\"WebPage\",\"@id\":\"https:\\\/\\\/www.specagra.ee\\\/?product=plastikiniai-siloso-bokstai\",\"url\":\"https:\\\/\\\/www.specagra.ee\\\/?product=plastikiniai-siloso-bokstai\",\"name\":\"Plastikiniai pa\u0161ar\u0173 bok\u0161tai - Specagra\",\"isPartOf\":{\"@id\":\"https:\\\/\\\/www.specagra.ee\\\/#website\"},\"primaryImageOfPage\":{\"@id\":\"https:\\\/\\\/www.specagra.ee\\\/?product=plastikiniai-siloso-bokstai#primaryimage\"},\"image\":{\"@id\":\"https:\\\/\\\/www.specagra.ee\\\/?product=plastikiniai-siloso-bokstai#primaryimage\"},\"thumbnailUrl\":\"https:\\\/\\\/www.specagra.ee\\\/wp-content\\\/uploads\\\/2023\\\/07\\\/Untitled-design-18.jpg\",\"datePublished\":\"2023-07-19T11:58:52+00:00\",\"dateModified\":\"2023-07-31T11:39:47+00:00\",\"breadcrumb\":{\"@id\":\"https:\\\/\\\/www.specagra.ee\\\/?product=plastikiniai-siloso-bokstai#breadcrumb\"},\"inLanguage\":\"et\",\"potentialAction\":[{\"@type\":\"ReadAction\",\"target\":[\"https:\\\/\\\/www.specagra.ee\\\/?product=plastikiniai-siloso-bokstai\"]}]},{\"@type\":\"ImageObject\",\"inLanguage\":\"et\",\"@id\":\"https:\\\/\\\/www.specagra.ee\\\/?product=plastikiniai-siloso-bokstai#primaryimage\",\"url\":\"https:\\\/\\\/www.specagra.ee\\\/wp-content\\\/uploads\\\/2023\\\/07\\\/Untitled-design-18.jpg\",\"contentUrl\":\"https:\\\/\\\/www.specagra.ee\\\/wp-content\\\/uploads\\\/2023\\\/07\\\/Untitled-design-18.jpg\",\"width\":800,\"height\":800},{\"@type\":\"BreadcrumbList\",\"@id\":\"https:\\\/\\\/www.specagra.ee\\\/?product=plastikiniai-siloso-bokstai#breadcrumb\",\"itemListElement\":[{\"@type\":\"ListItem\",\"position\":1,\"name\":\"Home\",\"item\":\"https:\\\/\\\/www.specagra.ee\\\/\"},{\"@type\":\"ListItem\",\"position\":2,\"name\":\"P\u00f5llumajandustehnika ja loomakasvatus\",\"item\":\"https:\\\/\\\/www.specagra.ee\\\/?page_id=18493\"},{\"@type\":\"ListItem\",\"position\":3,\"name\":\"Plastikiniai pa\u0161ar\u0173 bok\u0161tai\"}]},{\"@type\":\"WebSite\",\"@id\":\"https:\\\/\\\/www.specagra.ee\\\/#website\",\"url\":\"https:\\\/\\\/www.specagra.ee\\\/\",\"name\":\"Specagra\",\"description\":\"P\u00f5llumajandustehnika ja varuosad\",\"publisher\":{\"@id\":\"https:\\\/\\\/www.specagra.ee\\\/#organization\"},\"potentialAction\":[{\"@type\":\"SearchAction\",\"target\":{\"@type\":\"EntryPoint\",\"urlTemplate\":\"https:\\\/\\\/www.specagra.ee\\\/?s={search_term_string}\"},\"query-input\":{\"@type\":\"PropertyValueSpecification\",\"valueRequired\":true,\"valueName\":\"search_term_string\"}}],\"inLanguage\":\"et\"},{\"@type\":\"Organization\",\"@id\":\"https:\\\/\\\/www.specagra.ee\\\/#organization\",\"name\":\"UAB Specagra\",\"url\":\"https:\\\/\\\/www.specagra.ee\\\/\",\"logo\":{\"@type\":\"ImageObject\",\"inLanguage\":\"et\",\"@id\":\"https:\\\/\\\/www.specagra.ee\\\/#\\\/schema\\\/logo\\\/image\\\/\",\"url\":\"http:\\\/\\\/www.specagra.ee\\\/wp-content\\\/uploads\\\/2022\\\/02\\\/SP-logo_naujas-scaled.jpg\",\"contentUrl\":\"http:\\\/\\\/www.specagra.ee\\\/wp-content\\\/uploads\\\/2022\\\/02\\\/SP-logo_naujas-scaled.jpg\",\"width\":2560,\"height\":326,\"caption\":\"UAB Specagra\"},\"image\":{\"@id\":\"https:\\\/\\\/www.specagra.ee\\\/#\\\/schema\\\/logo\\\/image\\\/\"}}]}<\/script>\n<!-- \/ Yoast SEO plugin. -->","yoast_head_json":{"title":"Plastikiniai pa\u0161ar\u0173 bok\u0161tai - Specagra","robots":{"index":"index","follow":"follow","max-snippet":"max-snippet:-1","max-image-preview":"max-image-preview:large","max-video-preview":"max-video-preview:-1"},"canonical":"https:\/\/www.specagra.ee\/?product=plastikiniai-siloso-bokstai","og_locale":"et_EE","og_type":"article","og_title":"Plastikiniai pa\u0161ar\u0173 bok\u0161tai - Specagra","og_description":"\u0160ie pa\u0161ar\u0173 bok\u0161tai gaminami i\u0161 vieno plastikinio bloko, kuris yra atsparus puvimui, atsparus UV spinduliams ir \u0161al\u010diui. Pa\u0161ar\u0173 bok\u0161tai atspar\u016bs plovikliams, dezinfekcijos priemon\u0117ms, galima plauti auk\u0161tu sl\u0117giu. Pa\u0161ar\u0173 bok\u0161tas sumontuotas ant plieninio r\u0117mo su keturiomis kojel\u0117mis. Pa\u0161ar\u0173 bok\u0161to komplektacija : &#8211; monoblokin\u0117 nuo\u017eulni talpykla. Gr\u016bdams pagal u\u017esakym\u0105 galima \u012fsigyti sustiprint\u0105 korpus\u0105 (pasirinktinai). &#8211; lygios nepor\u0117tos [&hellip;]","og_url":"https:\/\/www.specagra.ee\/?product=plastikiniai-siloso-bokstai","og_site_name":"Specagra","article_modified_time":"2023-07-31T11:39:47+00:00","og_image":[{"width":800,"height":800,"url":"https:\/\/www.specagra.ee\/wp-content\/uploads\/2023\/07\/Untitled-design-18.jpg","type":"image\/jpeg"}],"twitter_card":"summary_large_image","twitter_misc":{"Est. reading time":"1 minut"},"schema":{"@context":"https:\/\/schema.org","@graph":[{"@type":"WebPage","@id":"https:\/\/www.specagra.ee\/?product=plastikiniai-siloso-bokstai","url":"https:\/\/www.specagra.ee\/?product=plastikiniai-siloso-bokstai","name":"Plastikiniai pa\u0161ar\u0173 bok\u0161tai - Specagra","isPartOf":{"@id":"https:\/\/www.specagra.ee\/#website"},"primaryImageOfPage":{"@id":"https:\/\/www.specagra.ee\/?product=plastikiniai-siloso-bokstai#primaryimage"},"image":{"@id":"https:\/\/www.specagra.ee\/?product=plastikiniai-siloso-bokstai#primaryimage"},"thumbnailUrl":"https:\/\/www.specagra.ee\/wp-content\/uploads\/2023\/07\/Untitled-design-18.jpg","datePublished":"2023-07-19T11:58:52+00:00","dateModified":"2023-07-31T11:39:47+00:00","breadcrumb":{"@id":"https:\/\/www.specagra.ee\/?product=plastikiniai-siloso-bokstai#breadcrumb"},"inLanguage":"et","potentialAction":[{"@type":"ReadAction","target":["https:\/\/www.specagra.ee\/?product=plastikiniai-siloso-bokstai"]}]},{"@type":"ImageObject","inLanguage":"et","@id":"https:\/\/www.specagra.ee\/?product=plastikiniai-siloso-bokstai#primaryimage","url":"https:\/\/www.specagra.ee\/wp-content\/uploads\/2023\/07\/Untitled-design-18.jpg","contentUrl":"https:\/\/www.specagra.ee\/wp-content\/uploads\/2023\/07\/Untitled-design-18.jpg","width":800,"height":800},{"@type":"BreadcrumbList","@id":"https:\/\/www.specagra.ee\/?product=plastikiniai-siloso-bokstai#breadcrumb","itemListElement":[{"@type":"ListItem","position":1,"name":"Home","item":"https:\/\/www.specagra.ee\/"},{"@type":"ListItem","position":2,"name":"P\u00f5llumajandustehnika ja loomakasvatus","item":"https:\/\/www.specagra.ee\/?page_id=18493"},{"@type":"ListItem","position":3,"name":"Plastikiniai pa\u0161ar\u0173 bok\u0161tai"}]},{"@type":"WebSite","@id":"https:\/\/www.specagra.ee\/#website","url":"https:\/\/www.specagra.ee\/","name":"Specagra","description":"P\u00f5llumajandustehnika ja varuosad","publisher":{"@id":"https:\/\/www.specagra.ee\/#organization"},"potentialAction":[{"@type":"SearchAction","target":{"@type":"EntryPoint","urlTemplate":"https:\/\/www.specagra.ee\/?s={search_term_string}"},"query-input":{"@type":"PropertyValueSpecification","valueRequired":true,"valueName":"search_term_string"}}],"inLanguage":"et"},{"@type":"Organization","@id":"https:\/\/www.specagra.ee\/#organization","name":"UAB Specagra","url":"https:\/\/www.specagra.ee\/","logo":{"@type":"ImageObject","inLanguage":"et","@id":"https:\/\/www.specagra.ee\/#\/schema\/logo\/image\/","url":"http:\/\/www.specagra.ee\/wp-content\/uploads\/2022\/02\/SP-logo_naujas-scaled.jpg","contentUrl":"http:\/\/www.specagra.ee\/wp-content\/uploads\/2022\/02\/SP-logo_naujas-scaled.jpg","width":2560,"height":326,"caption":"UAB Specagra"},"image":{"@id":"https:\/\/www.specagra.ee\/#\/schema\/logo\/image\/"}}]}},"_links":{"self":[{"href":"https:\/\/www.specagra.ee\/index.php?rest_route=\/wp\/v2\/product\/31740","targetHints":{"allow":["GET"]}}],"collection":[{"href":"https:\/\/www.specagra.ee\/index.php?rest_route=\/wp\/v2\/product"}],"about":[{"href":"https:\/\/www.specagra.ee\/index.php?rest_route=\/wp\/v2\/types\/product"}],"wp:featuredmedia":[{"embeddable":true,"href":"https:\/\/www.specagra.ee\/index.php?rest_route=\/wp\/v2\/media\/31741"}],"wp:attachment":[{"href":"https:\/\/www.specagra.ee\/index.php?rest_route=%2Fwp%2Fv2%2Fmedia&parent=31740"}],"wp:term":[{"taxonomy":"product_brand","embeddable":true,"href":"https:\/\/www.specagra.ee\/index.php?rest_route=%2Fwp%2Fv2%2Fproduct_brand&post=31740"},{"taxonomy":"product_cat","embeddable":true,"href":"https:\/\/www.specagra.ee\/index.php?rest_route=%2Fwp%2Fv2%2Fproduct_cat&post=31740"},{"taxonomy":"product_tag","embeddable":true,"href":"https:\/\/www.specagra.ee\/index.php?rest_route=%2Fwp%2Fv2%2Fproduct_tag&post=31740"}],"curies":[{"name":"wp","href":"https:\/\/api.w.org\/{rel}","templated":true}]}}