{"id":30604,"date":"2023-06-30T07:11:24","date_gmt":"2023-06-30T09:11:24","guid":{"rendered":"https:\/\/www.specagra.ee\/?post_type=product&#038;p=30604"},"modified":"2023-06-30T07:30:11","modified_gmt":"2023-06-30T09:30:11","slug":"universalus-surio-paruosimo-irenginys-plevnik-prp-ap","status":"publish","type":"product","link":"https:\/\/www.specagra.ee\/?product=universalus-surio-paruosimo-irenginys-plevnik-prp-ap","title":{"rendered":"Universalus s\u016brio paruo\u0161imo \u012frenginys Plevnik PRP-AP"},"content":{"rendered":"<p>S\u016brio paruo\u0161imo spausti \u012frenginys PRP-AP yra automatizuotas, patogus naudoti , d\u0117l reguliuojamo automatinio presavimo ir pjaustymo program\u0173. \u0160is daugiafunkcis \u012frenginys skirtas s\u016brio masei priimti, i\u0161r\u016bgoms nus\u0117sti, automatiniam arba rankiniam s\u016brio mas\u0117s pjaustymui \u012f norimus s\u016brio blokus ir automatiniam s\u016brio mas\u0117s presavimui s\u016brio formose. Jis i\u0161siskiria pla\u010diomis panaudojimo galimyb\u0117mis &#8211; tinka gaminti pusiau kietus ir kietus s\u016brius ma\u017eesn\u0117mis partijomis nuo 1 000 l iki 4 000 l.<\/p>\n<p>&#8220;Plevnik&#8221; presai u\u017etikrina geresn\u0119 s\u016brio kokyb\u0117s kontrol\u0119 ir puiki\u0105 i\u0161eig\u0105 &#8211; apie 10 % s\u016brio mas\u0117s i\u0161 pradinio pieno kiekio.<\/p>\n","protected":false},"excerpt":{"rendered":"<p>S\u016brio paruo\u0161imo spausti \u012frenginys PRP-AP yra automatizuotas, patogus naudoti , d\u0117l reguliuojamo automatinio presavimo ir pjaustymo program\u0173. \u0160is daugiafunkcis \u012frenginys skirtas s\u016brio masei priimti, i\u0161r\u016bgoms nus\u0117sti, automatiniam arba rankiniam s\u016brio mas\u0117s pjaustymui \u012f norimus s\u016brio blokus ir automatiniam s\u016brio mas\u0117s presavimui s\u016brio formose. Jis i\u0161siskiria pla\u010diomis panaudojimo galimyb\u0117mis &#8211; tinka gaminti pusiau kietus ir kietus [&hellip;]<\/p>\n","protected":false},"featured_media":30609,"template":"","meta":{"_et_pb_use_builder":"","_et_pb_old_content":"","_et_gb_content_width":""},"product_brand":[],"product_cat":[191],"product_tag":[],"class_list":{"0":"post-30604","1":"product","2":"type-product","3":"status-publish","4":"has-post-thumbnail","6":"product_cat-juustutootmisseadmed-ja-muud-lahendused","8":"first","9":"instock","10":"shipping-taxable","11":"product-type-simple"},"yoast_head":"<!-- This site is optimized with the Yoast SEO plugin v26.4 - https:\/\/yoast.com\/wordpress\/plugins\/seo\/ -->\n<title>Universalus s\u016brio paruo\u0161imo \u012frenginys Plevnik PRP-AP - Specagra<\/title>\n<meta name=\"robots\" content=\"index, follow, max-snippet:-1, max-image-preview:large, max-video-preview:-1\" \/>\n<link rel=\"canonical\" href=\"https:\/\/www.specagra.ee\/?product=universalus-surio-paruosimo-irenginys-plevnik-prp-ap\" \/>\n<meta property=\"og:locale\" content=\"et_EE\" \/>\n<meta property=\"og:type\" content=\"article\" \/>\n<meta property=\"og:title\" content=\"Universalus s\u016brio paruo\u0161imo \u012frenginys Plevnik PRP-AP - Specagra\" \/>\n<meta property=\"og:description\" content=\"S\u016brio paruo\u0161imo spausti \u012frenginys PRP-AP yra automatizuotas, patogus naudoti , d\u0117l reguliuojamo automatinio presavimo ir pjaustymo program\u0173. \u0160is daugiafunkcis \u012frenginys skirtas s\u016brio masei priimti, i\u0161r\u016bgoms nus\u0117sti, automatiniam arba rankiniam s\u016brio mas\u0117s pjaustymui \u012f norimus s\u016brio blokus ir automatiniam s\u016brio mas\u0117s presavimui s\u016brio formose. Jis i\u0161siskiria pla\u010diomis panaudojimo galimyb\u0117mis &#8211; tinka gaminti pusiau kietus ir kietus [&hellip;]\" \/>\n<meta property=\"og:url\" content=\"https:\/\/www.specagra.ee\/?product=universalus-surio-paruosimo-irenginys-plevnik-prp-ap\" \/>\n<meta property=\"og:site_name\" content=\"Specagra\" \/>\n<meta property=\"article:modified_time\" content=\"2023-06-30T09:30:11+00:00\" \/>\n<meta property=\"og:image\" content=\"https:\/\/specagra.ee\/wp-content\/uploads\/2023\/06\/Untitled-design-2023-06-30T122919.091.jpg\" \/>\n\t<meta property=\"og:image:width\" content=\"800\" \/>\n\t<meta property=\"og:image:height\" content=\"800\" \/>\n\t<meta property=\"og:image:type\" content=\"image\/jpeg\" \/>\n<meta name=\"twitter:card\" content=\"summary_large_image\" \/>\n<meta name=\"twitter:label1\" content=\"Est. reading time\" \/>\n\t<meta name=\"twitter:data1\" content=\"1 minut\" \/>\n<script type=\"application\/ld+json\" class=\"yoast-schema-graph\">{\"@context\":\"https:\/\/schema.org\",\"@graph\":[{\"@type\":\"WebPage\",\"@id\":\"https:\/\/www.specagra.ee\/?product=universalus-surio-paruosimo-irenginys-plevnik-prp-ap\",\"url\":\"https:\/\/www.specagra.ee\/?product=universalus-surio-paruosimo-irenginys-plevnik-prp-ap\",\"name\":\"Universalus s\u016brio paruo\u0161imo \u012frenginys Plevnik PRP-AP - Specagra\",\"isPartOf\":{\"@id\":\"https:\/\/www.specagra.ee\/#website\"},\"primaryImageOfPage\":{\"@id\":\"https:\/\/www.specagra.ee\/?product=universalus-surio-paruosimo-irenginys-plevnik-prp-ap#primaryimage\"},\"image\":{\"@id\":\"https:\/\/www.specagra.ee\/?product=universalus-surio-paruosimo-irenginys-plevnik-prp-ap#primaryimage\"},\"thumbnailUrl\":\"https:\/\/www.specagra.ee\/wp-content\/uploads\/2023\/06\/Untitled-design-2023-06-30T122919.091.jpg\",\"datePublished\":\"2023-06-30T09:11:24+00:00\",\"dateModified\":\"2023-06-30T09:30:11+00:00\",\"breadcrumb\":{\"@id\":\"https:\/\/www.specagra.ee\/?product=universalus-surio-paruosimo-irenginys-plevnik-prp-ap#breadcrumb\"},\"inLanguage\":\"et\",\"potentialAction\":[{\"@type\":\"ReadAction\",\"target\":[\"https:\/\/www.specagra.ee\/?product=universalus-surio-paruosimo-irenginys-plevnik-prp-ap\"]}]},{\"@type\":\"ImageObject\",\"inLanguage\":\"et\",\"@id\":\"https:\/\/www.specagra.ee\/?product=universalus-surio-paruosimo-irenginys-plevnik-prp-ap#primaryimage\",\"url\":\"https:\/\/www.specagra.ee\/wp-content\/uploads\/2023\/06\/Untitled-design-2023-06-30T122919.091.jpg\",\"contentUrl\":\"https:\/\/www.specagra.ee\/wp-content\/uploads\/2023\/06\/Untitled-design-2023-06-30T122919.091.jpg\",\"width\":800,\"height\":800},{\"@type\":\"BreadcrumbList\",\"@id\":\"https:\/\/www.specagra.ee\/?product=universalus-surio-paruosimo-irenginys-plevnik-prp-ap#breadcrumb\",\"itemListElement\":[{\"@type\":\"ListItem\",\"position\":1,\"name\":\"Home\",\"item\":\"https:\/\/www.specagra.ee\/\"},{\"@type\":\"ListItem\",\"position\":2,\"name\":\"P\u00f5llumajandustehnika ja loomakasvatus\",\"item\":\"https:\/\/specagra.ee\/?page_id=18493\"},{\"@type\":\"ListItem\",\"position\":3,\"name\":\"Universalus s\u016brio paruo\u0161imo \u012frenginys Plevnik PRP-AP\"}]},{\"@type\":\"WebSite\",\"@id\":\"https:\/\/www.specagra.ee\/#website\",\"url\":\"https:\/\/www.specagra.ee\/\",\"name\":\"Specagra\",\"description\":\"P\u00f5llumajandustehnika ja varuosad\",\"publisher\":{\"@id\":\"https:\/\/www.specagra.ee\/#organization\"},\"potentialAction\":[{\"@type\":\"SearchAction\",\"target\":{\"@type\":\"EntryPoint\",\"urlTemplate\":\"https:\/\/www.specagra.ee\/?s={search_term_string}\"},\"query-input\":{\"@type\":\"PropertyValueSpecification\",\"valueRequired\":true,\"valueName\":\"search_term_string\"}}],\"inLanguage\":\"et\"},{\"@type\":\"Organization\",\"@id\":\"https:\/\/www.specagra.ee\/#organization\",\"name\":\"UAB Specagra\",\"url\":\"https:\/\/www.specagra.ee\/\",\"logo\":{\"@type\":\"ImageObject\",\"inLanguage\":\"et\",\"@id\":\"https:\/\/www.specagra.ee\/#\/schema\/logo\/image\/\",\"url\":\"http:\/\/www.specagra.ee\/wp-content\/uploads\/2022\/02\/SP-logo_naujas-scaled.jpg\",\"contentUrl\":\"http:\/\/www.specagra.ee\/wp-content\/uploads\/2022\/02\/SP-logo_naujas-scaled.jpg\",\"width\":2560,\"height\":326,\"caption\":\"UAB Specagra\"},\"image\":{\"@id\":\"https:\/\/www.specagra.ee\/#\/schema\/logo\/image\/\"}}]}<\/script>\n<!-- \/ Yoast SEO plugin. -->","yoast_head_json":{"title":"Universalus s\u016brio paruo\u0161imo \u012frenginys Plevnik PRP-AP - Specagra","robots":{"index":"index","follow":"follow","max-snippet":"max-snippet:-1","max-image-preview":"max-image-preview:large","max-video-preview":"max-video-preview:-1"},"canonical":"https:\/\/www.specagra.ee\/?product=universalus-surio-paruosimo-irenginys-plevnik-prp-ap","og_locale":"et_EE","og_type":"article","og_title":"Universalus s\u016brio paruo\u0161imo \u012frenginys Plevnik PRP-AP - Specagra","og_description":"S\u016brio paruo\u0161imo spausti \u012frenginys PRP-AP yra automatizuotas, patogus naudoti , d\u0117l reguliuojamo automatinio presavimo ir pjaustymo program\u0173. \u0160is daugiafunkcis \u012frenginys skirtas s\u016brio masei priimti, i\u0161r\u016bgoms nus\u0117sti, automatiniam arba rankiniam s\u016brio mas\u0117s pjaustymui \u012f norimus s\u016brio blokus ir automatiniam s\u016brio mas\u0117s presavimui s\u016brio formose. Jis i\u0161siskiria pla\u010diomis panaudojimo galimyb\u0117mis &#8211; tinka gaminti pusiau kietus ir kietus [&hellip;]","og_url":"https:\/\/www.specagra.ee\/?product=universalus-surio-paruosimo-irenginys-plevnik-prp-ap","og_site_name":"Specagra","article_modified_time":"2023-06-30T09:30:11+00:00","og_image":[{"width":800,"height":800,"url":"https:\/\/specagra.ee\/wp-content\/uploads\/2023\/06\/Untitled-design-2023-06-30T122919.091.jpg","type":"image\/jpeg"}],"twitter_card":"summary_large_image","twitter_misc":{"Est. reading time":"1 minut"},"schema":{"@context":"https:\/\/schema.org","@graph":[{"@type":"WebPage","@id":"https:\/\/www.specagra.ee\/?product=universalus-surio-paruosimo-irenginys-plevnik-prp-ap","url":"https:\/\/www.specagra.ee\/?product=universalus-surio-paruosimo-irenginys-plevnik-prp-ap","name":"Universalus s\u016brio paruo\u0161imo \u012frenginys Plevnik PRP-AP - Specagra","isPartOf":{"@id":"https:\/\/www.specagra.ee\/#website"},"primaryImageOfPage":{"@id":"https:\/\/www.specagra.ee\/?product=universalus-surio-paruosimo-irenginys-plevnik-prp-ap#primaryimage"},"image":{"@id":"https:\/\/www.specagra.ee\/?product=universalus-surio-paruosimo-irenginys-plevnik-prp-ap#primaryimage"},"thumbnailUrl":"https:\/\/www.specagra.ee\/wp-content\/uploads\/2023\/06\/Untitled-design-2023-06-30T122919.091.jpg","datePublished":"2023-06-30T09:11:24+00:00","dateModified":"2023-06-30T09:30:11+00:00","breadcrumb":{"@id":"https:\/\/www.specagra.ee\/?product=universalus-surio-paruosimo-irenginys-plevnik-prp-ap#breadcrumb"},"inLanguage":"et","potentialAction":[{"@type":"ReadAction","target":["https:\/\/www.specagra.ee\/?product=universalus-surio-paruosimo-irenginys-plevnik-prp-ap"]}]},{"@type":"ImageObject","inLanguage":"et","@id":"https:\/\/www.specagra.ee\/?product=universalus-surio-paruosimo-irenginys-plevnik-prp-ap#primaryimage","url":"https:\/\/www.specagra.ee\/wp-content\/uploads\/2023\/06\/Untitled-design-2023-06-30T122919.091.jpg","contentUrl":"https:\/\/www.specagra.ee\/wp-content\/uploads\/2023\/06\/Untitled-design-2023-06-30T122919.091.jpg","width":800,"height":800},{"@type":"BreadcrumbList","@id":"https:\/\/www.specagra.ee\/?product=universalus-surio-paruosimo-irenginys-plevnik-prp-ap#breadcrumb","itemListElement":[{"@type":"ListItem","position":1,"name":"Home","item":"https:\/\/www.specagra.ee\/"},{"@type":"ListItem","position":2,"name":"P\u00f5llumajandustehnika ja loomakasvatus","item":"https:\/\/specagra.ee\/?page_id=18493"},{"@type":"ListItem","position":3,"name":"Universalus s\u016brio paruo\u0161imo \u012frenginys Plevnik PRP-AP"}]},{"@type":"WebSite","@id":"https:\/\/www.specagra.ee\/#website","url":"https:\/\/www.specagra.ee\/","name":"Specagra","description":"P\u00f5llumajandustehnika ja varuosad","publisher":{"@id":"https:\/\/www.specagra.ee\/#organization"},"potentialAction":[{"@type":"SearchAction","target":{"@type":"EntryPoint","urlTemplate":"https:\/\/www.specagra.ee\/?s={search_term_string}"},"query-input":{"@type":"PropertyValueSpecification","valueRequired":true,"valueName":"search_term_string"}}],"inLanguage":"et"},{"@type":"Organization","@id":"https:\/\/www.specagra.ee\/#organization","name":"UAB Specagra","url":"https:\/\/www.specagra.ee\/","logo":{"@type":"ImageObject","inLanguage":"et","@id":"https:\/\/www.specagra.ee\/#\/schema\/logo\/image\/","url":"http:\/\/www.specagra.ee\/wp-content\/uploads\/2022\/02\/SP-logo_naujas-scaled.jpg","contentUrl":"http:\/\/www.specagra.ee\/wp-content\/uploads\/2022\/02\/SP-logo_naujas-scaled.jpg","width":2560,"height":326,"caption":"UAB Specagra"},"image":{"@id":"https:\/\/www.specagra.ee\/#\/schema\/logo\/image\/"}}]}},"_links":{"self":[{"href":"https:\/\/www.specagra.ee\/index.php?rest_route=\/wp\/v2\/product\/30604","targetHints":{"allow":["GET"]}}],"collection":[{"href":"https:\/\/www.specagra.ee\/index.php?rest_route=\/wp\/v2\/product"}],"about":[{"href":"https:\/\/www.specagra.ee\/index.php?rest_route=\/wp\/v2\/types\/product"}],"wp:featuredmedia":[{"embeddable":true,"href":"https:\/\/www.specagra.ee\/index.php?rest_route=\/wp\/v2\/media\/30609"}],"wp:attachment":[{"href":"https:\/\/www.specagra.ee\/index.php?rest_route=%2Fwp%2Fv2%2Fmedia&parent=30604"}],"wp:term":[{"taxonomy":"product_brand","embeddable":true,"href":"https:\/\/www.specagra.ee\/index.php?rest_route=%2Fwp%2Fv2%2Fproduct_brand&post=30604"},{"taxonomy":"product_cat","embeddable":true,"href":"https:\/\/www.specagra.ee\/index.php?rest_route=%2Fwp%2Fv2%2Fproduct_cat&post=30604"},{"taxonomy":"product_tag","embeddable":true,"href":"https:\/\/www.specagra.ee\/index.php?rest_route=%2Fwp%2Fv2%2Fproduct_tag&post=30604"}],"curies":[{"name":"wp","href":"https:\/\/api.w.org\/{rel}","templated":true}]}}