{"id":30597,"date":"2023-06-30T06:41:12","date_gmt":"2023-06-30T08:41:12","guid":{"rendered":"https:\/\/www.specagra.ee\/?post_type=product&#038;p=30597"},"modified":"2023-06-30T06:59:37","modified_gmt":"2023-06-30T08:59:37","slug":"surio-nusausinimo-paruosimo-spaudimui-presas-pos","status":"publish","type":"product","link":"https:\/\/www.specagra.ee\/?product=surio-nusausinimo-paruosimo-spaudimui-presas-pos","title":{"rendered":"Daugiafunkcis s\u016brio presas POS"},"content":{"rendered":"<p>Pneumatinis nusausinimo presas POS &#8211; tai universalus s\u016brio mas\u0117s nusausinimo, paruo\u0161imo spaudimui ir presavimo \u012frenginys. Kadangi tai yra &#8220;trys viename&#8221; \u012frenginys, jis u\u017eima ma\u017eiau vietos ir pasi\u017eymi puikiu kokyb\u0117s ir kainos santykiu.<\/p>\n<p>Sausinimo presas sujungia kelias funkcijas \u012f vien\u0105 \u012frengin\u012f: sausinim\u0105,s\u016brio mas\u0117s nusausinim\u0105 ir presavim\u0105. Puikus pasirinkimas s\u016brininkams, kuriems reikia kokybi\u0161ko prietaiso vis\u0173 r\u016b\u0161i\u0173 s\u016briams gaminti, var\u0161kei nusausinti, graiki\u0161kam jogurtui ir kt.<br \/>\nPuikus sprendimas \u012fvairaus dyd\u017eio partijoms iki 500 l pieno, nes proced\u016bros paprasta reguliuoti naudojant judant\u012f nusausinimo tinklel\u012f. Naudojant daugiafunkcin\u012f nusausinimo pres\u0105, galime geriau i\u0161naudoti erdv\u0119, nes reikia tik vieno \u012frenginio, o ne trij\u0173. Tai rei\u0161kia, kad reikia ma\u017eiau valyti, taupant laik\u0105 ir pinigus. Su atrama ant ratuk\u0173, prietais\u0105 labai lengva perve\u017eti. Prietaisas pagamintas tik i\u0161 ner\u016bdijan\u010diojo plieno AISI 304<\/p>\n","protected":false},"excerpt":{"rendered":"<p>Pneumatinis nusausinimo presas POS &#8211; tai universalus s\u016brio mas\u0117s nusausinimo, paruo\u0161imo spaudimui ir presavimo \u012frenginys. Kadangi tai yra &#8220;trys viename&#8221; \u012frenginys, jis u\u017eima ma\u017eiau vietos ir pasi\u017eymi puikiu kokyb\u0117s ir kainos santykiu. Sausinimo presas sujungia kelias funkcijas \u012f vien\u0105 \u012frengin\u012f: sausinim\u0105,s\u016brio mas\u0117s nusausinim\u0105 ir presavim\u0105. Puikus pasirinkimas s\u016brininkams, kuriems reikia kokybi\u0161ko prietaiso vis\u0173 r\u016b\u0161i\u0173 s\u016briams [&hellip;]<\/p>\n","protected":false},"featured_media":30599,"template":"","meta":{"_et_pb_use_builder":"","_et_pb_old_content":"","_et_gb_content_width":""},"product_brand":[],"product_cat":[191],"product_tag":[],"class_list":{"0":"post-30597","1":"product","2":"type-product","3":"status-publish","4":"has-post-thumbnail","6":"product_cat-juustutootmisseadmed-ja-muud-lahendused","8":"first","9":"instock","10":"shipping-taxable","11":"product-type-simple"},"yoast_head":"<!-- This site is optimized with the Yoast SEO plugin v26.4 - https:\/\/yoast.com\/wordpress\/plugins\/seo\/ -->\n<title>Daugiafunkcis s\u016brio presas POS - Specagra<\/title>\n<meta name=\"robots\" content=\"index, follow, max-snippet:-1, max-image-preview:large, max-video-preview:-1\" \/>\n<link rel=\"canonical\" href=\"https:\/\/www.specagra.ee\/?product=surio-nusausinimo-paruosimo-spaudimui-presas-pos\" \/>\n<meta property=\"og:locale\" content=\"et_EE\" \/>\n<meta property=\"og:type\" content=\"article\" \/>\n<meta property=\"og:title\" content=\"Daugiafunkcis s\u016brio presas POS - Specagra\" \/>\n<meta property=\"og:description\" content=\"Pneumatinis nusausinimo presas POS &#8211; tai universalus s\u016brio mas\u0117s nusausinimo, paruo\u0161imo spaudimui ir presavimo \u012frenginys. Kadangi tai yra &#8220;trys viename&#8221; \u012frenginys, jis u\u017eima ma\u017eiau vietos ir pasi\u017eymi puikiu kokyb\u0117s ir kainos santykiu. Sausinimo presas sujungia kelias funkcijas \u012f vien\u0105 \u012frengin\u012f: sausinim\u0105,s\u016brio mas\u0117s nusausinim\u0105 ir presavim\u0105. Puikus pasirinkimas s\u016brininkams, kuriems reikia kokybi\u0161ko prietaiso vis\u0173 r\u016b\u0161i\u0173 s\u016briams [&hellip;]\" \/>\n<meta property=\"og:url\" content=\"https:\/\/www.specagra.ee\/?product=surio-nusausinimo-paruosimo-spaudimui-presas-pos\" \/>\n<meta property=\"og:site_name\" content=\"Specagra\" \/>\n<meta property=\"article:modified_time\" content=\"2023-06-30T08:59:37+00:00\" \/>\n<meta property=\"og:image\" content=\"https:\/\/www.specagra.ee\/wp-content\/uploads\/2023\/06\/Untitled-design-2023-06-30T113803.127.jpg\" \/>\n\t<meta property=\"og:image:width\" content=\"800\" \/>\n\t<meta property=\"og:image:height\" content=\"800\" \/>\n\t<meta property=\"og:image:type\" content=\"image\/jpeg\" \/>\n<meta name=\"twitter:card\" content=\"summary_large_image\" \/>\n<meta name=\"twitter:label1\" content=\"Est. reading time\" \/>\n\t<meta name=\"twitter:data1\" content=\"1 minut\" \/>\n<script type=\"application\/ld+json\" class=\"yoast-schema-graph\">{\"@context\":\"https:\/\/schema.org\",\"@graph\":[{\"@type\":\"WebPage\",\"@id\":\"https:\/\/www.specagra.ee\/?product=surio-nusausinimo-paruosimo-spaudimui-presas-pos\",\"url\":\"https:\/\/www.specagra.ee\/?product=surio-nusausinimo-paruosimo-spaudimui-presas-pos\",\"name\":\"Daugiafunkcis s\u016brio presas POS - Specagra\",\"isPartOf\":{\"@id\":\"https:\/\/www.specagra.ee\/#website\"},\"primaryImageOfPage\":{\"@id\":\"https:\/\/www.specagra.ee\/?product=surio-nusausinimo-paruosimo-spaudimui-presas-pos#primaryimage\"},\"image\":{\"@id\":\"https:\/\/www.specagra.ee\/?product=surio-nusausinimo-paruosimo-spaudimui-presas-pos#primaryimage\"},\"thumbnailUrl\":\"https:\/\/specagra.ee\/wp-content\/uploads\/2023\/06\/Untitled-design-2023-06-30T113803.127.jpg\",\"datePublished\":\"2023-06-30T08:41:12+00:00\",\"dateModified\":\"2023-06-30T08:59:37+00:00\",\"breadcrumb\":{\"@id\":\"https:\/\/www.specagra.ee\/?product=surio-nusausinimo-paruosimo-spaudimui-presas-pos#breadcrumb\"},\"inLanguage\":\"et\",\"potentialAction\":[{\"@type\":\"ReadAction\",\"target\":[\"https:\/\/www.specagra.ee\/?product=surio-nusausinimo-paruosimo-spaudimui-presas-pos\"]}]},{\"@type\":\"ImageObject\",\"inLanguage\":\"et\",\"@id\":\"https:\/\/www.specagra.ee\/?product=surio-nusausinimo-paruosimo-spaudimui-presas-pos#primaryimage\",\"url\":\"https:\/\/specagra.ee\/wp-content\/uploads\/2023\/06\/Untitled-design-2023-06-30T113803.127.jpg\",\"contentUrl\":\"https:\/\/specagra.ee\/wp-content\/uploads\/2023\/06\/Untitled-design-2023-06-30T113803.127.jpg\",\"width\":800,\"height\":800},{\"@type\":\"BreadcrumbList\",\"@id\":\"https:\/\/www.specagra.ee\/?product=surio-nusausinimo-paruosimo-spaudimui-presas-pos#breadcrumb\",\"itemListElement\":[{\"@type\":\"ListItem\",\"position\":1,\"name\":\"Home\",\"item\":\"https:\/\/www.specagra.ee\/\"},{\"@type\":\"ListItem\",\"position\":2,\"name\":\"P\u00f5llumajandustehnika ja loomakasvatus\",\"item\":\"https:\/\/specagra.ee\/?page_id=18493\"},{\"@type\":\"ListItem\",\"position\":3,\"name\":\"Daugiafunkcis s\u016brio presas POS\"}]},{\"@type\":\"WebSite\",\"@id\":\"https:\/\/www.specagra.ee\/#website\",\"url\":\"https:\/\/www.specagra.ee\/\",\"name\":\"Specagra\",\"description\":\"P\u00f5llumajandustehnika ja varuosad\",\"publisher\":{\"@id\":\"https:\/\/www.specagra.ee\/#organization\"},\"potentialAction\":[{\"@type\":\"SearchAction\",\"target\":{\"@type\":\"EntryPoint\",\"urlTemplate\":\"https:\/\/www.specagra.ee\/?s={search_term_string}\"},\"query-input\":{\"@type\":\"PropertyValueSpecification\",\"valueRequired\":true,\"valueName\":\"search_term_string\"}}],\"inLanguage\":\"et\"},{\"@type\":\"Organization\",\"@id\":\"https:\/\/www.specagra.ee\/#organization\",\"name\":\"UAB Specagra\",\"url\":\"https:\/\/www.specagra.ee\/\",\"logo\":{\"@type\":\"ImageObject\",\"inLanguage\":\"et\",\"@id\":\"https:\/\/www.specagra.ee\/#\/schema\/logo\/image\/\",\"url\":\"http:\/\/www.specagra.ee\/wp-content\/uploads\/2022\/02\/SP-logo_naujas-scaled.jpg\",\"contentUrl\":\"http:\/\/www.specagra.ee\/wp-content\/uploads\/2022\/02\/SP-logo_naujas-scaled.jpg\",\"width\":2560,\"height\":326,\"caption\":\"UAB Specagra\"},\"image\":{\"@id\":\"https:\/\/www.specagra.ee\/#\/schema\/logo\/image\/\"}}]}<\/script>\n<!-- \/ Yoast SEO plugin. -->","yoast_head_json":{"title":"Daugiafunkcis s\u016brio presas POS - Specagra","robots":{"index":"index","follow":"follow","max-snippet":"max-snippet:-1","max-image-preview":"max-image-preview:large","max-video-preview":"max-video-preview:-1"},"canonical":"https:\/\/www.specagra.ee\/?product=surio-nusausinimo-paruosimo-spaudimui-presas-pos","og_locale":"et_EE","og_type":"article","og_title":"Daugiafunkcis s\u016brio presas POS - Specagra","og_description":"Pneumatinis nusausinimo presas POS &#8211; tai universalus s\u016brio mas\u0117s nusausinimo, paruo\u0161imo spaudimui ir presavimo \u012frenginys. Kadangi tai yra &#8220;trys viename&#8221; \u012frenginys, jis u\u017eima ma\u017eiau vietos ir pasi\u017eymi puikiu kokyb\u0117s ir kainos santykiu. Sausinimo presas sujungia kelias funkcijas \u012f vien\u0105 \u012frengin\u012f: sausinim\u0105,s\u016brio mas\u0117s nusausinim\u0105 ir presavim\u0105. Puikus pasirinkimas s\u016brininkams, kuriems reikia kokybi\u0161ko prietaiso vis\u0173 r\u016b\u0161i\u0173 s\u016briams [&hellip;]","og_url":"https:\/\/www.specagra.ee\/?product=surio-nusausinimo-paruosimo-spaudimui-presas-pos","og_site_name":"Specagra","article_modified_time":"2023-06-30T08:59:37+00:00","og_image":[{"width":800,"height":800,"url":"https:\/\/www.specagra.ee\/wp-content\/uploads\/2023\/06\/Untitled-design-2023-06-30T113803.127.jpg","type":"image\/jpeg"}],"twitter_card":"summary_large_image","twitter_misc":{"Est. reading time":"1 minut"},"schema":{"@context":"https:\/\/schema.org","@graph":[{"@type":"WebPage","@id":"https:\/\/www.specagra.ee\/?product=surio-nusausinimo-paruosimo-spaudimui-presas-pos","url":"https:\/\/www.specagra.ee\/?product=surio-nusausinimo-paruosimo-spaudimui-presas-pos","name":"Daugiafunkcis s\u016brio presas POS - Specagra","isPartOf":{"@id":"https:\/\/www.specagra.ee\/#website"},"primaryImageOfPage":{"@id":"https:\/\/www.specagra.ee\/?product=surio-nusausinimo-paruosimo-spaudimui-presas-pos#primaryimage"},"image":{"@id":"https:\/\/www.specagra.ee\/?product=surio-nusausinimo-paruosimo-spaudimui-presas-pos#primaryimage"},"thumbnailUrl":"https:\/\/specagra.ee\/wp-content\/uploads\/2023\/06\/Untitled-design-2023-06-30T113803.127.jpg","datePublished":"2023-06-30T08:41:12+00:00","dateModified":"2023-06-30T08:59:37+00:00","breadcrumb":{"@id":"https:\/\/www.specagra.ee\/?product=surio-nusausinimo-paruosimo-spaudimui-presas-pos#breadcrumb"},"inLanguage":"et","potentialAction":[{"@type":"ReadAction","target":["https:\/\/www.specagra.ee\/?product=surio-nusausinimo-paruosimo-spaudimui-presas-pos"]}]},{"@type":"ImageObject","inLanguage":"et","@id":"https:\/\/www.specagra.ee\/?product=surio-nusausinimo-paruosimo-spaudimui-presas-pos#primaryimage","url":"https:\/\/specagra.ee\/wp-content\/uploads\/2023\/06\/Untitled-design-2023-06-30T113803.127.jpg","contentUrl":"https:\/\/specagra.ee\/wp-content\/uploads\/2023\/06\/Untitled-design-2023-06-30T113803.127.jpg","width":800,"height":800},{"@type":"BreadcrumbList","@id":"https:\/\/www.specagra.ee\/?product=surio-nusausinimo-paruosimo-spaudimui-presas-pos#breadcrumb","itemListElement":[{"@type":"ListItem","position":1,"name":"Home","item":"https:\/\/www.specagra.ee\/"},{"@type":"ListItem","position":2,"name":"P\u00f5llumajandustehnika ja loomakasvatus","item":"https:\/\/specagra.ee\/?page_id=18493"},{"@type":"ListItem","position":3,"name":"Daugiafunkcis s\u016brio presas POS"}]},{"@type":"WebSite","@id":"https:\/\/www.specagra.ee\/#website","url":"https:\/\/www.specagra.ee\/","name":"Specagra","description":"P\u00f5llumajandustehnika ja varuosad","publisher":{"@id":"https:\/\/www.specagra.ee\/#organization"},"potentialAction":[{"@type":"SearchAction","target":{"@type":"EntryPoint","urlTemplate":"https:\/\/www.specagra.ee\/?s={search_term_string}"},"query-input":{"@type":"PropertyValueSpecification","valueRequired":true,"valueName":"search_term_string"}}],"inLanguage":"et"},{"@type":"Organization","@id":"https:\/\/www.specagra.ee\/#organization","name":"UAB Specagra","url":"https:\/\/www.specagra.ee\/","logo":{"@type":"ImageObject","inLanguage":"et","@id":"https:\/\/www.specagra.ee\/#\/schema\/logo\/image\/","url":"http:\/\/www.specagra.ee\/wp-content\/uploads\/2022\/02\/SP-logo_naujas-scaled.jpg","contentUrl":"http:\/\/www.specagra.ee\/wp-content\/uploads\/2022\/02\/SP-logo_naujas-scaled.jpg","width":2560,"height":326,"caption":"UAB Specagra"},"image":{"@id":"https:\/\/www.specagra.ee\/#\/schema\/logo\/image\/"}}]}},"_links":{"self":[{"href":"https:\/\/www.specagra.ee\/index.php?rest_route=\/wp\/v2\/product\/30597","targetHints":{"allow":["GET"]}}],"collection":[{"href":"https:\/\/www.specagra.ee\/index.php?rest_route=\/wp\/v2\/product"}],"about":[{"href":"https:\/\/www.specagra.ee\/index.php?rest_route=\/wp\/v2\/types\/product"}],"wp:featuredmedia":[{"embeddable":true,"href":"https:\/\/www.specagra.ee\/index.php?rest_route=\/wp\/v2\/media\/30599"}],"wp:attachment":[{"href":"https:\/\/www.specagra.ee\/index.php?rest_route=%2Fwp%2Fv2%2Fmedia&parent=30597"}],"wp:term":[{"taxonomy":"product_brand","embeddable":true,"href":"https:\/\/www.specagra.ee\/index.php?rest_route=%2Fwp%2Fv2%2Fproduct_brand&post=30597"},{"taxonomy":"product_cat","embeddable":true,"href":"https:\/\/www.specagra.ee\/index.php?rest_route=%2Fwp%2Fv2%2Fproduct_cat&post=30597"},{"taxonomy":"product_tag","embeddable":true,"href":"https:\/\/www.specagra.ee\/index.php?rest_route=%2Fwp%2Fv2%2Fproduct_tag&post=30597"}],"curies":[{"name":"wp","href":"https:\/\/api.w.org\/{rel}","templated":true}]}}