{"id":30075,"date":"2023-06-02T05:29:32","date_gmt":"2023-06-02T07:29:32","guid":{"rendered":"https:\/\/www.specagra.ee\/?post_type=product&#038;p=30075"},"modified":"2023-06-02T06:12:09","modified_gmt":"2023-06-02T08:12:09","slug":"aviu-vartymo-stakles-xl","status":"publish","type":"product","link":"https:\/\/www.specagra.ee\/?product=aviu-vartymo-stakles-xl","title":{"rendered":"Avi\u0173 vartymo stakl\u0117s XL"},"content":{"rendered":"<p>Tvirtas 50 x 30 mm plienini\u0173 vamzd\u017ei\u0173 r\u0117mas, kur\u012f galima be vargo integruoti \u012f bet koki\u0105 avi\u0173 band\u0105.<br \/>\n&#8211; Pagrindas i\u0161 neslystan\u010dio plieninio tinklelio<br \/>\n&#8211; Reguliuojamas automatiniam kaklo fiksavimas<br \/>\n&#8211; Keli reguliavimai:<br \/>\n&#8211; U\u017efiksavimo auk\u0161tis ir pasukimo mechanizmas<br \/>\n&#8211; Galinis tinklelis<br \/>\n&#8211; Laikymo rankenos<br \/>\n&#8211; Varteliai stakli\u0173 gale<br \/>\n&#8211; I\u0161st\u016bmimo ir pasukimo mechanizmas, kad darbas nevargint\u0173: prie\u0161 pasukant avis i\u0161stumiama i\u0161 stovo, kad b\u016bt\u0173 optimali laisv\u0117 kojoms, o tada, nepak\u0117lus, pasukama aplink savo a\u0161\u012f<br \/>\n&#8211; Vienos a\u0161ies ratai su ilga i\u0161traukiama k\u0117limo rankena<\/p>\n","protected":false},"excerpt":{"rendered":"<p>Tvirtas 50 x 30 mm plienini\u0173 vamzd\u017ei\u0173 r\u0117mas, kur\u012f galima be vargo integruoti \u012f bet koki\u0105 avi\u0173 band\u0105. &#8211; Pagrindas i\u0161 neslystan\u010dio plieninio tinklelio &#8211; Reguliuojamas automatiniam kaklo fiksavimas &#8211; Keli reguliavimai: &#8211; U\u017efiksavimo auk\u0161tis ir pasukimo mechanizmas &#8211; Galinis tinklelis &#8211; Laikymo rankenos &#8211; Varteliai stakli\u0173 gale &#8211; I\u0161st\u016bmimo ir pasukimo mechanizmas, kad darbas [&hellip;]<\/p>\n","protected":false},"featured_media":30070,"template":"","meta":{"_et_pb_use_builder":"","_et_pb_old_content":"","_et_gb_content_width":""},"product_brand":[],"product_cat":[157],"product_tag":[],"class_list":{"0":"post-30075","1":"product","2":"type-product","3":"status-publish","4":"has-post-thumbnail","6":"product_cat-lamba-keeramis-voi-keerutusseadmed","8":"first","9":"instock","10":"shipping-taxable","11":"product-type-simple"},"yoast_head":"<!-- This site is optimized with the Yoast SEO plugin v26.4 - https:\/\/yoast.com\/wordpress\/plugins\/seo\/ -->\n<title>Avi\u0173 vartymo stakl\u0117s XL - Specagra<\/title>\n<meta name=\"robots\" content=\"index, follow, max-snippet:-1, max-image-preview:large, max-video-preview:-1\" \/>\n<link rel=\"canonical\" href=\"https:\/\/www.specagra.ee\/?product=aviu-vartymo-stakles-xl\" \/>\n<meta property=\"og:locale\" content=\"et_EE\" \/>\n<meta property=\"og:type\" content=\"article\" \/>\n<meta property=\"og:title\" content=\"Avi\u0173 vartymo stakl\u0117s XL - Specagra\" \/>\n<meta property=\"og:description\" content=\"Tvirtas 50 x 30 mm plienini\u0173 vamzd\u017ei\u0173 r\u0117mas, kur\u012f galima be vargo integruoti \u012f bet koki\u0105 avi\u0173 band\u0105. &#8211; Pagrindas i\u0161 neslystan\u010dio plieninio tinklelio &#8211; Reguliuojamas automatiniam kaklo fiksavimas &#8211; Keli reguliavimai: &#8211; U\u017efiksavimo auk\u0161tis ir pasukimo mechanizmas &#8211; Galinis tinklelis &#8211; Laikymo rankenos &#8211; Varteliai stakli\u0173 gale &#8211; I\u0161st\u016bmimo ir pasukimo mechanizmas, kad darbas [&hellip;]\" \/>\n<meta property=\"og:url\" content=\"https:\/\/www.specagra.ee\/?product=aviu-vartymo-stakles-xl\" \/>\n<meta property=\"og:site_name\" content=\"Specagra\" \/>\n<meta property=\"article:modified_time\" content=\"2023-06-02T08:12:09+00:00\" \/>\n<meta property=\"og:image\" content=\"https:\/\/specagra.ee\/wp-content\/uploads\/2023\/06\/Untitled-design-27.jpg\" \/>\n\t<meta property=\"og:image:width\" content=\"800\" \/>\n\t<meta property=\"og:image:height\" content=\"800\" \/>\n\t<meta property=\"og:image:type\" content=\"image\/jpeg\" \/>\n<meta name=\"twitter:card\" content=\"summary_large_image\" \/>\n<meta name=\"twitter:label1\" content=\"Est. reading time\" \/>\n\t<meta name=\"twitter:data1\" content=\"1 minut\" \/>\n<script type=\"application\/ld+json\" class=\"yoast-schema-graph\">{\"@context\":\"https:\/\/schema.org\",\"@graph\":[{\"@type\":\"WebPage\",\"@id\":\"https:\/\/www.specagra.ee\/?product=aviu-vartymo-stakles-xl\",\"url\":\"https:\/\/www.specagra.ee\/?product=aviu-vartymo-stakles-xl\",\"name\":\"Avi\u0173 vartymo stakl\u0117s XL - Specagra\",\"isPartOf\":{\"@id\":\"https:\/\/www.specagra.ee\/#website\"},\"primaryImageOfPage\":{\"@id\":\"https:\/\/www.specagra.ee\/?product=aviu-vartymo-stakles-xl#primaryimage\"},\"image\":{\"@id\":\"https:\/\/www.specagra.ee\/?product=aviu-vartymo-stakles-xl#primaryimage\"},\"thumbnailUrl\":\"https:\/\/www.specagra.ee\/wp-content\/uploads\/2023\/06\/Untitled-design-27.jpg\",\"datePublished\":\"2023-06-02T07:29:32+00:00\",\"dateModified\":\"2023-06-02T08:12:09+00:00\",\"breadcrumb\":{\"@id\":\"https:\/\/www.specagra.ee\/?product=aviu-vartymo-stakles-xl#breadcrumb\"},\"inLanguage\":\"et\",\"potentialAction\":[{\"@type\":\"ReadAction\",\"target\":[\"https:\/\/www.specagra.ee\/?product=aviu-vartymo-stakles-xl\"]}]},{\"@type\":\"ImageObject\",\"inLanguage\":\"et\",\"@id\":\"https:\/\/www.specagra.ee\/?product=aviu-vartymo-stakles-xl#primaryimage\",\"url\":\"https:\/\/www.specagra.ee\/wp-content\/uploads\/2023\/06\/Untitled-design-27.jpg\",\"contentUrl\":\"https:\/\/www.specagra.ee\/wp-content\/uploads\/2023\/06\/Untitled-design-27.jpg\",\"width\":800,\"height\":800},{\"@type\":\"BreadcrumbList\",\"@id\":\"https:\/\/www.specagra.ee\/?product=aviu-vartymo-stakles-xl#breadcrumb\",\"itemListElement\":[{\"@type\":\"ListItem\",\"position\":1,\"name\":\"Home\",\"item\":\"https:\/\/www.specagra.ee\/\"},{\"@type\":\"ListItem\",\"position\":2,\"name\":\"P\u00f5llumajandustehnika ja loomakasvatus\",\"item\":\"https:\/\/specagra.ee\/?page_id=18493\"},{\"@type\":\"ListItem\",\"position\":3,\"name\":\"Avi\u0173 vartymo stakl\u0117s XL\"}]},{\"@type\":\"WebSite\",\"@id\":\"https:\/\/www.specagra.ee\/#website\",\"url\":\"https:\/\/www.specagra.ee\/\",\"name\":\"Specagra\",\"description\":\"P\u00f5llumajandustehnika ja varuosad\",\"publisher\":{\"@id\":\"https:\/\/www.specagra.ee\/#organization\"},\"potentialAction\":[{\"@type\":\"SearchAction\",\"target\":{\"@type\":\"EntryPoint\",\"urlTemplate\":\"https:\/\/www.specagra.ee\/?s={search_term_string}\"},\"query-input\":{\"@type\":\"PropertyValueSpecification\",\"valueRequired\":true,\"valueName\":\"search_term_string\"}}],\"inLanguage\":\"et\"},{\"@type\":\"Organization\",\"@id\":\"https:\/\/www.specagra.ee\/#organization\",\"name\":\"UAB Specagra\",\"url\":\"https:\/\/www.specagra.ee\/\",\"logo\":{\"@type\":\"ImageObject\",\"inLanguage\":\"et\",\"@id\":\"https:\/\/www.specagra.ee\/#\/schema\/logo\/image\/\",\"url\":\"http:\/\/www.specagra.ee\/wp-content\/uploads\/2022\/02\/SP-logo_naujas-scaled.jpg\",\"contentUrl\":\"http:\/\/www.specagra.ee\/wp-content\/uploads\/2022\/02\/SP-logo_naujas-scaled.jpg\",\"width\":2560,\"height\":326,\"caption\":\"UAB Specagra\"},\"image\":{\"@id\":\"https:\/\/www.specagra.ee\/#\/schema\/logo\/image\/\"}}]}<\/script>\n<!-- \/ Yoast SEO plugin. -->","yoast_head_json":{"title":"Avi\u0173 vartymo stakl\u0117s XL - Specagra","robots":{"index":"index","follow":"follow","max-snippet":"max-snippet:-1","max-image-preview":"max-image-preview:large","max-video-preview":"max-video-preview:-1"},"canonical":"https:\/\/www.specagra.ee\/?product=aviu-vartymo-stakles-xl","og_locale":"et_EE","og_type":"article","og_title":"Avi\u0173 vartymo stakl\u0117s XL - Specagra","og_description":"Tvirtas 50 x 30 mm plienini\u0173 vamzd\u017ei\u0173 r\u0117mas, kur\u012f galima be vargo integruoti \u012f bet koki\u0105 avi\u0173 band\u0105. &#8211; Pagrindas i\u0161 neslystan\u010dio plieninio tinklelio &#8211; Reguliuojamas automatiniam kaklo fiksavimas &#8211; Keli reguliavimai: &#8211; U\u017efiksavimo auk\u0161tis ir pasukimo mechanizmas &#8211; Galinis tinklelis &#8211; Laikymo rankenos &#8211; Varteliai stakli\u0173 gale &#8211; I\u0161st\u016bmimo ir pasukimo mechanizmas, kad darbas [&hellip;]","og_url":"https:\/\/www.specagra.ee\/?product=aviu-vartymo-stakles-xl","og_site_name":"Specagra","article_modified_time":"2023-06-02T08:12:09+00:00","og_image":[{"width":800,"height":800,"url":"https:\/\/specagra.ee\/wp-content\/uploads\/2023\/06\/Untitled-design-27.jpg","type":"image\/jpeg"}],"twitter_card":"summary_large_image","twitter_misc":{"Est. reading time":"1 minut"},"schema":{"@context":"https:\/\/schema.org","@graph":[{"@type":"WebPage","@id":"https:\/\/www.specagra.ee\/?product=aviu-vartymo-stakles-xl","url":"https:\/\/www.specagra.ee\/?product=aviu-vartymo-stakles-xl","name":"Avi\u0173 vartymo stakl\u0117s XL - Specagra","isPartOf":{"@id":"https:\/\/www.specagra.ee\/#website"},"primaryImageOfPage":{"@id":"https:\/\/www.specagra.ee\/?product=aviu-vartymo-stakles-xl#primaryimage"},"image":{"@id":"https:\/\/www.specagra.ee\/?product=aviu-vartymo-stakles-xl#primaryimage"},"thumbnailUrl":"https:\/\/www.specagra.ee\/wp-content\/uploads\/2023\/06\/Untitled-design-27.jpg","datePublished":"2023-06-02T07:29:32+00:00","dateModified":"2023-06-02T08:12:09+00:00","breadcrumb":{"@id":"https:\/\/www.specagra.ee\/?product=aviu-vartymo-stakles-xl#breadcrumb"},"inLanguage":"et","potentialAction":[{"@type":"ReadAction","target":["https:\/\/www.specagra.ee\/?product=aviu-vartymo-stakles-xl"]}]},{"@type":"ImageObject","inLanguage":"et","@id":"https:\/\/www.specagra.ee\/?product=aviu-vartymo-stakles-xl#primaryimage","url":"https:\/\/www.specagra.ee\/wp-content\/uploads\/2023\/06\/Untitled-design-27.jpg","contentUrl":"https:\/\/www.specagra.ee\/wp-content\/uploads\/2023\/06\/Untitled-design-27.jpg","width":800,"height":800},{"@type":"BreadcrumbList","@id":"https:\/\/www.specagra.ee\/?product=aviu-vartymo-stakles-xl#breadcrumb","itemListElement":[{"@type":"ListItem","position":1,"name":"Home","item":"https:\/\/www.specagra.ee\/"},{"@type":"ListItem","position":2,"name":"P\u00f5llumajandustehnika ja loomakasvatus","item":"https:\/\/specagra.ee\/?page_id=18493"},{"@type":"ListItem","position":3,"name":"Avi\u0173 vartymo stakl\u0117s XL"}]},{"@type":"WebSite","@id":"https:\/\/www.specagra.ee\/#website","url":"https:\/\/www.specagra.ee\/","name":"Specagra","description":"P\u00f5llumajandustehnika ja varuosad","publisher":{"@id":"https:\/\/www.specagra.ee\/#organization"},"potentialAction":[{"@type":"SearchAction","target":{"@type":"EntryPoint","urlTemplate":"https:\/\/www.specagra.ee\/?s={search_term_string}"},"query-input":{"@type":"PropertyValueSpecification","valueRequired":true,"valueName":"search_term_string"}}],"inLanguage":"et"},{"@type":"Organization","@id":"https:\/\/www.specagra.ee\/#organization","name":"UAB Specagra","url":"https:\/\/www.specagra.ee\/","logo":{"@type":"ImageObject","inLanguage":"et","@id":"https:\/\/www.specagra.ee\/#\/schema\/logo\/image\/","url":"http:\/\/www.specagra.ee\/wp-content\/uploads\/2022\/02\/SP-logo_naujas-scaled.jpg","contentUrl":"http:\/\/www.specagra.ee\/wp-content\/uploads\/2022\/02\/SP-logo_naujas-scaled.jpg","width":2560,"height":326,"caption":"UAB Specagra"},"image":{"@id":"https:\/\/www.specagra.ee\/#\/schema\/logo\/image\/"}}]}},"_links":{"self":[{"href":"https:\/\/www.specagra.ee\/index.php?rest_route=\/wp\/v2\/product\/30075","targetHints":{"allow":["GET"]}}],"collection":[{"href":"https:\/\/www.specagra.ee\/index.php?rest_route=\/wp\/v2\/product"}],"about":[{"href":"https:\/\/www.specagra.ee\/index.php?rest_route=\/wp\/v2\/types\/product"}],"wp:featuredmedia":[{"embeddable":true,"href":"https:\/\/www.specagra.ee\/index.php?rest_route=\/wp\/v2\/media\/30070"}],"wp:attachment":[{"href":"https:\/\/www.specagra.ee\/index.php?rest_route=%2Fwp%2Fv2%2Fmedia&parent=30075"}],"wp:term":[{"taxonomy":"product_brand","embeddable":true,"href":"https:\/\/www.specagra.ee\/index.php?rest_route=%2Fwp%2Fv2%2Fproduct_brand&post=30075"},{"taxonomy":"product_cat","embeddable":true,"href":"https:\/\/www.specagra.ee\/index.php?rest_route=%2Fwp%2Fv2%2Fproduct_cat&post=30075"},{"taxonomy":"product_tag","embeddable":true,"href":"https:\/\/www.specagra.ee\/index.php?rest_route=%2Fwp%2Fv2%2Fproduct_tag&post=30075"}],"curies":[{"name":"wp","href":"https:\/\/api.w.org\/{rel}","templated":true}]}}