{"id":2849,"date":"2020-06-26T08:43:44","date_gmt":"2020-06-26T10:43:44","guid":{"rendered":"https:\/\/www.specagra.ee.nemokamossvetaines.hostingas.lt\/?post_type=product&#038;p=2849"},"modified":"2025-01-24T12:03:49","modified_gmt":"2025-01-24T14:03:49","slug":"skutiklis-unia-ares-hp","status":"publish","type":"product","link":"https:\/\/www.specagra.ee\/?product=skutiklis-unia-ares-hp","title":{"rendered":"Skutiklis UNIA ARES HP"},"content":{"rendered":"<p>Komplektacija\u00a0\u00a0<strong>ARES HP <\/strong>:<\/p>\n<ul>\n<li>Pakabinimo a\u0161is diam. 825\/36 mm., su \u0161arnyrinia sija;<\/li>\n<li>Dvi eil\u0117s l\u0117k\u0161\u010di\u0173 \u201eCLASSIC\u201c l\u0117k\u0161\u010di\u0173 diametras 560\/6 mm., apsauga su trikampiniais gumuotais amortizatoriais ARES XL;<\/li>\n<li>\u00a0Dvi eil\u0117s l\u0117k\u0161\u010di\u0173 \u201eCLASSIC\u201c l\u0117k\u0161\u010di\u0173 diametras 660\/6 mm., apsauga su trikampiniais gumuotais amortizatoriais ARES XXL;<\/li>\n<li>\u00a0Dvi eil\u0117s l\u0117k\u0161\u010di\u0173 \u201eCLASSIC\u201c l\u0117k\u0161\u010di\u0173 diametras 660\/6 mm., individuali spyruoklin\u0117 apsauga\u00a0ARES TX<strong><br \/>\n<\/strong><\/li>\n<li>Vamzdelinis volas (diametras 600 mm);<\/li>\n<li>Mechaninis gylio reguliavimas;<\/li>\n<li>Hidrauli\u0161kai sulankstomas r\u0117mas ( 4 hidrauliniai cilindrai);<\/li>\n<li>Va\u017eiuokl\u0117 su oriniais stabd\u017eiais ir di\u0161liumi ( ratai : 550\/45-22,5);<\/li>\n<li>Prikabinimo sijos hidraulinis cilindras;<\/li>\n<\/ul>\n<p>Papildoma komplektacija:<\/p>\n<ul>\n<li>L\u0117k\u0161\u010di\u0173 komplektas \u201eAGRESSIVE\u201c;<\/li>\n<li>Deflektori\u0173 komplektas;<\/li>\n<li>Hidraulinis gylio reguliavimas;<\/li>\n<li>Atraminiai priekiniai ratai (mechaninis reguliavimas);<\/li>\n<li>Atraminiai priekiniai ratai (hidraulinis reguliavimas);<\/li>\n<li>Transpotravimo \u017eibintai;<\/li>\n<li>Prikabinimo kilpa: 40 arba 50 mm;<\/li>\n<li>Volai pagal poreik\u012f : viengubi arba dvigubi;<\/li>\n<\/ul>\n","protected":false},"excerpt":{"rendered":"<p>Komplektacija\u00a0\u00a0ARES HP : Pakabinimo a\u0161is diam. 825\/36 mm., su \u0161arnyrinia sija; Dvi eil\u0117s l\u0117k\u0161\u010di\u0173 \u201eCLASSIC\u201c l\u0117k\u0161\u010di\u0173 diametras 560\/6 mm., apsauga su trikampiniais gumuotais amortizatoriais ARES XL; \u00a0Dvi eil\u0117s l\u0117k\u0161\u010di\u0173 \u201eCLASSIC\u201c l\u0117k\u0161\u010di\u0173 diametras 660\/6 mm., apsauga su trikampiniais gumuotais amortizatoriais ARES XXL; \u00a0Dvi eil\u0117s l\u0117k\u0161\u010di\u0173 \u201eCLASSIC\u201c l\u0117k\u0161\u010di\u0173 diametras 660\/6 mm., individuali spyruoklin\u0117 apsauga\u00a0ARES TX Vamzdelinis volas [&hellip;]<\/p>\n","protected":false},"featured_media":19105,"template":"","meta":[],"product_brand":[],"product_cat":[38],"product_tag":[],"class_list":{"0":"post-2849","1":"product","2":"type-product","3":"status-publish","4":"has-post-thumbnail","6":"product_cat-ketaskultivaator","8":"first","9":"instock","10":"shipping-taxable","11":"product-type-simple"},"yoast_head":"<!-- This site is optimized with the Yoast SEO plugin v27.3 - https:\/\/yoast.com\/product\/yoast-seo-wordpress\/ -->\n<title>Skutiklis UNIA ARES HP - Specagra<\/title>\n<meta name=\"robots\" content=\"index, follow, max-snippet:-1, max-image-preview:large, max-video-preview:-1\" \/>\n<link rel=\"canonical\" href=\"https:\/\/www.specagra.ee\/?product=skutiklis-unia-ares-hp\" \/>\n<meta property=\"og:locale\" content=\"et_EE\" \/>\n<meta property=\"og:type\" content=\"article\" \/>\n<meta property=\"og:title\" content=\"Skutiklis UNIA ARES HP - Specagra\" \/>\n<meta property=\"og:description\" content=\"Komplektacija\u00a0\u00a0ARES HP : Pakabinimo a\u0161is diam. 825\/36 mm., su \u0161arnyrinia sija; Dvi eil\u0117s l\u0117k\u0161\u010di\u0173 \u201eCLASSIC\u201c l\u0117k\u0161\u010di\u0173 diametras 560\/6 mm., apsauga su trikampiniais gumuotais amortizatoriais ARES XL; \u00a0Dvi eil\u0117s l\u0117k\u0161\u010di\u0173 \u201eCLASSIC\u201c l\u0117k\u0161\u010di\u0173 diametras 660\/6 mm., apsauga su trikampiniais gumuotais amortizatoriais ARES XXL; \u00a0Dvi eil\u0117s l\u0117k\u0161\u010di\u0173 \u201eCLASSIC\u201c l\u0117k\u0161\u010di\u0173 diametras 660\/6 mm., individuali spyruoklin\u0117 apsauga\u00a0ARES TX Vamzdelinis volas [&hellip;]\" \/>\n<meta property=\"og:url\" content=\"https:\/\/www.specagra.ee\/?product=skutiklis-unia-ares-hp\" \/>\n<meta property=\"og:site_name\" content=\"Specagra\" \/>\n<meta property=\"article:modified_time\" content=\"2025-01-24T14:03:49+00:00\" \/>\n<meta property=\"og:image\" content=\"https:\/\/specagra.ee\/wp-content\/uploads\/2020\/06\/Copy-of-0203139731-1280-\u00d7-720-px-896-\u00d7-503-px135.jpg\" \/>\n\t<meta property=\"og:image:width\" content=\"896\" \/>\n\t<meta property=\"og:image:height\" content=\"503\" \/>\n\t<meta property=\"og:image:type\" content=\"image\/jpeg\" \/>\n<meta name=\"twitter:card\" content=\"summary_large_image\" \/>\n<meta name=\"twitter:label1\" content=\"Est. reading time\" \/>\n\t<meta name=\"twitter:data1\" content=\"1 minut\" \/>\n<script type=\"application\/ld+json\" class=\"yoast-schema-graph\">{\"@context\":\"https:\\\/\\\/schema.org\",\"@graph\":[{\"@type\":\"WebPage\",\"@id\":\"https:\\\/\\\/www.specagra.ee\\\/?product=skutiklis-unia-ares-hp\",\"url\":\"https:\\\/\\\/www.specagra.ee\\\/?product=skutiklis-unia-ares-hp\",\"name\":\"Skutiklis UNIA ARES HP - Specagra\",\"isPartOf\":{\"@id\":\"https:\\\/\\\/www.specagra.ee\\\/#website\"},\"primaryImageOfPage\":{\"@id\":\"https:\\\/\\\/www.specagra.ee\\\/?product=skutiklis-unia-ares-hp#primaryimage\"},\"image\":{\"@id\":\"https:\\\/\\\/www.specagra.ee\\\/?product=skutiklis-unia-ares-hp#primaryimage\"},\"thumbnailUrl\":\"https:\\\/\\\/specagra.ee\\\/wp-content\\\/uploads\\\/2020\\\/06\\\/Copy-of-0203139731-1280-\u00d7-720-px-896-\u00d7-503-px135.jpg\",\"datePublished\":\"2020-06-26T10:43:44+00:00\",\"dateModified\":\"2025-01-24T14:03:49+00:00\",\"breadcrumb\":{\"@id\":\"https:\\\/\\\/www.specagra.ee\\\/?product=skutiklis-unia-ares-hp#breadcrumb\"},\"inLanguage\":\"et\",\"potentialAction\":[{\"@type\":\"ReadAction\",\"target\":[\"https:\\\/\\\/www.specagra.ee\\\/?product=skutiklis-unia-ares-hp\"]}]},{\"@type\":\"ImageObject\",\"inLanguage\":\"et\",\"@id\":\"https:\\\/\\\/www.specagra.ee\\\/?product=skutiklis-unia-ares-hp#primaryimage\",\"url\":\"https:\\\/\\\/specagra.ee\\\/wp-content\\\/uploads\\\/2020\\\/06\\\/Copy-of-0203139731-1280-\u00d7-720-px-896-\u00d7-503-px135.jpg\",\"contentUrl\":\"https:\\\/\\\/specagra.ee\\\/wp-content\\\/uploads\\\/2020\\\/06\\\/Copy-of-0203139731-1280-\u00d7-720-px-896-\u00d7-503-px135.jpg\",\"width\":896,\"height\":503,\"caption\":\"Skutiklis UNIA ARES HP\"},{\"@type\":\"BreadcrumbList\",\"@id\":\"https:\\\/\\\/www.specagra.ee\\\/?product=skutiklis-unia-ares-hp#breadcrumb\",\"itemListElement\":[{\"@type\":\"ListItem\",\"position\":1,\"name\":\"Home\",\"item\":\"https:\\\/\\\/specagra.ee\\\/\"},{\"@type\":\"ListItem\",\"position\":2,\"name\":\"P\u00f5llumajandustehnika ja loomakasvatus\",\"item\":\"https:\\\/\\\/specagra.ee\\\/?page_id=18493\"},{\"@type\":\"ListItem\",\"position\":3,\"name\":\"Skutiklis UNIA ARES HP\"}]},{\"@type\":\"WebSite\",\"@id\":\"https:\\\/\\\/www.specagra.ee\\\/#website\",\"url\":\"https:\\\/\\\/www.specagra.ee\\\/\",\"name\":\"Specagra\",\"description\":\"P\u00f5llumajandustehnika ja varuosad\",\"publisher\":{\"@id\":\"https:\\\/\\\/www.specagra.ee\\\/#organization\"},\"potentialAction\":[{\"@type\":\"SearchAction\",\"target\":{\"@type\":\"EntryPoint\",\"urlTemplate\":\"https:\\\/\\\/www.specagra.ee\\\/?s={search_term_string}\"},\"query-input\":{\"@type\":\"PropertyValueSpecification\",\"valueRequired\":true,\"valueName\":\"search_term_string\"}}],\"inLanguage\":\"et\"},{\"@type\":\"Organization\",\"@id\":\"https:\\\/\\\/www.specagra.ee\\\/#organization\",\"name\":\"UAB Specagra\",\"url\":\"https:\\\/\\\/www.specagra.ee\\\/\",\"logo\":{\"@type\":\"ImageObject\",\"inLanguage\":\"et\",\"@id\":\"https:\\\/\\\/www.specagra.ee\\\/#\\\/schema\\\/logo\\\/image\\\/\",\"url\":\"http:\\\/\\\/www.specagra.ee\\\/wp-content\\\/uploads\\\/2022\\\/02\\\/SP-logo_naujas-scaled.jpg\",\"contentUrl\":\"http:\\\/\\\/www.specagra.ee\\\/wp-content\\\/uploads\\\/2022\\\/02\\\/SP-logo_naujas-scaled.jpg\",\"width\":2560,\"height\":326,\"caption\":\"UAB Specagra\"},\"image\":{\"@id\":\"https:\\\/\\\/www.specagra.ee\\\/#\\\/schema\\\/logo\\\/image\\\/\"}}]}<\/script>\n<!-- \/ Yoast SEO plugin. -->","yoast_head_json":{"title":"Skutiklis UNIA ARES HP - Specagra","robots":{"index":"index","follow":"follow","max-snippet":"max-snippet:-1","max-image-preview":"max-image-preview:large","max-video-preview":"max-video-preview:-1"},"canonical":"https:\/\/www.specagra.ee\/?product=skutiklis-unia-ares-hp","og_locale":"et_EE","og_type":"article","og_title":"Skutiklis UNIA ARES HP - Specagra","og_description":"Komplektacija\u00a0\u00a0ARES HP : Pakabinimo a\u0161is diam. 825\/36 mm., su \u0161arnyrinia sija; Dvi eil\u0117s l\u0117k\u0161\u010di\u0173 \u201eCLASSIC\u201c l\u0117k\u0161\u010di\u0173 diametras 560\/6 mm., apsauga su trikampiniais gumuotais amortizatoriais ARES XL; \u00a0Dvi eil\u0117s l\u0117k\u0161\u010di\u0173 \u201eCLASSIC\u201c l\u0117k\u0161\u010di\u0173 diametras 660\/6 mm., apsauga su trikampiniais gumuotais amortizatoriais ARES XXL; \u00a0Dvi eil\u0117s l\u0117k\u0161\u010di\u0173 \u201eCLASSIC\u201c l\u0117k\u0161\u010di\u0173 diametras 660\/6 mm., individuali spyruoklin\u0117 apsauga\u00a0ARES TX Vamzdelinis volas [&hellip;]","og_url":"https:\/\/www.specagra.ee\/?product=skutiklis-unia-ares-hp","og_site_name":"Specagra","article_modified_time":"2025-01-24T14:03:49+00:00","og_image":[{"width":896,"height":503,"url":"https:\/\/specagra.ee\/wp-content\/uploads\/2020\/06\/Copy-of-0203139731-1280-\u00d7-720-px-896-\u00d7-503-px135.jpg","type":"image\/jpeg"}],"twitter_card":"summary_large_image","twitter_misc":{"Est. reading time":"1 minut"},"schema":{"@context":"https:\/\/schema.org","@graph":[{"@type":"WebPage","@id":"https:\/\/www.specagra.ee\/?product=skutiklis-unia-ares-hp","url":"https:\/\/www.specagra.ee\/?product=skutiklis-unia-ares-hp","name":"Skutiklis UNIA ARES HP - Specagra","isPartOf":{"@id":"https:\/\/www.specagra.ee\/#website"},"primaryImageOfPage":{"@id":"https:\/\/www.specagra.ee\/?product=skutiklis-unia-ares-hp#primaryimage"},"image":{"@id":"https:\/\/www.specagra.ee\/?product=skutiklis-unia-ares-hp#primaryimage"},"thumbnailUrl":"https:\/\/specagra.ee\/wp-content\/uploads\/2020\/06\/Copy-of-0203139731-1280-\u00d7-720-px-896-\u00d7-503-px135.jpg","datePublished":"2020-06-26T10:43:44+00:00","dateModified":"2025-01-24T14:03:49+00:00","breadcrumb":{"@id":"https:\/\/www.specagra.ee\/?product=skutiklis-unia-ares-hp#breadcrumb"},"inLanguage":"et","potentialAction":[{"@type":"ReadAction","target":["https:\/\/www.specagra.ee\/?product=skutiklis-unia-ares-hp"]}]},{"@type":"ImageObject","inLanguage":"et","@id":"https:\/\/www.specagra.ee\/?product=skutiklis-unia-ares-hp#primaryimage","url":"https:\/\/specagra.ee\/wp-content\/uploads\/2020\/06\/Copy-of-0203139731-1280-\u00d7-720-px-896-\u00d7-503-px135.jpg","contentUrl":"https:\/\/specagra.ee\/wp-content\/uploads\/2020\/06\/Copy-of-0203139731-1280-\u00d7-720-px-896-\u00d7-503-px135.jpg","width":896,"height":503,"caption":"Skutiklis UNIA ARES HP"},{"@type":"BreadcrumbList","@id":"https:\/\/www.specagra.ee\/?product=skutiklis-unia-ares-hp#breadcrumb","itemListElement":[{"@type":"ListItem","position":1,"name":"Home","item":"https:\/\/specagra.ee\/"},{"@type":"ListItem","position":2,"name":"P\u00f5llumajandustehnika ja loomakasvatus","item":"https:\/\/specagra.ee\/?page_id=18493"},{"@type":"ListItem","position":3,"name":"Skutiklis UNIA ARES HP"}]},{"@type":"WebSite","@id":"https:\/\/www.specagra.ee\/#website","url":"https:\/\/www.specagra.ee\/","name":"Specagra","description":"P\u00f5llumajandustehnika ja varuosad","publisher":{"@id":"https:\/\/www.specagra.ee\/#organization"},"potentialAction":[{"@type":"SearchAction","target":{"@type":"EntryPoint","urlTemplate":"https:\/\/www.specagra.ee\/?s={search_term_string}"},"query-input":{"@type":"PropertyValueSpecification","valueRequired":true,"valueName":"search_term_string"}}],"inLanguage":"et"},{"@type":"Organization","@id":"https:\/\/www.specagra.ee\/#organization","name":"UAB Specagra","url":"https:\/\/www.specagra.ee\/","logo":{"@type":"ImageObject","inLanguage":"et","@id":"https:\/\/www.specagra.ee\/#\/schema\/logo\/image\/","url":"http:\/\/www.specagra.ee\/wp-content\/uploads\/2022\/02\/SP-logo_naujas-scaled.jpg","contentUrl":"http:\/\/www.specagra.ee\/wp-content\/uploads\/2022\/02\/SP-logo_naujas-scaled.jpg","width":2560,"height":326,"caption":"UAB Specagra"},"image":{"@id":"https:\/\/www.specagra.ee\/#\/schema\/logo\/image\/"}}]}},"_links":{"self":[{"href":"https:\/\/www.specagra.ee\/index.php?rest_route=\/wp\/v2\/product\/2849","targetHints":{"allow":["GET"]}}],"collection":[{"href":"https:\/\/www.specagra.ee\/index.php?rest_route=\/wp\/v2\/product"}],"about":[{"href":"https:\/\/www.specagra.ee\/index.php?rest_route=\/wp\/v2\/types\/product"}],"wp:featuredmedia":[{"embeddable":true,"href":"https:\/\/www.specagra.ee\/index.php?rest_route=\/wp\/v2\/media\/19105"}],"wp:attachment":[{"href":"https:\/\/www.specagra.ee\/index.php?rest_route=%2Fwp%2Fv2%2Fmedia&parent=2849"}],"wp:term":[{"taxonomy":"product_brand","embeddable":true,"href":"https:\/\/www.specagra.ee\/index.php?rest_route=%2Fwp%2Fv2%2Fproduct_brand&post=2849"},{"taxonomy":"product_cat","embeddable":true,"href":"https:\/\/www.specagra.ee\/index.php?rest_route=%2Fwp%2Fv2%2Fproduct_cat&post=2849"},{"taxonomy":"product_tag","embeddable":true,"href":"https:\/\/www.specagra.ee\/index.php?rest_route=%2Fwp%2Fv2%2Fproduct_tag&post=2849"}],"curies":[{"name":"wp","href":"https:\/\/api.w.org\/{rel}","templated":true}]}}