{"id":27427,"date":"2023-03-14T12:08:15","date_gmt":"2023-03-14T14:08:15","guid":{"rendered":"https:\/\/www.specagra.ee\/?post_type=product&#038;p=27427"},"modified":"2023-03-14T12:31:47","modified_gmt":"2023-03-14T14:31:47","slug":"plastikines-imautes-vamzdziams","status":"publish","type":"product","link":"https:\/\/www.specagra.ee\/?product=plastikines-imautes-vamzdziams","title":{"rendered":"Plastikin\u0117s \u012fmaut\u0117s vamzd\u017eiams"},"content":{"rendered":"<p>Cinkavimo b\u016bdu vamzd\u017ei\u0173 atraminiai stulpeliai padengiami apsauginiu cinku, kuris laikui b\u0117gant daugiau ar ma\u017eiau suyra. \u0160is cinkas, veikiamas r\u016bg\u0161\u010di\u0173, esan\u010di\u0173<br \/>\nsrutose, gyvuli\u0173 pastatuose (daugiau ar ma\u017eiau gerai \u012f\u017eemint\u0173), laikui b\u0117gant nyksta, atsiranda r\u016bdys, kurios laikui b\u0117gant naikina stulp\u0105. Iki \u0161iol rinkoje n\u0117ra sprendim\u0173, kaip u\u017etikrinti tobul\u0105 stulpeli\u0173 ir grind\u0173 arba tarpusavyje susisiekian\u010di\u0173 \u012fvori\u0173 sandarum\u0105 \u012f kurias jie yra \u012fstatyti. D\u0117l \u012fvairi\u0173 r\u016bg\u0161\u010di\u0173 patekimo laikui b\u0117gant stulpeliai visada pradeda r\u016bdyti.<\/p>\n<p>&#8220;ISOPROTEC&#8221; PE plastikin\u0117s \u012fmaut\u0117s vamzd\u017eiams u\u017etikrina tobul\u0105 sandarum\u0105. Jos pagamintos i\u0161 vientiso rotacinio liejimo, kuris yra daug ma\u017eiau trapus nei \u012fpur\u0161kiamas, o jo vir\u0161uje yra lankstus sandariklis. \u0160i\u0105 apsaug\u0105 galima u\u017emauti ant vis\u0173 apvali\u0173 arba kvadratini\u0173 &#8220;Cosnet&#8221; stulpeli\u0173, kuriuos reikia \u012fleisti. J\u0105 galima u\u017esandarinti tiesiai betone arba \u012fstatyti \u012f PE &#8220;ISOPROTEC&#8221; lizd\u0105, kuris turi b\u016bti \u012fkastas \u012f \u017eem\u0119, kad j\u012f b\u016bt\u0173 galima nuimti valant.<\/p>\n","protected":false},"excerpt":{"rendered":"<p>Cinkavimo b\u016bdu vamzd\u017ei\u0173 atraminiai stulpeliai padengiami apsauginiu cinku, kuris laikui b\u0117gant daugiau ar ma\u017eiau suyra. \u0160is cinkas, veikiamas r\u016bg\u0161\u010di\u0173, esan\u010di\u0173 srutose, gyvuli\u0173 pastatuose (daugiau ar ma\u017eiau gerai \u012f\u017eemint\u0173), laikui b\u0117gant nyksta, atsiranda r\u016bdys, kurios laikui b\u0117gant naikina stulp\u0105. Iki \u0161iol rinkoje n\u0117ra sprendim\u0173, kaip u\u017etikrinti tobul\u0105 stulpeli\u0173 ir grind\u0173 arba tarpusavyje susisiekian\u010di\u0173 \u012fvori\u0173 sandarum\u0105 \u012f [&hellip;]<\/p>\n","protected":false},"featured_media":27428,"template":"","meta":{"_et_pb_use_builder":"","_et_pb_old_content":"","_et_gb_content_width":""},"product_brand":[],"product_cat":[137],"product_tag":[],"class_list":{"0":"post-27427","1":"product","2":"type-product","3":"status-publish","4":"has-post-thumbnail","6":"product_cat-vahepaneelid-aedikud-postid","8":"first","9":"instock","10":"shipping-taxable","11":"product-type-simple"},"yoast_head":"<!-- This site is optimized with the Yoast SEO plugin v26.4 - https:\/\/yoast.com\/wordpress\/plugins\/seo\/ -->\n<title>Plastikin\u0117s \u012fmaut\u0117s vamzd\u017eiams - Specagra<\/title>\n<meta name=\"robots\" content=\"index, follow, max-snippet:-1, max-image-preview:large, max-video-preview:-1\" \/>\n<link rel=\"canonical\" href=\"https:\/\/www.specagra.ee\/?product=plastikines-imautes-vamzdziams\" \/>\n<meta property=\"og:locale\" content=\"et_EE\" \/>\n<meta property=\"og:type\" content=\"article\" \/>\n<meta property=\"og:title\" content=\"Plastikin\u0117s \u012fmaut\u0117s vamzd\u017eiams - Specagra\" \/>\n<meta property=\"og:description\" content=\"Cinkavimo b\u016bdu vamzd\u017ei\u0173 atraminiai stulpeliai padengiami apsauginiu cinku, kuris laikui b\u0117gant daugiau ar ma\u017eiau suyra. \u0160is cinkas, veikiamas r\u016bg\u0161\u010di\u0173, esan\u010di\u0173 srutose, gyvuli\u0173 pastatuose (daugiau ar ma\u017eiau gerai \u012f\u017eemint\u0173), laikui b\u0117gant nyksta, atsiranda r\u016bdys, kurios laikui b\u0117gant naikina stulp\u0105. Iki \u0161iol rinkoje n\u0117ra sprendim\u0173, kaip u\u017etikrinti tobul\u0105 stulpeli\u0173 ir grind\u0173 arba tarpusavyje susisiekian\u010di\u0173 \u012fvori\u0173 sandarum\u0105 \u012f [&hellip;]\" \/>\n<meta property=\"og:url\" content=\"https:\/\/www.specagra.ee\/?product=plastikines-imautes-vamzdziams\" \/>\n<meta property=\"og:site_name\" content=\"Specagra\" \/>\n<meta property=\"article:modified_time\" content=\"2023-03-14T14:31:47+00:00\" \/>\n<meta property=\"og:image\" content=\"https:\/\/specagra.ee\/wp-content\/uploads\/2023\/03\/Untitled-design-56.jpg\" \/>\n\t<meta property=\"og:image:width\" content=\"800\" \/>\n\t<meta property=\"og:image:height\" content=\"800\" \/>\n\t<meta property=\"og:image:type\" content=\"image\/jpeg\" \/>\n<meta name=\"twitter:card\" content=\"summary_large_image\" \/>\n<meta name=\"twitter:label1\" content=\"Est. reading time\" \/>\n\t<meta name=\"twitter:data1\" content=\"1 minut\" \/>\n<script type=\"application\/ld+json\" class=\"yoast-schema-graph\">{\"@context\":\"https:\/\/schema.org\",\"@graph\":[{\"@type\":\"WebPage\",\"@id\":\"https:\/\/www.specagra.ee\/?product=plastikines-imautes-vamzdziams\",\"url\":\"https:\/\/www.specagra.ee\/?product=plastikines-imautes-vamzdziams\",\"name\":\"Plastikin\u0117s \u012fmaut\u0117s vamzd\u017eiams - Specagra\",\"isPartOf\":{\"@id\":\"https:\/\/www.specagra.ee\/#website\"},\"primaryImageOfPage\":{\"@id\":\"https:\/\/www.specagra.ee\/?product=plastikines-imautes-vamzdziams#primaryimage\"},\"image\":{\"@id\":\"https:\/\/www.specagra.ee\/?product=plastikines-imautes-vamzdziams#primaryimage\"},\"thumbnailUrl\":\"https:\/\/www.specagra.ee\/wp-content\/uploads\/2023\/03\/Untitled-design-56.jpg\",\"datePublished\":\"2023-03-14T14:08:15+00:00\",\"dateModified\":\"2023-03-14T14:31:47+00:00\",\"breadcrumb\":{\"@id\":\"https:\/\/www.specagra.ee\/?product=plastikines-imautes-vamzdziams#breadcrumb\"},\"inLanguage\":\"et\",\"potentialAction\":[{\"@type\":\"ReadAction\",\"target\":[\"https:\/\/www.specagra.ee\/?product=plastikines-imautes-vamzdziams\"]}]},{\"@type\":\"ImageObject\",\"inLanguage\":\"et\",\"@id\":\"https:\/\/www.specagra.ee\/?product=plastikines-imautes-vamzdziams#primaryimage\",\"url\":\"https:\/\/www.specagra.ee\/wp-content\/uploads\/2023\/03\/Untitled-design-56.jpg\",\"contentUrl\":\"https:\/\/www.specagra.ee\/wp-content\/uploads\/2023\/03\/Untitled-design-56.jpg\",\"width\":800,\"height\":800},{\"@type\":\"BreadcrumbList\",\"@id\":\"https:\/\/www.specagra.ee\/?product=plastikines-imautes-vamzdziams#breadcrumb\",\"itemListElement\":[{\"@type\":\"ListItem\",\"position\":1,\"name\":\"Home\",\"item\":\"https:\/\/www.specagra.ee\/\"},{\"@type\":\"ListItem\",\"position\":2,\"name\":\"P\u00f5llumajandustehnika ja loomakasvatus\",\"item\":\"https:\/\/specagra.ee\/?page_id=18493\"},{\"@type\":\"ListItem\",\"position\":3,\"name\":\"Plastikin\u0117s \u012fmaut\u0117s vamzd\u017eiams\"}]},{\"@type\":\"WebSite\",\"@id\":\"https:\/\/www.specagra.ee\/#website\",\"url\":\"https:\/\/www.specagra.ee\/\",\"name\":\"Specagra\",\"description\":\"P\u00f5llumajandustehnika ja varuosad\",\"publisher\":{\"@id\":\"https:\/\/www.specagra.ee\/#organization\"},\"potentialAction\":[{\"@type\":\"SearchAction\",\"target\":{\"@type\":\"EntryPoint\",\"urlTemplate\":\"https:\/\/www.specagra.ee\/?s={search_term_string}\"},\"query-input\":{\"@type\":\"PropertyValueSpecification\",\"valueRequired\":true,\"valueName\":\"search_term_string\"}}],\"inLanguage\":\"et\"},{\"@type\":\"Organization\",\"@id\":\"https:\/\/www.specagra.ee\/#organization\",\"name\":\"UAB Specagra\",\"url\":\"https:\/\/www.specagra.ee\/\",\"logo\":{\"@type\":\"ImageObject\",\"inLanguage\":\"et\",\"@id\":\"https:\/\/www.specagra.ee\/#\/schema\/logo\/image\/\",\"url\":\"http:\/\/www.specagra.ee\/wp-content\/uploads\/2022\/02\/SP-logo_naujas-scaled.jpg\",\"contentUrl\":\"http:\/\/www.specagra.ee\/wp-content\/uploads\/2022\/02\/SP-logo_naujas-scaled.jpg\",\"width\":2560,\"height\":326,\"caption\":\"UAB Specagra\"},\"image\":{\"@id\":\"https:\/\/www.specagra.ee\/#\/schema\/logo\/image\/\"}}]}<\/script>\n<!-- \/ Yoast SEO plugin. -->","yoast_head_json":{"title":"Plastikin\u0117s \u012fmaut\u0117s vamzd\u017eiams - Specagra","robots":{"index":"index","follow":"follow","max-snippet":"max-snippet:-1","max-image-preview":"max-image-preview:large","max-video-preview":"max-video-preview:-1"},"canonical":"https:\/\/www.specagra.ee\/?product=plastikines-imautes-vamzdziams","og_locale":"et_EE","og_type":"article","og_title":"Plastikin\u0117s \u012fmaut\u0117s vamzd\u017eiams - Specagra","og_description":"Cinkavimo b\u016bdu vamzd\u017ei\u0173 atraminiai stulpeliai padengiami apsauginiu cinku, kuris laikui b\u0117gant daugiau ar ma\u017eiau suyra. \u0160is cinkas, veikiamas r\u016bg\u0161\u010di\u0173, esan\u010di\u0173 srutose, gyvuli\u0173 pastatuose (daugiau ar ma\u017eiau gerai \u012f\u017eemint\u0173), laikui b\u0117gant nyksta, atsiranda r\u016bdys, kurios laikui b\u0117gant naikina stulp\u0105. Iki \u0161iol rinkoje n\u0117ra sprendim\u0173, kaip u\u017etikrinti tobul\u0105 stulpeli\u0173 ir grind\u0173 arba tarpusavyje susisiekian\u010di\u0173 \u012fvori\u0173 sandarum\u0105 \u012f [&hellip;]","og_url":"https:\/\/www.specagra.ee\/?product=plastikines-imautes-vamzdziams","og_site_name":"Specagra","article_modified_time":"2023-03-14T14:31:47+00:00","og_image":[{"width":800,"height":800,"url":"https:\/\/specagra.ee\/wp-content\/uploads\/2023\/03\/Untitled-design-56.jpg","type":"image\/jpeg"}],"twitter_card":"summary_large_image","twitter_misc":{"Est. reading time":"1 minut"},"schema":{"@context":"https:\/\/schema.org","@graph":[{"@type":"WebPage","@id":"https:\/\/www.specagra.ee\/?product=plastikines-imautes-vamzdziams","url":"https:\/\/www.specagra.ee\/?product=plastikines-imautes-vamzdziams","name":"Plastikin\u0117s \u012fmaut\u0117s vamzd\u017eiams - Specagra","isPartOf":{"@id":"https:\/\/www.specagra.ee\/#website"},"primaryImageOfPage":{"@id":"https:\/\/www.specagra.ee\/?product=plastikines-imautes-vamzdziams#primaryimage"},"image":{"@id":"https:\/\/www.specagra.ee\/?product=plastikines-imautes-vamzdziams#primaryimage"},"thumbnailUrl":"https:\/\/www.specagra.ee\/wp-content\/uploads\/2023\/03\/Untitled-design-56.jpg","datePublished":"2023-03-14T14:08:15+00:00","dateModified":"2023-03-14T14:31:47+00:00","breadcrumb":{"@id":"https:\/\/www.specagra.ee\/?product=plastikines-imautes-vamzdziams#breadcrumb"},"inLanguage":"et","potentialAction":[{"@type":"ReadAction","target":["https:\/\/www.specagra.ee\/?product=plastikines-imautes-vamzdziams"]}]},{"@type":"ImageObject","inLanguage":"et","@id":"https:\/\/www.specagra.ee\/?product=plastikines-imautes-vamzdziams#primaryimage","url":"https:\/\/www.specagra.ee\/wp-content\/uploads\/2023\/03\/Untitled-design-56.jpg","contentUrl":"https:\/\/www.specagra.ee\/wp-content\/uploads\/2023\/03\/Untitled-design-56.jpg","width":800,"height":800},{"@type":"BreadcrumbList","@id":"https:\/\/www.specagra.ee\/?product=plastikines-imautes-vamzdziams#breadcrumb","itemListElement":[{"@type":"ListItem","position":1,"name":"Home","item":"https:\/\/www.specagra.ee\/"},{"@type":"ListItem","position":2,"name":"P\u00f5llumajandustehnika ja loomakasvatus","item":"https:\/\/specagra.ee\/?page_id=18493"},{"@type":"ListItem","position":3,"name":"Plastikin\u0117s \u012fmaut\u0117s vamzd\u017eiams"}]},{"@type":"WebSite","@id":"https:\/\/www.specagra.ee\/#website","url":"https:\/\/www.specagra.ee\/","name":"Specagra","description":"P\u00f5llumajandustehnika ja varuosad","publisher":{"@id":"https:\/\/www.specagra.ee\/#organization"},"potentialAction":[{"@type":"SearchAction","target":{"@type":"EntryPoint","urlTemplate":"https:\/\/www.specagra.ee\/?s={search_term_string}"},"query-input":{"@type":"PropertyValueSpecification","valueRequired":true,"valueName":"search_term_string"}}],"inLanguage":"et"},{"@type":"Organization","@id":"https:\/\/www.specagra.ee\/#organization","name":"UAB Specagra","url":"https:\/\/www.specagra.ee\/","logo":{"@type":"ImageObject","inLanguage":"et","@id":"https:\/\/www.specagra.ee\/#\/schema\/logo\/image\/","url":"http:\/\/www.specagra.ee\/wp-content\/uploads\/2022\/02\/SP-logo_naujas-scaled.jpg","contentUrl":"http:\/\/www.specagra.ee\/wp-content\/uploads\/2022\/02\/SP-logo_naujas-scaled.jpg","width":2560,"height":326,"caption":"UAB Specagra"},"image":{"@id":"https:\/\/www.specagra.ee\/#\/schema\/logo\/image\/"}}]}},"_links":{"self":[{"href":"https:\/\/www.specagra.ee\/index.php?rest_route=\/wp\/v2\/product\/27427","targetHints":{"allow":["GET"]}}],"collection":[{"href":"https:\/\/www.specagra.ee\/index.php?rest_route=\/wp\/v2\/product"}],"about":[{"href":"https:\/\/www.specagra.ee\/index.php?rest_route=\/wp\/v2\/types\/product"}],"wp:featuredmedia":[{"embeddable":true,"href":"https:\/\/www.specagra.ee\/index.php?rest_route=\/wp\/v2\/media\/27428"}],"wp:attachment":[{"href":"https:\/\/www.specagra.ee\/index.php?rest_route=%2Fwp%2Fv2%2Fmedia&parent=27427"}],"wp:term":[{"taxonomy":"product_brand","embeddable":true,"href":"https:\/\/www.specagra.ee\/index.php?rest_route=%2Fwp%2Fv2%2Fproduct_brand&post=27427"},{"taxonomy":"product_cat","embeddable":true,"href":"https:\/\/www.specagra.ee\/index.php?rest_route=%2Fwp%2Fv2%2Fproduct_cat&post=27427"},{"taxonomy":"product_tag","embeddable":true,"href":"https:\/\/www.specagra.ee\/index.php?rest_route=%2Fwp%2Fv2%2Fproduct_tag&post=27427"}],"curies":[{"name":"wp","href":"https:\/\/api.w.org\/{rel}","templated":true}]}}