{"id":25670,"date":"2023-03-06T12:14:40","date_gmt":"2023-03-06T14:14:40","guid":{"rendered":"https:\/\/www.specagra.ee\/?post_type=product&#038;p=25670"},"modified":"2023-08-30T11:10:25","modified_gmt":"2023-08-30T13:10:25","slug":"pieno-talpos-plevnik","status":"publish","type":"product","link":"https:\/\/www.specagra.ee\/?product=pieno-talpos-plevnik","title":{"rendered":"Pieno talpos Plevnik"},"content":{"rendered":"<p>Izoliuota pieno talpa su k\u016bginiu dugnu, pagamintas i\u0161 ner\u016bdijan\u010dio plieno (AISI 304).<\/p>\n<ul>\n<li>Pieno talpa pagaminta ant stabilios atramos.<\/li>\n<li>Suvirintas dangtis su liuku ir oro vo\u017etuvu<\/li>\n<li>DN 50 \u012fvadas (DN65,80)<\/li>\n<li>DN 50 i\u0161leid\u017eiamoji dalis (DN65,80)<\/li>\n<li>CIP ir plovimo galvut\u0117s jungtys<\/li>\n<li>PT 100 zondo antgalis<\/li>\n<li>Skaitmeninis temperat\u016bros rodiklis<\/li>\n<li>Motoreduktorius su sraigtu (turbinin\u0117 mai\u0161ykl\u0117) 23 (60) aps\/min.<\/li>\n<\/ul>\n<p>Priedai :<\/p>\n<ul>\n<li>Papildoma plovimo galvut\u0117<\/li>\n<li>Plovimo turbina<\/li>\n<li>Pt 100 temperat\u016bros zondas 4-20 mA<\/li>\n<li>Pt 1000 temperat\u016bros zondas 4 &#8211; 20 mA<\/li>\n<li>Kontrolinis stiklas DN 100<\/li>\n<li>Pagrindinis valdymo skydelis, paleidimas &#8211; sustabdymas<\/li>\n<\/ul>\n","protected":false},"excerpt":{"rendered":"<p>Izoliuota pieno talpa su k\u016bginiu dugnu, pagamintas i\u0161 ner\u016bdijan\u010dio plieno (AISI 304). Pieno talpa pagaminta ant stabilios atramos. Suvirintas dangtis su liuku ir oro vo\u017etuvu DN 50 \u012fvadas (DN65,80) DN 50 i\u0161leid\u017eiamoji dalis (DN65,80) CIP ir plovimo galvut\u0117s jungtys PT 100 zondo antgalis Skaitmeninis temperat\u016bros rodiklis Motoreduktorius su sraigtu (turbinin\u0117 mai\u0161ykl\u0117) 23 (60) aps\/min. Priedai [&hellip;]<\/p>\n","protected":false},"featured_media":25671,"template":"","meta":{"_et_pb_use_builder":"","_et_pb_old_content":"","_et_gb_content_width":""},"product_brand":[],"product_cat":[260],"product_tag":[],"class_list":{"0":"post-25670","1":"product","2":"type-product","3":"status-publish","4":"has-post-thumbnail","6":"product_cat-piimamahutid","8":"first","9":"instock","10":"shipping-taxable","11":"product-type-simple"},"yoast_head":"<!-- This site is optimized with the Yoast SEO plugin v26.4 - https:\/\/yoast.com\/wordpress\/plugins\/seo\/ -->\n<title>Pieno talpos Plevnik - Specagra<\/title>\n<meta name=\"robots\" content=\"index, follow, max-snippet:-1, max-image-preview:large, max-video-preview:-1\" \/>\n<link rel=\"canonical\" href=\"https:\/\/www.specagra.ee\/?product=pieno-talpos-plevnik\" \/>\n<meta property=\"og:locale\" content=\"et_EE\" \/>\n<meta property=\"og:type\" content=\"article\" \/>\n<meta property=\"og:title\" content=\"Pieno talpos Plevnik - Specagra\" \/>\n<meta property=\"og:description\" content=\"Izoliuota pieno talpa su k\u016bginiu dugnu, pagamintas i\u0161 ner\u016bdijan\u010dio plieno (AISI 304). Pieno talpa pagaminta ant stabilios atramos. Suvirintas dangtis su liuku ir oro vo\u017etuvu DN 50 \u012fvadas (DN65,80) DN 50 i\u0161leid\u017eiamoji dalis (DN65,80) CIP ir plovimo galvut\u0117s jungtys PT 100 zondo antgalis Skaitmeninis temperat\u016bros rodiklis Motoreduktorius su sraigtu (turbinin\u0117 mai\u0161ykl\u0117) 23 (60) aps\/min. Priedai [&hellip;]\" \/>\n<meta property=\"og:url\" content=\"https:\/\/www.specagra.ee\/?product=pieno-talpos-plevnik\" \/>\n<meta property=\"og:site_name\" content=\"Specagra\" \/>\n<meta property=\"article:modified_time\" content=\"2023-08-30T13:10:25+00:00\" \/>\n<meta property=\"og:image\" content=\"https:\/\/www.specagra.ee\/wp-content\/uploads\/2023\/03\/Untitled-design-7-1.jpg\" \/>\n\t<meta property=\"og:image:width\" content=\"800\" \/>\n\t<meta property=\"og:image:height\" content=\"800\" \/>\n\t<meta property=\"og:image:type\" content=\"image\/jpeg\" \/>\n<meta name=\"twitter:card\" content=\"summary_large_image\" \/>\n<meta name=\"twitter:label1\" content=\"Est. reading time\" \/>\n\t<meta name=\"twitter:data1\" content=\"1 minut\" \/>\n<script type=\"application\/ld+json\" class=\"yoast-schema-graph\">{\"@context\":\"https:\/\/schema.org\",\"@graph\":[{\"@type\":\"WebPage\",\"@id\":\"https:\/\/www.specagra.ee\/?product=pieno-talpos-plevnik\",\"url\":\"https:\/\/www.specagra.ee\/?product=pieno-talpos-plevnik\",\"name\":\"Pieno talpos Plevnik - Specagra\",\"isPartOf\":{\"@id\":\"https:\/\/www.specagra.ee\/#website\"},\"primaryImageOfPage\":{\"@id\":\"https:\/\/www.specagra.ee\/?product=pieno-talpos-plevnik#primaryimage\"},\"image\":{\"@id\":\"https:\/\/www.specagra.ee\/?product=pieno-talpos-plevnik#primaryimage\"},\"thumbnailUrl\":\"https:\/\/www.specagra.ee\/wp-content\/uploads\/2023\/03\/Untitled-design-7-1.jpg\",\"datePublished\":\"2023-03-06T14:14:40+00:00\",\"dateModified\":\"2023-08-30T13:10:25+00:00\",\"breadcrumb\":{\"@id\":\"https:\/\/www.specagra.ee\/?product=pieno-talpos-plevnik#breadcrumb\"},\"inLanguage\":\"et\",\"potentialAction\":[{\"@type\":\"ReadAction\",\"target\":[\"https:\/\/www.specagra.ee\/?product=pieno-talpos-plevnik\"]}]},{\"@type\":\"ImageObject\",\"inLanguage\":\"et\",\"@id\":\"https:\/\/www.specagra.ee\/?product=pieno-talpos-plevnik#primaryimage\",\"url\":\"https:\/\/www.specagra.ee\/wp-content\/uploads\/2023\/03\/Untitled-design-7-1.jpg\",\"contentUrl\":\"https:\/\/www.specagra.ee\/wp-content\/uploads\/2023\/03\/Untitled-design-7-1.jpg\",\"width\":800,\"height\":800},{\"@type\":\"BreadcrumbList\",\"@id\":\"https:\/\/www.specagra.ee\/?product=pieno-talpos-plevnik#breadcrumb\",\"itemListElement\":[{\"@type\":\"ListItem\",\"position\":1,\"name\":\"Home\",\"item\":\"https:\/\/www.specagra.ee\/\"},{\"@type\":\"ListItem\",\"position\":2,\"name\":\"P\u00f5llumajandustehnika ja loomakasvatus\",\"item\":\"https:\/\/specagra.ee\/?page_id=18493\"},{\"@type\":\"ListItem\",\"position\":3,\"name\":\"Pieno talpos Plevnik\"}]},{\"@type\":\"WebSite\",\"@id\":\"https:\/\/www.specagra.ee\/#website\",\"url\":\"https:\/\/www.specagra.ee\/\",\"name\":\"Specagra\",\"description\":\"P\u00f5llumajandustehnika ja varuosad\",\"publisher\":{\"@id\":\"https:\/\/www.specagra.ee\/#organization\"},\"potentialAction\":[{\"@type\":\"SearchAction\",\"target\":{\"@type\":\"EntryPoint\",\"urlTemplate\":\"https:\/\/www.specagra.ee\/?s={search_term_string}\"},\"query-input\":{\"@type\":\"PropertyValueSpecification\",\"valueRequired\":true,\"valueName\":\"search_term_string\"}}],\"inLanguage\":\"et\"},{\"@type\":\"Organization\",\"@id\":\"https:\/\/www.specagra.ee\/#organization\",\"name\":\"UAB Specagra\",\"url\":\"https:\/\/www.specagra.ee\/\",\"logo\":{\"@type\":\"ImageObject\",\"inLanguage\":\"et\",\"@id\":\"https:\/\/www.specagra.ee\/#\/schema\/logo\/image\/\",\"url\":\"http:\/\/www.specagra.ee\/wp-content\/uploads\/2022\/02\/SP-logo_naujas-scaled.jpg\",\"contentUrl\":\"http:\/\/www.specagra.ee\/wp-content\/uploads\/2022\/02\/SP-logo_naujas-scaled.jpg\",\"width\":2560,\"height\":326,\"caption\":\"UAB Specagra\"},\"image\":{\"@id\":\"https:\/\/www.specagra.ee\/#\/schema\/logo\/image\/\"}}]}<\/script>\n<!-- \/ Yoast SEO plugin. -->","yoast_head_json":{"title":"Pieno talpos Plevnik - Specagra","robots":{"index":"index","follow":"follow","max-snippet":"max-snippet:-1","max-image-preview":"max-image-preview:large","max-video-preview":"max-video-preview:-1"},"canonical":"https:\/\/www.specagra.ee\/?product=pieno-talpos-plevnik","og_locale":"et_EE","og_type":"article","og_title":"Pieno talpos Plevnik - Specagra","og_description":"Izoliuota pieno talpa su k\u016bginiu dugnu, pagamintas i\u0161 ner\u016bdijan\u010dio plieno (AISI 304). Pieno talpa pagaminta ant stabilios atramos. Suvirintas dangtis su liuku ir oro vo\u017etuvu DN 50 \u012fvadas (DN65,80) DN 50 i\u0161leid\u017eiamoji dalis (DN65,80) CIP ir plovimo galvut\u0117s jungtys PT 100 zondo antgalis Skaitmeninis temperat\u016bros rodiklis Motoreduktorius su sraigtu (turbinin\u0117 mai\u0161ykl\u0117) 23 (60) aps\/min. Priedai [&hellip;]","og_url":"https:\/\/www.specagra.ee\/?product=pieno-talpos-plevnik","og_site_name":"Specagra","article_modified_time":"2023-08-30T13:10:25+00:00","og_image":[{"width":800,"height":800,"url":"https:\/\/www.specagra.ee\/wp-content\/uploads\/2023\/03\/Untitled-design-7-1.jpg","type":"image\/jpeg"}],"twitter_card":"summary_large_image","twitter_misc":{"Est. reading time":"1 minut"},"schema":{"@context":"https:\/\/schema.org","@graph":[{"@type":"WebPage","@id":"https:\/\/www.specagra.ee\/?product=pieno-talpos-plevnik","url":"https:\/\/www.specagra.ee\/?product=pieno-talpos-plevnik","name":"Pieno talpos Plevnik - Specagra","isPartOf":{"@id":"https:\/\/www.specagra.ee\/#website"},"primaryImageOfPage":{"@id":"https:\/\/www.specagra.ee\/?product=pieno-talpos-plevnik#primaryimage"},"image":{"@id":"https:\/\/www.specagra.ee\/?product=pieno-talpos-plevnik#primaryimage"},"thumbnailUrl":"https:\/\/www.specagra.ee\/wp-content\/uploads\/2023\/03\/Untitled-design-7-1.jpg","datePublished":"2023-03-06T14:14:40+00:00","dateModified":"2023-08-30T13:10:25+00:00","breadcrumb":{"@id":"https:\/\/www.specagra.ee\/?product=pieno-talpos-plevnik#breadcrumb"},"inLanguage":"et","potentialAction":[{"@type":"ReadAction","target":["https:\/\/www.specagra.ee\/?product=pieno-talpos-plevnik"]}]},{"@type":"ImageObject","inLanguage":"et","@id":"https:\/\/www.specagra.ee\/?product=pieno-talpos-plevnik#primaryimage","url":"https:\/\/www.specagra.ee\/wp-content\/uploads\/2023\/03\/Untitled-design-7-1.jpg","contentUrl":"https:\/\/www.specagra.ee\/wp-content\/uploads\/2023\/03\/Untitled-design-7-1.jpg","width":800,"height":800},{"@type":"BreadcrumbList","@id":"https:\/\/www.specagra.ee\/?product=pieno-talpos-plevnik#breadcrumb","itemListElement":[{"@type":"ListItem","position":1,"name":"Home","item":"https:\/\/www.specagra.ee\/"},{"@type":"ListItem","position":2,"name":"P\u00f5llumajandustehnika ja loomakasvatus","item":"https:\/\/specagra.ee\/?page_id=18493"},{"@type":"ListItem","position":3,"name":"Pieno talpos Plevnik"}]},{"@type":"WebSite","@id":"https:\/\/www.specagra.ee\/#website","url":"https:\/\/www.specagra.ee\/","name":"Specagra","description":"P\u00f5llumajandustehnika ja varuosad","publisher":{"@id":"https:\/\/www.specagra.ee\/#organization"},"potentialAction":[{"@type":"SearchAction","target":{"@type":"EntryPoint","urlTemplate":"https:\/\/www.specagra.ee\/?s={search_term_string}"},"query-input":{"@type":"PropertyValueSpecification","valueRequired":true,"valueName":"search_term_string"}}],"inLanguage":"et"},{"@type":"Organization","@id":"https:\/\/www.specagra.ee\/#organization","name":"UAB Specagra","url":"https:\/\/www.specagra.ee\/","logo":{"@type":"ImageObject","inLanguage":"et","@id":"https:\/\/www.specagra.ee\/#\/schema\/logo\/image\/","url":"http:\/\/www.specagra.ee\/wp-content\/uploads\/2022\/02\/SP-logo_naujas-scaled.jpg","contentUrl":"http:\/\/www.specagra.ee\/wp-content\/uploads\/2022\/02\/SP-logo_naujas-scaled.jpg","width":2560,"height":326,"caption":"UAB Specagra"},"image":{"@id":"https:\/\/www.specagra.ee\/#\/schema\/logo\/image\/"}}]}},"_links":{"self":[{"href":"https:\/\/www.specagra.ee\/index.php?rest_route=\/wp\/v2\/product\/25670","targetHints":{"allow":["GET"]}}],"collection":[{"href":"https:\/\/www.specagra.ee\/index.php?rest_route=\/wp\/v2\/product"}],"about":[{"href":"https:\/\/www.specagra.ee\/index.php?rest_route=\/wp\/v2\/types\/product"}],"wp:featuredmedia":[{"embeddable":true,"href":"https:\/\/www.specagra.ee\/index.php?rest_route=\/wp\/v2\/media\/25671"}],"wp:attachment":[{"href":"https:\/\/www.specagra.ee\/index.php?rest_route=%2Fwp%2Fv2%2Fmedia&parent=25670"}],"wp:term":[{"taxonomy":"product_brand","embeddable":true,"href":"https:\/\/www.specagra.ee\/index.php?rest_route=%2Fwp%2Fv2%2Fproduct_brand&post=25670"},{"taxonomy":"product_cat","embeddable":true,"href":"https:\/\/www.specagra.ee\/index.php?rest_route=%2Fwp%2Fv2%2Fproduct_cat&post=25670"},{"taxonomy":"product_tag","embeddable":true,"href":"https:\/\/www.specagra.ee\/index.php?rest_route=%2Fwp%2Fv2%2Fproduct_tag&post=25670"}],"curies":[{"name":"wp","href":"https:\/\/api.w.org\/{rel}","templated":true}]}}