{"id":24136,"date":"2023-02-08T05:30:00","date_gmt":"2023-02-08T07:30:00","guid":{"rendered":"https:\/\/www.specagra.ee\/?post_type=product&#038;p=24136"},"modified":"2023-02-08T05:53:09","modified_gmt":"2023-02-08T07:53:09","slug":"universalus-surio-paruosimo-irenginys-plevnik-prp-r","status":"publish","type":"product","link":"https:\/\/www.specagra.ee\/?product=universalus-surio-paruosimo-irenginys-plevnik-prp-r","title":{"rendered":"Universalus s\u016brio paruo\u0161imo \u012frenginys Plevnik PRP-R"},"content":{"rendered":"<p>Bendrosios savyb\u0117s :<\/p>\n<ul>\n<li>Daugiafunkcis prietaisas skirtas s\u016brio masei priimti, i\u0161r\u016bgoms nusausinti, presuoti susl\u0117gtu oru, supjaustyti \u012f norimas dalis (s\u016brio blokus ir presuoti s\u016brio formose).<\/li>\n<li>Tinka pusiau kietiems ir kietiems s\u016briams gaminti, mink\u0161tiems s\u016briams gaminti, taip pat i\u0161r\u016bgoms nusausinti.<\/li>\n<\/ul>\n","protected":false},"excerpt":{"rendered":"<p>Bendrosios savyb\u0117s : Daugiafunkcis prietaisas skirtas s\u016brio masei priimti, i\u0161r\u016bgoms nusausinti, presuoti susl\u0117gtu oru, supjaustyti \u012f norimas dalis (s\u016brio blokus ir presuoti s\u016brio formose). Tinka pusiau kietiems ir kietiems s\u016briams gaminti, mink\u0161tiems s\u016briams gaminti, taip pat i\u0161r\u016bgoms nusausinti.<\/p>\n","protected":false},"featured_media":24137,"template":"","meta":{"_et_pb_use_builder":"","_et_pb_old_content":"","_et_gb_content_width":""},"product_brand":[],"product_cat":[191],"product_tag":[],"class_list":{"0":"post-24136","1":"product","2":"type-product","3":"status-publish","4":"has-post-thumbnail","6":"product_cat-juustutootmisseadmed-ja-muud-lahendused","8":"first","9":"instock","10":"shipping-taxable","11":"product-type-simple"},"yoast_head":"<!-- This site is optimized with the Yoast SEO plugin v26.4 - https:\/\/yoast.com\/wordpress\/plugins\/seo\/ -->\n<title>Universalus s\u016brio paruo\u0161imo \u012frenginys Plevnik PRP-R - Specagra<\/title>\n<meta name=\"robots\" content=\"index, follow, max-snippet:-1, max-image-preview:large, max-video-preview:-1\" \/>\n<link rel=\"canonical\" href=\"https:\/\/www.specagra.ee\/?product=universalus-surio-paruosimo-irenginys-plevnik-prp-r\" \/>\n<meta property=\"og:locale\" content=\"et_EE\" \/>\n<meta property=\"og:type\" content=\"article\" \/>\n<meta property=\"og:title\" content=\"Universalus s\u016brio paruo\u0161imo \u012frenginys Plevnik PRP-R - Specagra\" \/>\n<meta property=\"og:description\" content=\"Bendrosios savyb\u0117s : Daugiafunkcis prietaisas skirtas s\u016brio masei priimti, i\u0161r\u016bgoms nusausinti, presuoti susl\u0117gtu oru, supjaustyti \u012f norimas dalis (s\u016brio blokus ir presuoti s\u016brio formose). Tinka pusiau kietiems ir kietiems s\u016briams gaminti, mink\u0161tiems s\u016briams gaminti, taip pat i\u0161r\u016bgoms nusausinti.\" \/>\n<meta property=\"og:url\" content=\"https:\/\/www.specagra.ee\/?product=universalus-surio-paruosimo-irenginys-plevnik-prp-r\" \/>\n<meta property=\"og:site_name\" content=\"Specagra\" \/>\n<meta property=\"article:modified_time\" content=\"2023-02-08T07:53:09+00:00\" \/>\n<meta property=\"og:image\" content=\"https:\/\/specagra.ee\/wp-content\/uploads\/2023\/02\/Untitled-design-14.jpg\" \/>\n\t<meta property=\"og:image:width\" content=\"800\" \/>\n\t<meta property=\"og:image:height\" content=\"800\" \/>\n\t<meta property=\"og:image:type\" content=\"image\/jpeg\" \/>\n<meta name=\"twitter:card\" content=\"summary_large_image\" \/>\n<meta name=\"twitter:label1\" content=\"Est. reading time\" \/>\n\t<meta name=\"twitter:data1\" content=\"1 minut\" \/>\n<script type=\"application\/ld+json\" class=\"yoast-schema-graph\">{\"@context\":\"https:\/\/schema.org\",\"@graph\":[{\"@type\":\"WebPage\",\"@id\":\"https:\/\/www.specagra.ee\/?product=universalus-surio-paruosimo-irenginys-plevnik-prp-r\",\"url\":\"https:\/\/www.specagra.ee\/?product=universalus-surio-paruosimo-irenginys-plevnik-prp-r\",\"name\":\"Universalus s\u016brio paruo\u0161imo \u012frenginys Plevnik PRP-R - Specagra\",\"isPartOf\":{\"@id\":\"https:\/\/www.specagra.ee\/#website\"},\"primaryImageOfPage\":{\"@id\":\"https:\/\/www.specagra.ee\/?product=universalus-surio-paruosimo-irenginys-plevnik-prp-r#primaryimage\"},\"image\":{\"@id\":\"https:\/\/www.specagra.ee\/?product=universalus-surio-paruosimo-irenginys-plevnik-prp-r#primaryimage\"},\"thumbnailUrl\":\"https:\/\/www.specagra.ee\/wp-content\/uploads\/2023\/02\/Untitled-design-14.jpg\",\"datePublished\":\"2023-02-08T07:30:00+00:00\",\"dateModified\":\"2023-02-08T07:53:09+00:00\",\"breadcrumb\":{\"@id\":\"https:\/\/www.specagra.ee\/?product=universalus-surio-paruosimo-irenginys-plevnik-prp-r#breadcrumb\"},\"inLanguage\":\"et\",\"potentialAction\":[{\"@type\":\"ReadAction\",\"target\":[\"https:\/\/www.specagra.ee\/?product=universalus-surio-paruosimo-irenginys-plevnik-prp-r\"]}]},{\"@type\":\"ImageObject\",\"inLanguage\":\"et\",\"@id\":\"https:\/\/www.specagra.ee\/?product=universalus-surio-paruosimo-irenginys-plevnik-prp-r#primaryimage\",\"url\":\"https:\/\/www.specagra.ee\/wp-content\/uploads\/2023\/02\/Untitled-design-14.jpg\",\"contentUrl\":\"https:\/\/www.specagra.ee\/wp-content\/uploads\/2023\/02\/Untitled-design-14.jpg\",\"width\":800,\"height\":800},{\"@type\":\"BreadcrumbList\",\"@id\":\"https:\/\/www.specagra.ee\/?product=universalus-surio-paruosimo-irenginys-plevnik-prp-r#breadcrumb\",\"itemListElement\":[{\"@type\":\"ListItem\",\"position\":1,\"name\":\"Home\",\"item\":\"https:\/\/www.specagra.ee\/\"},{\"@type\":\"ListItem\",\"position\":2,\"name\":\"P\u00f5llumajandustehnika ja loomakasvatus\",\"item\":\"https:\/\/specagra.ee\/?page_id=18493\"},{\"@type\":\"ListItem\",\"position\":3,\"name\":\"Universalus s\u016brio paruo\u0161imo \u012frenginys Plevnik PRP-R\"}]},{\"@type\":\"WebSite\",\"@id\":\"https:\/\/www.specagra.ee\/#website\",\"url\":\"https:\/\/www.specagra.ee\/\",\"name\":\"Specagra\",\"description\":\"P\u00f5llumajandustehnika ja varuosad\",\"publisher\":{\"@id\":\"https:\/\/www.specagra.ee\/#organization\"},\"potentialAction\":[{\"@type\":\"SearchAction\",\"target\":{\"@type\":\"EntryPoint\",\"urlTemplate\":\"https:\/\/www.specagra.ee\/?s={search_term_string}\"},\"query-input\":{\"@type\":\"PropertyValueSpecification\",\"valueRequired\":true,\"valueName\":\"search_term_string\"}}],\"inLanguage\":\"et\"},{\"@type\":\"Organization\",\"@id\":\"https:\/\/www.specagra.ee\/#organization\",\"name\":\"UAB Specagra\",\"url\":\"https:\/\/www.specagra.ee\/\",\"logo\":{\"@type\":\"ImageObject\",\"inLanguage\":\"et\",\"@id\":\"https:\/\/www.specagra.ee\/#\/schema\/logo\/image\/\",\"url\":\"http:\/\/www.specagra.ee\/wp-content\/uploads\/2022\/02\/SP-logo_naujas-scaled.jpg\",\"contentUrl\":\"http:\/\/www.specagra.ee\/wp-content\/uploads\/2022\/02\/SP-logo_naujas-scaled.jpg\",\"width\":2560,\"height\":326,\"caption\":\"UAB Specagra\"},\"image\":{\"@id\":\"https:\/\/www.specagra.ee\/#\/schema\/logo\/image\/\"}}]}<\/script>\n<!-- \/ Yoast SEO plugin. -->","yoast_head_json":{"title":"Universalus s\u016brio paruo\u0161imo \u012frenginys Plevnik PRP-R - Specagra","robots":{"index":"index","follow":"follow","max-snippet":"max-snippet:-1","max-image-preview":"max-image-preview:large","max-video-preview":"max-video-preview:-1"},"canonical":"https:\/\/www.specagra.ee\/?product=universalus-surio-paruosimo-irenginys-plevnik-prp-r","og_locale":"et_EE","og_type":"article","og_title":"Universalus s\u016brio paruo\u0161imo \u012frenginys Plevnik PRP-R - Specagra","og_description":"Bendrosios savyb\u0117s : Daugiafunkcis prietaisas skirtas s\u016brio masei priimti, i\u0161r\u016bgoms nusausinti, presuoti susl\u0117gtu oru, supjaustyti \u012f norimas dalis (s\u016brio blokus ir presuoti s\u016brio formose). Tinka pusiau kietiems ir kietiems s\u016briams gaminti, mink\u0161tiems s\u016briams gaminti, taip pat i\u0161r\u016bgoms nusausinti.","og_url":"https:\/\/www.specagra.ee\/?product=universalus-surio-paruosimo-irenginys-plevnik-prp-r","og_site_name":"Specagra","article_modified_time":"2023-02-08T07:53:09+00:00","og_image":[{"width":800,"height":800,"url":"https:\/\/specagra.ee\/wp-content\/uploads\/2023\/02\/Untitled-design-14.jpg","type":"image\/jpeg"}],"twitter_card":"summary_large_image","twitter_misc":{"Est. reading time":"1 minut"},"schema":{"@context":"https:\/\/schema.org","@graph":[{"@type":"WebPage","@id":"https:\/\/www.specagra.ee\/?product=universalus-surio-paruosimo-irenginys-plevnik-prp-r","url":"https:\/\/www.specagra.ee\/?product=universalus-surio-paruosimo-irenginys-plevnik-prp-r","name":"Universalus s\u016brio paruo\u0161imo \u012frenginys Plevnik PRP-R - Specagra","isPartOf":{"@id":"https:\/\/www.specagra.ee\/#website"},"primaryImageOfPage":{"@id":"https:\/\/www.specagra.ee\/?product=universalus-surio-paruosimo-irenginys-plevnik-prp-r#primaryimage"},"image":{"@id":"https:\/\/www.specagra.ee\/?product=universalus-surio-paruosimo-irenginys-plevnik-prp-r#primaryimage"},"thumbnailUrl":"https:\/\/www.specagra.ee\/wp-content\/uploads\/2023\/02\/Untitled-design-14.jpg","datePublished":"2023-02-08T07:30:00+00:00","dateModified":"2023-02-08T07:53:09+00:00","breadcrumb":{"@id":"https:\/\/www.specagra.ee\/?product=universalus-surio-paruosimo-irenginys-plevnik-prp-r#breadcrumb"},"inLanguage":"et","potentialAction":[{"@type":"ReadAction","target":["https:\/\/www.specagra.ee\/?product=universalus-surio-paruosimo-irenginys-plevnik-prp-r"]}]},{"@type":"ImageObject","inLanguage":"et","@id":"https:\/\/www.specagra.ee\/?product=universalus-surio-paruosimo-irenginys-plevnik-prp-r#primaryimage","url":"https:\/\/www.specagra.ee\/wp-content\/uploads\/2023\/02\/Untitled-design-14.jpg","contentUrl":"https:\/\/www.specagra.ee\/wp-content\/uploads\/2023\/02\/Untitled-design-14.jpg","width":800,"height":800},{"@type":"BreadcrumbList","@id":"https:\/\/www.specagra.ee\/?product=universalus-surio-paruosimo-irenginys-plevnik-prp-r#breadcrumb","itemListElement":[{"@type":"ListItem","position":1,"name":"Home","item":"https:\/\/www.specagra.ee\/"},{"@type":"ListItem","position":2,"name":"P\u00f5llumajandustehnika ja loomakasvatus","item":"https:\/\/specagra.ee\/?page_id=18493"},{"@type":"ListItem","position":3,"name":"Universalus s\u016brio paruo\u0161imo \u012frenginys Plevnik PRP-R"}]},{"@type":"WebSite","@id":"https:\/\/www.specagra.ee\/#website","url":"https:\/\/www.specagra.ee\/","name":"Specagra","description":"P\u00f5llumajandustehnika ja varuosad","publisher":{"@id":"https:\/\/www.specagra.ee\/#organization"},"potentialAction":[{"@type":"SearchAction","target":{"@type":"EntryPoint","urlTemplate":"https:\/\/www.specagra.ee\/?s={search_term_string}"},"query-input":{"@type":"PropertyValueSpecification","valueRequired":true,"valueName":"search_term_string"}}],"inLanguage":"et"},{"@type":"Organization","@id":"https:\/\/www.specagra.ee\/#organization","name":"UAB Specagra","url":"https:\/\/www.specagra.ee\/","logo":{"@type":"ImageObject","inLanguage":"et","@id":"https:\/\/www.specagra.ee\/#\/schema\/logo\/image\/","url":"http:\/\/www.specagra.ee\/wp-content\/uploads\/2022\/02\/SP-logo_naujas-scaled.jpg","contentUrl":"http:\/\/www.specagra.ee\/wp-content\/uploads\/2022\/02\/SP-logo_naujas-scaled.jpg","width":2560,"height":326,"caption":"UAB Specagra"},"image":{"@id":"https:\/\/www.specagra.ee\/#\/schema\/logo\/image\/"}}]}},"_links":{"self":[{"href":"https:\/\/www.specagra.ee\/index.php?rest_route=\/wp\/v2\/product\/24136","targetHints":{"allow":["GET"]}}],"collection":[{"href":"https:\/\/www.specagra.ee\/index.php?rest_route=\/wp\/v2\/product"}],"about":[{"href":"https:\/\/www.specagra.ee\/index.php?rest_route=\/wp\/v2\/types\/product"}],"wp:featuredmedia":[{"embeddable":true,"href":"https:\/\/www.specagra.ee\/index.php?rest_route=\/wp\/v2\/media\/24137"}],"wp:attachment":[{"href":"https:\/\/www.specagra.ee\/index.php?rest_route=%2Fwp%2Fv2%2Fmedia&parent=24136"}],"wp:term":[{"taxonomy":"product_brand","embeddable":true,"href":"https:\/\/www.specagra.ee\/index.php?rest_route=%2Fwp%2Fv2%2Fproduct_brand&post=24136"},{"taxonomy":"product_cat","embeddable":true,"href":"https:\/\/www.specagra.ee\/index.php?rest_route=%2Fwp%2Fv2%2Fproduct_cat&post=24136"},{"taxonomy":"product_tag","embeddable":true,"href":"https:\/\/www.specagra.ee\/index.php?rest_route=%2Fwp%2Fv2%2Fproduct_tag&post=24136"}],"curies":[{"name":"wp","href":"https:\/\/api.w.org\/{rel}","templated":true}]}}