{"id":2273,"date":"2020-06-25T07:25:18","date_gmt":"2020-06-25T09:25:18","guid":{"rendered":"https:\/\/www.specagra.ee.nemokamossvetaines.hostingas.lt\/?post_type=product&#038;p=2273"},"modified":"2022-07-22T05:48:01","modified_gmt":"2022-07-22T07:48:01","slug":"poznaniak","status":"publish","type":"product","link":"https:\/\/www.specagra.ee\/?product=poznaniak","title":{"rendered":"S\u0117jamosios POZNANIAK"},"content":{"rendered":"<p>Komplektacija:<\/p>\n<ul>\n<li>Pakabinimo a\u0161is \u00f828-675\/\u00f828 mm;<\/li>\n<li>S\u0117jimo diskai;<\/li>\n<li>Dvigubi s\u0117jimo diskai \u201eV\u201c\u00a0 \u00f8300 mm (versija D) sl\u0117gis \u012f dirv\u0105 25 kg;<\/li>\n<li>Universal\u016bs i\u0161s\u0117jimo rateliai gr\u016bdams, rapsui ir kitoms kult\u016broms;<\/li>\n<li>Belaipsn\u0117 pavar\u0173 d\u0117\u017e\u0117;<\/li>\n<li>Padangos 165\/70R14;<\/li>\n<li>Aket\u0117l\u0117s;<\/li>\n<li>Individualus dvigub\u0173 s\u0117jimo disk\u0173 spaudimas \u012f dirv\u0105;<\/li>\n<li>Centralizuotas dvigub\u0173 s\u0117jimo disk\u0173 spaudimas \u012f dirv\u0105;<\/li>\n<li>Mai\u0161ytuvas ir piltuv\u0117liai bunkeryje;<\/li>\n<li>Laiptelis su stov\u0117jimo platforma.<\/li>\n<\/ul>\n<p>Papildoma komplektacija:<\/p>\n<ul>\n<li>Paketas PILOT SEED ( elektrin\u0117s technologin\u0117s v\u0117\u017eios su\u00a0 kompiuteriu: automatinis technologini\u0173 v\u0117\u017ei\u0173 valdymas,automatinis v\u0117\u017ei\u0173 skai\u010diavimas nuo prava\u017eiavimo \u017eenklintuvo, hektar\u0173 skai\u010diuotuvas bendras ir atskirai darbo dienos, persp\u0117jimas apie tu\u0161t\u0117jant\u012f bunker\u012f, statistika 10 lauk\u0173, klaid\u0173 signalizacija, grei\u010dio parodymai, na\u0161umo parodymai);<\/li>\n<li>Paketas STARTER SEED ( elektrin\u0117s technologin\u0117s v\u0117\u017eios su valdikliu : vaizduojamos technologin\u0117s v\u0117\u017eios skai\u010diais, automatinis technologini\u0173 v\u0117\u017ei\u0173 valdymas);<\/li>\n<li>Transportavimo \u017eibintai;<\/li>\n<li>Traktoriaus v\u0117\u017ei\u016b u\u017eer\u0117jai;<\/li>\n<li>Papildomi \u017eenklintuvai rapsui (hidrauliniai);<\/li>\n<li>Dvigubi diskai \u201eV-TECH\u201c;<\/li>\n<li>Privolavimo rateliai;<\/li>\n<li>Hidrauliniai prava\u017eiavimo \u017eymekliai.<\/li>\n<\/ul>\n","protected":false},"excerpt":{"rendered":"<p>Komplektacija: Pakabinimo a\u0161is \u00f828-675\/\u00f828 mm; S\u0117jimo diskai; Dvigubi s\u0117jimo diskai \u201eV\u201c\u00a0 \u00f8300 mm (versija D) sl\u0117gis \u012f dirv\u0105 25 kg; Universal\u016bs i\u0161s\u0117jimo rateliai gr\u016bdams, rapsui ir kitoms kult\u016broms; Belaipsn\u0117 pavar\u0173 d\u0117\u017e\u0117; Padangos 165\/70R14; Aket\u0117l\u0117s; Individualus dvigub\u0173 s\u0117jimo disk\u0173 spaudimas \u012f dirv\u0105; Centralizuotas dvigub\u0173 s\u0117jimo disk\u0173 spaudimas \u012f dirv\u0105; Mai\u0161ytuvas ir piltuv\u0117liai bunkeryje; Laiptelis su stov\u0117jimo [&hellip;]<\/p>\n","protected":false},"featured_media":18041,"template":"","meta":{"_acf_changed":false},"product_brand":[],"product_cat":[55,56],"product_tag":[],"class_list":{"0":"post-2273","1":"product","2":"type-product","3":"status-publish","4":"has-post-thumbnail","6":"product_cat-kulvikud","7":"product_cat-mehaanilised","9":"first","10":"instock","11":"shipping-taxable","12":"product-type-simple"},"acf":[],"yoast_head":"<!-- This site is optimized with the Yoast SEO plugin v27.4 - https:\/\/yoast.com\/product\/yoast-seo-wordpress\/ -->\n<title>S\u0117jamosios POZNANIAK - Specagra<\/title>\n<meta name=\"robots\" content=\"index, follow, max-snippet:-1, max-image-preview:large, max-video-preview:-1\" \/>\n<link rel=\"canonical\" href=\"https:\/\/www.specagra.ee\/?product=poznaniak\" \/>\n<meta property=\"og:locale\" content=\"et_EE\" \/>\n<meta property=\"og:type\" content=\"article\" \/>\n<meta property=\"og:title\" content=\"S\u0117jamosios POZNANIAK - Specagra\" \/>\n<meta property=\"og:description\" content=\"Komplektacija: Pakabinimo a\u0161is \u00f828-675\/\u00f828 mm; S\u0117jimo diskai; Dvigubi s\u0117jimo diskai \u201eV\u201c\u00a0 \u00f8300 mm (versija D) sl\u0117gis \u012f dirv\u0105 25 kg; Universal\u016bs i\u0161s\u0117jimo rateliai gr\u016bdams, rapsui ir kitoms kult\u016broms; Belaipsn\u0117 pavar\u0173 d\u0117\u017e\u0117; Padangos 165\/70R14; Aket\u0117l\u0117s; Individualus dvigub\u0173 s\u0117jimo disk\u0173 spaudimas \u012f dirv\u0105; Centralizuotas dvigub\u0173 s\u0117jimo disk\u0173 spaudimas \u012f dirv\u0105; Mai\u0161ytuvas ir piltuv\u0117liai bunkeryje; Laiptelis su stov\u0117jimo [&hellip;]\" \/>\n<meta property=\"og:url\" content=\"https:\/\/www.specagra.ee\/?product=poznaniak\" \/>\n<meta property=\"og:site_name\" content=\"Specagra\" \/>\n<meta property=\"article:modified_time\" content=\"2022-07-22T07:48:01+00:00\" \/>\n<meta property=\"og:image\" content=\"https:\/\/www.specagra.ee\/wp-content\/uploads\/2020\/06\/Copy-of-0203139731-1280-\u00d7-720-px-896-\u00d7-503-px38.jpg\" \/>\n\t<meta property=\"og:image:width\" content=\"896\" \/>\n\t<meta property=\"og:image:height\" content=\"503\" \/>\n\t<meta property=\"og:image:type\" content=\"image\/jpeg\" \/>\n<meta name=\"twitter:card\" content=\"summary_large_image\" \/>\n<meta name=\"twitter:label1\" content=\"Est. reading time\" \/>\n\t<meta name=\"twitter:data1\" content=\"1 minut\" \/>\n<script type=\"application\/ld+json\" class=\"yoast-schema-graph\">{\"@context\":\"https:\\\/\\\/schema.org\",\"@graph\":[{\"@type\":\"WebPage\",\"@id\":\"https:\\\/\\\/www.specagra.ee\\\/?product=poznaniak\",\"url\":\"https:\\\/\\\/www.specagra.ee\\\/?product=poznaniak\",\"name\":\"S\u0117jamosios POZNANIAK - Specagra\",\"isPartOf\":{\"@id\":\"https:\\\/\\\/www.specagra.ee\\\/#website\"},\"primaryImageOfPage\":{\"@id\":\"https:\\\/\\\/www.specagra.ee\\\/?product=poznaniak#primaryimage\"},\"image\":{\"@id\":\"https:\\\/\\\/www.specagra.ee\\\/?product=poznaniak#primaryimage\"},\"thumbnailUrl\":\"https:\\\/\\\/www.specagra.ee\\\/wp-content\\\/uploads\\\/2020\\\/06\\\/Copy-of-0203139731-1280-\u00d7-720-px-896-\u00d7-503-px38.jpg\",\"datePublished\":\"2020-06-25T09:25:18+00:00\",\"dateModified\":\"2022-07-22T07:48:01+00:00\",\"breadcrumb\":{\"@id\":\"https:\\\/\\\/www.specagra.ee\\\/?product=poznaniak#breadcrumb\"},\"inLanguage\":\"et\",\"potentialAction\":[{\"@type\":\"ReadAction\",\"target\":[\"https:\\\/\\\/www.specagra.ee\\\/?product=poznaniak\"]}]},{\"@type\":\"ImageObject\",\"inLanguage\":\"et\",\"@id\":\"https:\\\/\\\/www.specagra.ee\\\/?product=poznaniak#primaryimage\",\"url\":\"https:\\\/\\\/www.specagra.ee\\\/wp-content\\\/uploads\\\/2020\\\/06\\\/Copy-of-0203139731-1280-\u00d7-720-px-896-\u00d7-503-px38.jpg\",\"contentUrl\":\"https:\\\/\\\/www.specagra.ee\\\/wp-content\\\/uploads\\\/2020\\\/06\\\/Copy-of-0203139731-1280-\u00d7-720-px-896-\u00d7-503-px38.jpg\",\"width\":896,\"height\":503,\"caption\":\"S\u0117jamosios POZNANIAK\"},{\"@type\":\"BreadcrumbList\",\"@id\":\"https:\\\/\\\/www.specagra.ee\\\/?product=poznaniak#breadcrumb\",\"itemListElement\":[{\"@type\":\"ListItem\",\"position\":1,\"name\":\"Home\",\"item\":\"https:\\\/\\\/www.specagra.ee\\\/\"},{\"@type\":\"ListItem\",\"position\":2,\"name\":\"P\u00f5llumajandustehnika ja loomakasvatus\",\"item\":\"https:\\\/\\\/www.specagra.ee\\\/?page_id=18493\"},{\"@type\":\"ListItem\",\"position\":3,\"name\":\"S\u0117jamosios POZNANIAK\"}]},{\"@type\":\"WebSite\",\"@id\":\"https:\\\/\\\/www.specagra.ee\\\/#website\",\"url\":\"https:\\\/\\\/www.specagra.ee\\\/\",\"name\":\"Specagra\",\"description\":\"P\u00f5llumajandustehnika ja varuosad\",\"publisher\":{\"@id\":\"https:\\\/\\\/www.specagra.ee\\\/#organization\"},\"potentialAction\":[{\"@type\":\"SearchAction\",\"target\":{\"@type\":\"EntryPoint\",\"urlTemplate\":\"https:\\\/\\\/www.specagra.ee\\\/?s={search_term_string}\"},\"query-input\":{\"@type\":\"PropertyValueSpecification\",\"valueRequired\":true,\"valueName\":\"search_term_string\"}}],\"inLanguage\":\"et\"},{\"@type\":\"Organization\",\"@id\":\"https:\\\/\\\/www.specagra.ee\\\/#organization\",\"name\":\"UAB Specagra\",\"url\":\"https:\\\/\\\/www.specagra.ee\\\/\",\"logo\":{\"@type\":\"ImageObject\",\"inLanguage\":\"et\",\"@id\":\"https:\\\/\\\/www.specagra.ee\\\/#\\\/schema\\\/logo\\\/image\\\/\",\"url\":\"http:\\\/\\\/www.specagra.ee\\\/wp-content\\\/uploads\\\/2022\\\/02\\\/SP-logo_naujas-scaled.jpg\",\"contentUrl\":\"http:\\\/\\\/www.specagra.ee\\\/wp-content\\\/uploads\\\/2022\\\/02\\\/SP-logo_naujas-scaled.jpg\",\"width\":2560,\"height\":326,\"caption\":\"UAB Specagra\"},\"image\":{\"@id\":\"https:\\\/\\\/www.specagra.ee\\\/#\\\/schema\\\/logo\\\/image\\\/\"}}]}<\/script>\n<!-- \/ Yoast SEO plugin. -->","yoast_head_json":{"title":"S\u0117jamosios POZNANIAK - Specagra","robots":{"index":"index","follow":"follow","max-snippet":"max-snippet:-1","max-image-preview":"max-image-preview:large","max-video-preview":"max-video-preview:-1"},"canonical":"https:\/\/www.specagra.ee\/?product=poznaniak","og_locale":"et_EE","og_type":"article","og_title":"S\u0117jamosios POZNANIAK - Specagra","og_description":"Komplektacija: Pakabinimo a\u0161is \u00f828-675\/\u00f828 mm; S\u0117jimo diskai; Dvigubi s\u0117jimo diskai \u201eV\u201c\u00a0 \u00f8300 mm (versija D) sl\u0117gis \u012f dirv\u0105 25 kg; Universal\u016bs i\u0161s\u0117jimo rateliai gr\u016bdams, rapsui ir kitoms kult\u016broms; Belaipsn\u0117 pavar\u0173 d\u0117\u017e\u0117; Padangos 165\/70R14; Aket\u0117l\u0117s; Individualus dvigub\u0173 s\u0117jimo disk\u0173 spaudimas \u012f dirv\u0105; Centralizuotas dvigub\u0173 s\u0117jimo disk\u0173 spaudimas \u012f dirv\u0105; Mai\u0161ytuvas ir piltuv\u0117liai bunkeryje; Laiptelis su stov\u0117jimo [&hellip;]","og_url":"https:\/\/www.specagra.ee\/?product=poznaniak","og_site_name":"Specagra","article_modified_time":"2022-07-22T07:48:01+00:00","og_image":[{"width":896,"height":503,"url":"https:\/\/www.specagra.ee\/wp-content\/uploads\/2020\/06\/Copy-of-0203139731-1280-\u00d7-720-px-896-\u00d7-503-px38.jpg","type":"image\/jpeg"}],"twitter_card":"summary_large_image","twitter_misc":{"Est. reading time":"1 minut"},"schema":{"@context":"https:\/\/schema.org","@graph":[{"@type":"WebPage","@id":"https:\/\/www.specagra.ee\/?product=poznaniak","url":"https:\/\/www.specagra.ee\/?product=poznaniak","name":"S\u0117jamosios POZNANIAK - Specagra","isPartOf":{"@id":"https:\/\/www.specagra.ee\/#website"},"primaryImageOfPage":{"@id":"https:\/\/www.specagra.ee\/?product=poznaniak#primaryimage"},"image":{"@id":"https:\/\/www.specagra.ee\/?product=poznaniak#primaryimage"},"thumbnailUrl":"https:\/\/www.specagra.ee\/wp-content\/uploads\/2020\/06\/Copy-of-0203139731-1280-\u00d7-720-px-896-\u00d7-503-px38.jpg","datePublished":"2020-06-25T09:25:18+00:00","dateModified":"2022-07-22T07:48:01+00:00","breadcrumb":{"@id":"https:\/\/www.specagra.ee\/?product=poznaniak#breadcrumb"},"inLanguage":"et","potentialAction":[{"@type":"ReadAction","target":["https:\/\/www.specagra.ee\/?product=poznaniak"]}]},{"@type":"ImageObject","inLanguage":"et","@id":"https:\/\/www.specagra.ee\/?product=poznaniak#primaryimage","url":"https:\/\/www.specagra.ee\/wp-content\/uploads\/2020\/06\/Copy-of-0203139731-1280-\u00d7-720-px-896-\u00d7-503-px38.jpg","contentUrl":"https:\/\/www.specagra.ee\/wp-content\/uploads\/2020\/06\/Copy-of-0203139731-1280-\u00d7-720-px-896-\u00d7-503-px38.jpg","width":896,"height":503,"caption":"S\u0117jamosios POZNANIAK"},{"@type":"BreadcrumbList","@id":"https:\/\/www.specagra.ee\/?product=poznaniak#breadcrumb","itemListElement":[{"@type":"ListItem","position":1,"name":"Home","item":"https:\/\/www.specagra.ee\/"},{"@type":"ListItem","position":2,"name":"P\u00f5llumajandustehnika ja loomakasvatus","item":"https:\/\/www.specagra.ee\/?page_id=18493"},{"@type":"ListItem","position":3,"name":"S\u0117jamosios POZNANIAK"}]},{"@type":"WebSite","@id":"https:\/\/www.specagra.ee\/#website","url":"https:\/\/www.specagra.ee\/","name":"Specagra","description":"P\u00f5llumajandustehnika ja varuosad","publisher":{"@id":"https:\/\/www.specagra.ee\/#organization"},"potentialAction":[{"@type":"SearchAction","target":{"@type":"EntryPoint","urlTemplate":"https:\/\/www.specagra.ee\/?s={search_term_string}"},"query-input":{"@type":"PropertyValueSpecification","valueRequired":true,"valueName":"search_term_string"}}],"inLanguage":"et"},{"@type":"Organization","@id":"https:\/\/www.specagra.ee\/#organization","name":"UAB Specagra","url":"https:\/\/www.specagra.ee\/","logo":{"@type":"ImageObject","inLanguage":"et","@id":"https:\/\/www.specagra.ee\/#\/schema\/logo\/image\/","url":"http:\/\/www.specagra.ee\/wp-content\/uploads\/2022\/02\/SP-logo_naujas-scaled.jpg","contentUrl":"http:\/\/www.specagra.ee\/wp-content\/uploads\/2022\/02\/SP-logo_naujas-scaled.jpg","width":2560,"height":326,"caption":"UAB Specagra"},"image":{"@id":"https:\/\/www.specagra.ee\/#\/schema\/logo\/image\/"}}]}},"_links":{"self":[{"href":"https:\/\/www.specagra.ee\/index.php?rest_route=\/wp\/v2\/product\/2273","targetHints":{"allow":["GET"]}}],"collection":[{"href":"https:\/\/www.specagra.ee\/index.php?rest_route=\/wp\/v2\/product"}],"about":[{"href":"https:\/\/www.specagra.ee\/index.php?rest_route=\/wp\/v2\/types\/product"}],"wp:featuredmedia":[{"embeddable":true,"href":"https:\/\/www.specagra.ee\/index.php?rest_route=\/wp\/v2\/media\/18041"}],"wp:attachment":[{"href":"https:\/\/www.specagra.ee\/index.php?rest_route=%2Fwp%2Fv2%2Fmedia&parent=2273"}],"wp:term":[{"taxonomy":"product_brand","embeddable":true,"href":"https:\/\/www.specagra.ee\/index.php?rest_route=%2Fwp%2Fv2%2Fproduct_brand&post=2273"},{"taxonomy":"product_cat","embeddable":true,"href":"https:\/\/www.specagra.ee\/index.php?rest_route=%2Fwp%2Fv2%2Fproduct_cat&post=2273"},{"taxonomy":"product_tag","embeddable":true,"href":"https:\/\/www.specagra.ee\/index.php?rest_route=%2Fwp%2Fv2%2Fproduct_tag&post=2273"}],"curies":[{"name":"wp","href":"https:\/\/api.w.org\/{rel}","templated":true}]}}