{"id":2127,"date":"2020-06-25T04:50:05","date_gmt":"2020-06-25T06:50:05","guid":{"rendered":"https:\/\/www.specagra.ee.nemokamossvetaines.hostingas.lt\/?post_type=product&#038;p=2127"},"modified":"2022-05-27T05:54:29","modified_gmt":"2022-05-27T07:54:29","slug":"kultivatorius-atlas","status":"publish","type":"product","link":"https:\/\/www.specagra.ee\/?product=kultivatorius-atlas","title":{"rendered":"Kultivatorius ATLAS"},"content":{"rendered":"<div class=\"woocommerce-tabs wc-tabs-wrapper\">\n<div id=\"tab-ywtm_274\" class=\"woocommerce-Tabs-panel woocommerce-Tabs-panel--ywtm_274 panel entry-content wc-tab\" role=\"tabpanel\" aria-labelledby=\"tab-title-ywtm_274\">\n<div class=\"tab-editor-container ywtm_content_tab\">\n<p>Standartin\u0117 komplektacija:<\/p>\n<ul>\n<li>Prikabinimo a\u0161is 965\/\u00f836 mm;<\/li>\n<li>Priekin\u0117 mechanin\u0117 lyginimo lenta;<\/li>\n<li>Priekinis styginis velenas (390mm);<\/li>\n<li>I\u0161lyginimo lenta u\u017e norag\u0173 sekcijos;<\/li>\n<li>Dvigubi prasilenkiantys Crosskill volai (400mm);<\/li>\n<li>U\u017elyginimo dantyta lenta u\u017e vol\u0173 sekcijos;<\/li>\n<li>V\u0117\u017ei\u0173 purentuvai su gylio reguliavimu (ATLAS HP);<\/li>\n<li>Mechaninis norag\u0173 gylio reguliavimas;<\/li>\n<li>Dvi eil\u0117s agresyvi\u0173 norag\u0173 su\u00a0 dvigubomis spyruokl\u0117mis ;<\/li>\n<li>Ratai 340\/55-16 (ATLAS 3 ir 4);<\/li>\n<li>Ratai 480\/45-17 (ATLAS HP);<\/li>\n<li>Vientisas r\u0117mas (ATLAS 3 ir 4);<\/li>\n<li>Hidrauli\u0161kai sulankstomas transportavimui r\u0117mas (ATLAS HP);<\/li>\n<li>Oriniai stabd\u017eiai (ATLAS HP 6-8);<\/li>\n<li>\u0160oniniai deflektoriai;<\/li>\n<\/ul>\n<p>Papildoma \u012franga:<\/p>\n<ul>\n<li>S\u0117jamosios pakaba (ATLAS 3 ir 4);<\/li>\n<li>Noragai SZ;<\/li>\n<li>Hidraulinis norag\u0173 gylio reguliavimas;<\/li>\n<li>Prikabinimas su ratais;<\/li>\n<li>Transportavimo \u017eibintai;<\/li>\n<\/ul>\n<\/div>\n<\/div>\n<\/div>\n","protected":false},"excerpt":{"rendered":"<p>Standartin\u0117 komplektacija: Prikabinimo a\u0161is 965\/\u00f836 mm; Priekin\u0117 mechanin\u0117 lyginimo lenta; Priekinis styginis velenas (390mm); I\u0161lyginimo lenta u\u017e norag\u0173 sekcijos; Dvigubi prasilenkiantys Crosskill volai (400mm); U\u017elyginimo dantyta lenta u\u017e vol\u0173 sekcijos; V\u0117\u017ei\u0173 purentuvai su gylio reguliavimu (ATLAS HP); Mechaninis norag\u0173 gylio reguliavimas; Dvi eil\u0117s agresyvi\u0173 norag\u0173 su\u00a0 dvigubomis spyruokl\u0117mis ; Ratai 340\/55-16 (ATLAS 3 ir 4); [&hellip;]<\/p>\n","protected":false},"featured_media":17398,"template":"","meta":{"_et_pb_use_builder":"","_et_pb_old_content":"","_et_gb_content_width":""},"product_brand":[],"product_cat":[40],"product_tag":[],"class_list":{"0":"post-2127","1":"product","2":"type-product","3":"status-publish","4":"has-post-thumbnail","6":"product_cat-kultivaatorid","8":"first","9":"instock","10":"shipping-taxable","11":"product-type-simple"},"yoast_head":"<!-- This site is optimized with the Yoast SEO plugin v26.4 - https:\/\/yoast.com\/wordpress\/plugins\/seo\/ -->\n<title>Kultivatorius ATLAS - Specagra<\/title>\n<meta name=\"robots\" content=\"index, follow, max-snippet:-1, max-image-preview:large, max-video-preview:-1\" \/>\n<link rel=\"canonical\" href=\"https:\/\/www.specagra.ee\/?product=kultivatorius-atlas\" \/>\n<meta property=\"og:locale\" content=\"et_EE\" \/>\n<meta property=\"og:type\" content=\"article\" \/>\n<meta property=\"og:title\" content=\"Kultivatorius ATLAS - Specagra\" \/>\n<meta property=\"og:description\" content=\"Standartin\u0117 komplektacija: Prikabinimo a\u0161is 965\/\u00f836 mm; Priekin\u0117 mechanin\u0117 lyginimo lenta; Priekinis styginis velenas (390mm); I\u0161lyginimo lenta u\u017e norag\u0173 sekcijos; Dvigubi prasilenkiantys Crosskill volai (400mm); U\u017elyginimo dantyta lenta u\u017e vol\u0173 sekcijos; V\u0117\u017ei\u0173 purentuvai su gylio reguliavimu (ATLAS HP); Mechaninis norag\u0173 gylio reguliavimas; Dvi eil\u0117s agresyvi\u0173 norag\u0173 su\u00a0 dvigubomis spyruokl\u0117mis ; Ratai 340\/55-16 (ATLAS 3 ir 4); [&hellip;]\" \/>\n<meta property=\"og:url\" content=\"https:\/\/www.specagra.ee\/?product=kultivatorius-atlas\" \/>\n<meta property=\"og:site_name\" content=\"Specagra\" \/>\n<meta property=\"article:modified_time\" content=\"2022-05-27T07:54:29+00:00\" \/>\n<meta property=\"og:image\" content=\"https:\/\/specagra.ee\/wp-content\/uploads\/2020\/06\/kret-Sb_b.jpg\" \/>\n\t<meta property=\"og:image:width\" content=\"1280\" \/>\n\t<meta property=\"og:image:height\" content=\"720\" \/>\n\t<meta property=\"og:image:type\" content=\"image\/jpeg\" \/>\n<meta name=\"twitter:card\" content=\"summary_large_image\" \/>\n<meta name=\"twitter:label1\" content=\"Est. reading time\" \/>\n\t<meta name=\"twitter:data1\" content=\"1 minut\" \/>\n<script type=\"application\/ld+json\" class=\"yoast-schema-graph\">{\"@context\":\"https:\/\/schema.org\",\"@graph\":[{\"@type\":\"WebPage\",\"@id\":\"https:\/\/www.specagra.ee\/?product=kultivatorius-atlas\",\"url\":\"https:\/\/www.specagra.ee\/?product=kultivatorius-atlas\",\"name\":\"Kultivatorius ATLAS - Specagra\",\"isPartOf\":{\"@id\":\"https:\/\/www.specagra.ee\/#website\"},\"primaryImageOfPage\":{\"@id\":\"https:\/\/www.specagra.ee\/?product=kultivatorius-atlas#primaryimage\"},\"image\":{\"@id\":\"https:\/\/www.specagra.ee\/?product=kultivatorius-atlas#primaryimage\"},\"thumbnailUrl\":\"https:\/\/www.specagra.ee\/wp-content\/uploads\/2020\/06\/kret-Sb_b.jpg\",\"datePublished\":\"2020-06-25T06:50:05+00:00\",\"dateModified\":\"2022-05-27T07:54:29+00:00\",\"breadcrumb\":{\"@id\":\"https:\/\/www.specagra.ee\/?product=kultivatorius-atlas#breadcrumb\"},\"inLanguage\":\"et\",\"potentialAction\":[{\"@type\":\"ReadAction\",\"target\":[\"https:\/\/www.specagra.ee\/?product=kultivatorius-atlas\"]}]},{\"@type\":\"ImageObject\",\"inLanguage\":\"et\",\"@id\":\"https:\/\/www.specagra.ee\/?product=kultivatorius-atlas#primaryimage\",\"url\":\"https:\/\/www.specagra.ee\/wp-content\/uploads\/2020\/06\/kret-Sb_b.jpg\",\"contentUrl\":\"https:\/\/www.specagra.ee\/wp-content\/uploads\/2020\/06\/kret-Sb_b.jpg\",\"width\":1280,\"height\":720,\"caption\":\"Kultivatorius ATLAS\"},{\"@type\":\"BreadcrumbList\",\"@id\":\"https:\/\/www.specagra.ee\/?product=kultivatorius-atlas#breadcrumb\",\"itemListElement\":[{\"@type\":\"ListItem\",\"position\":1,\"name\":\"Home\",\"item\":\"https:\/\/www.specagra.ee\/\"},{\"@type\":\"ListItem\",\"position\":2,\"name\":\"P\u00f5llumajandustehnika ja loomakasvatus\",\"item\":\"https:\/\/specagra.ee\/?page_id=18493\"},{\"@type\":\"ListItem\",\"position\":3,\"name\":\"Kultivatorius ATLAS\"}]},{\"@type\":\"WebSite\",\"@id\":\"https:\/\/www.specagra.ee\/#website\",\"url\":\"https:\/\/www.specagra.ee\/\",\"name\":\"Specagra\",\"description\":\"P\u00f5llumajandustehnika ja varuosad\",\"publisher\":{\"@id\":\"https:\/\/www.specagra.ee\/#organization\"},\"potentialAction\":[{\"@type\":\"SearchAction\",\"target\":{\"@type\":\"EntryPoint\",\"urlTemplate\":\"https:\/\/www.specagra.ee\/?s={search_term_string}\"},\"query-input\":{\"@type\":\"PropertyValueSpecification\",\"valueRequired\":true,\"valueName\":\"search_term_string\"}}],\"inLanguage\":\"et\"},{\"@type\":\"Organization\",\"@id\":\"https:\/\/www.specagra.ee\/#organization\",\"name\":\"UAB Specagra\",\"url\":\"https:\/\/www.specagra.ee\/\",\"logo\":{\"@type\":\"ImageObject\",\"inLanguage\":\"et\",\"@id\":\"https:\/\/www.specagra.ee\/#\/schema\/logo\/image\/\",\"url\":\"http:\/\/www.specagra.ee\/wp-content\/uploads\/2022\/02\/SP-logo_naujas-scaled.jpg\",\"contentUrl\":\"http:\/\/www.specagra.ee\/wp-content\/uploads\/2022\/02\/SP-logo_naujas-scaled.jpg\",\"width\":2560,\"height\":326,\"caption\":\"UAB Specagra\"},\"image\":{\"@id\":\"https:\/\/www.specagra.ee\/#\/schema\/logo\/image\/\"}}]}<\/script>\n<!-- \/ Yoast SEO plugin. -->","yoast_head_json":{"title":"Kultivatorius ATLAS - Specagra","robots":{"index":"index","follow":"follow","max-snippet":"max-snippet:-1","max-image-preview":"max-image-preview:large","max-video-preview":"max-video-preview:-1"},"canonical":"https:\/\/www.specagra.ee\/?product=kultivatorius-atlas","og_locale":"et_EE","og_type":"article","og_title":"Kultivatorius ATLAS - Specagra","og_description":"Standartin\u0117 komplektacija: Prikabinimo a\u0161is 965\/\u00f836 mm; Priekin\u0117 mechanin\u0117 lyginimo lenta; Priekinis styginis velenas (390mm); I\u0161lyginimo lenta u\u017e norag\u0173 sekcijos; Dvigubi prasilenkiantys Crosskill volai (400mm); U\u017elyginimo dantyta lenta u\u017e vol\u0173 sekcijos; V\u0117\u017ei\u0173 purentuvai su gylio reguliavimu (ATLAS HP); Mechaninis norag\u0173 gylio reguliavimas; Dvi eil\u0117s agresyvi\u0173 norag\u0173 su\u00a0 dvigubomis spyruokl\u0117mis ; Ratai 340\/55-16 (ATLAS 3 ir 4); [&hellip;]","og_url":"https:\/\/www.specagra.ee\/?product=kultivatorius-atlas","og_site_name":"Specagra","article_modified_time":"2022-05-27T07:54:29+00:00","og_image":[{"width":1280,"height":720,"url":"https:\/\/specagra.ee\/wp-content\/uploads\/2020\/06\/kret-Sb_b.jpg","type":"image\/jpeg"}],"twitter_card":"summary_large_image","twitter_misc":{"Est. reading time":"1 minut"},"schema":{"@context":"https:\/\/schema.org","@graph":[{"@type":"WebPage","@id":"https:\/\/www.specagra.ee\/?product=kultivatorius-atlas","url":"https:\/\/www.specagra.ee\/?product=kultivatorius-atlas","name":"Kultivatorius ATLAS - Specagra","isPartOf":{"@id":"https:\/\/www.specagra.ee\/#website"},"primaryImageOfPage":{"@id":"https:\/\/www.specagra.ee\/?product=kultivatorius-atlas#primaryimage"},"image":{"@id":"https:\/\/www.specagra.ee\/?product=kultivatorius-atlas#primaryimage"},"thumbnailUrl":"https:\/\/www.specagra.ee\/wp-content\/uploads\/2020\/06\/kret-Sb_b.jpg","datePublished":"2020-06-25T06:50:05+00:00","dateModified":"2022-05-27T07:54:29+00:00","breadcrumb":{"@id":"https:\/\/www.specagra.ee\/?product=kultivatorius-atlas#breadcrumb"},"inLanguage":"et","potentialAction":[{"@type":"ReadAction","target":["https:\/\/www.specagra.ee\/?product=kultivatorius-atlas"]}]},{"@type":"ImageObject","inLanguage":"et","@id":"https:\/\/www.specagra.ee\/?product=kultivatorius-atlas#primaryimage","url":"https:\/\/www.specagra.ee\/wp-content\/uploads\/2020\/06\/kret-Sb_b.jpg","contentUrl":"https:\/\/www.specagra.ee\/wp-content\/uploads\/2020\/06\/kret-Sb_b.jpg","width":1280,"height":720,"caption":"Kultivatorius ATLAS"},{"@type":"BreadcrumbList","@id":"https:\/\/www.specagra.ee\/?product=kultivatorius-atlas#breadcrumb","itemListElement":[{"@type":"ListItem","position":1,"name":"Home","item":"https:\/\/www.specagra.ee\/"},{"@type":"ListItem","position":2,"name":"P\u00f5llumajandustehnika ja loomakasvatus","item":"https:\/\/specagra.ee\/?page_id=18493"},{"@type":"ListItem","position":3,"name":"Kultivatorius ATLAS"}]},{"@type":"WebSite","@id":"https:\/\/www.specagra.ee\/#website","url":"https:\/\/www.specagra.ee\/","name":"Specagra","description":"P\u00f5llumajandustehnika ja varuosad","publisher":{"@id":"https:\/\/www.specagra.ee\/#organization"},"potentialAction":[{"@type":"SearchAction","target":{"@type":"EntryPoint","urlTemplate":"https:\/\/www.specagra.ee\/?s={search_term_string}"},"query-input":{"@type":"PropertyValueSpecification","valueRequired":true,"valueName":"search_term_string"}}],"inLanguage":"et"},{"@type":"Organization","@id":"https:\/\/www.specagra.ee\/#organization","name":"UAB Specagra","url":"https:\/\/www.specagra.ee\/","logo":{"@type":"ImageObject","inLanguage":"et","@id":"https:\/\/www.specagra.ee\/#\/schema\/logo\/image\/","url":"http:\/\/www.specagra.ee\/wp-content\/uploads\/2022\/02\/SP-logo_naujas-scaled.jpg","contentUrl":"http:\/\/www.specagra.ee\/wp-content\/uploads\/2022\/02\/SP-logo_naujas-scaled.jpg","width":2560,"height":326,"caption":"UAB Specagra"},"image":{"@id":"https:\/\/www.specagra.ee\/#\/schema\/logo\/image\/"}}]}},"_links":{"self":[{"href":"https:\/\/www.specagra.ee\/index.php?rest_route=\/wp\/v2\/product\/2127","targetHints":{"allow":["GET"]}}],"collection":[{"href":"https:\/\/www.specagra.ee\/index.php?rest_route=\/wp\/v2\/product"}],"about":[{"href":"https:\/\/www.specagra.ee\/index.php?rest_route=\/wp\/v2\/types\/product"}],"wp:featuredmedia":[{"embeddable":true,"href":"https:\/\/www.specagra.ee\/index.php?rest_route=\/wp\/v2\/media\/17398"}],"wp:attachment":[{"href":"https:\/\/www.specagra.ee\/index.php?rest_route=%2Fwp%2Fv2%2Fmedia&parent=2127"}],"wp:term":[{"taxonomy":"product_brand","embeddable":true,"href":"https:\/\/www.specagra.ee\/index.php?rest_route=%2Fwp%2Fv2%2Fproduct_brand&post=2127"},{"taxonomy":"product_cat","embeddable":true,"href":"https:\/\/www.specagra.ee\/index.php?rest_route=%2Fwp%2Fv2%2Fproduct_cat&post=2127"},{"taxonomy":"product_tag","embeddable":true,"href":"https:\/\/www.specagra.ee\/index.php?rest_route=%2Fwp%2Fv2%2Fproduct_tag&post=2127"}],"curies":[{"name":"wp","href":"https:\/\/api.w.org\/{rel}","templated":true}]}}