{"id":2112,"date":"2020-06-25T04:30:28","date_gmt":"2020-06-25T06:30:28","guid":{"rendered":"https:\/\/www.specagra.ee.nemokamossvetaines.hostingas.lt\/?post_type=product&#038;p=2112"},"modified":"2022-05-27T05:55:05","modified_gmt":"2022-05-27T07:55:05","slug":"kultivatorius-atlas-ii","status":"publish","type":"product","link":"https:\/\/www.specagra.ee\/?product=kultivatorius-atlas-ii","title":{"rendered":"Kultivatorius ATLAS II"},"content":{"rendered":"<p>STANDARTIN\u0116 KOMPLEKTACIJA<\/p>\n<ul>\n<li>Pakabinimo a\u0161is 70-825\/36mm<\/li>\n<li>Vientisas r\u0117mas<\/li>\n<li>Priekin\u0117 lyginimo lenta (reguliavimas mechaninis)<\/li>\n<li>Priekinis styginis volas (diametras 400mm)<\/li>\n<li>Dvi eil\u0117s spyruoklini\u0173 norag\u0173 SX (pjovimo plotis 260 mm)<\/li>\n<li>Lyginimo lenta u\u017e norag\u0173 sekcijos<\/li>\n<li>Galinis styginis volas (diametras 400mm)<\/li>\n<li>Galin\u0117 dantyta lyginimo lenta<\/li>\n<li>\u0160oniniai atmu\u0161\u0117jai<\/li>\n<li>Mechaninis norag\u0173 gylio reguliavimas<\/li>\n<\/ul>\n<p>Papildoma komplektacija :<\/p>\n<ul>\n<li>Dviej\u0173 eili\u0173 norag\u0173 sekcija SZ;<\/li>\n<li>Keturi\u0173 eili\u0173 norag\u0173 sekcija SV;<\/li>\n<li>Trij\u0173 eili\u0173 norag\u0173 sekcija SE;<\/li>\n<li>Hidraulinis norag\u0173 gylio reguliavimas;<\/li>\n<li>V\u0117\u017ei\u0173 u\u017eertuvai (vietoje lyginimo lentos);<\/li>\n<li>Crosskill volas ( 400mm);<\/li>\n<li>Transportavimo \u017eibintai;<\/li>\n<\/ul>\n","protected":false},"excerpt":{"rendered":"<p>STANDARTIN\u0116 KOMPLEKTACIJA Pakabinimo a\u0161is 70-825\/36mm Vientisas r\u0117mas Priekin\u0117 lyginimo lenta (reguliavimas mechaninis) Priekinis styginis volas (diametras 400mm) Dvi eil\u0117s spyruoklini\u0173 norag\u0173 SX (pjovimo plotis 260 mm) Lyginimo lenta u\u017e norag\u0173 sekcijos Galinis styginis volas (diametras 400mm) Galin\u0117 dantyta lyginimo lenta \u0160oniniai atmu\u0161\u0117jai Mechaninis norag\u0173 gylio reguliavimas Papildoma komplektacija : Dviej\u0173 eili\u0173 norag\u0173 sekcija SZ; Keturi\u0173 [&hellip;]<\/p>\n","protected":false},"featured_media":17399,"template":"","meta":[],"product_brand":[],"product_cat":[40],"product_tag":[],"class_list":{"0":"post-2112","1":"product","2":"type-product","3":"status-publish","4":"has-post-thumbnail","6":"product_cat-kultivaatorid","8":"first","9":"instock","10":"shipping-taxable","11":"product-type-simple"},"yoast_head":"<!-- This site is optimized with the Yoast SEO plugin v27.3 - https:\/\/yoast.com\/product\/yoast-seo-wordpress\/ -->\n<title>Kultivatorius ATLAS II - Specagra<\/title>\n<meta name=\"robots\" content=\"index, follow, max-snippet:-1, max-image-preview:large, max-video-preview:-1\" \/>\n<link rel=\"canonical\" href=\"https:\/\/www.specagra.ee\/?product=kultivatorius-atlas-ii\" \/>\n<meta property=\"og:locale\" content=\"et_EE\" \/>\n<meta property=\"og:type\" content=\"article\" \/>\n<meta property=\"og:title\" content=\"Kultivatorius ATLAS II - Specagra\" \/>\n<meta property=\"og:description\" content=\"STANDARTIN\u0116 KOMPLEKTACIJA Pakabinimo a\u0161is 70-825\/36mm Vientisas r\u0117mas Priekin\u0117 lyginimo lenta (reguliavimas mechaninis) Priekinis styginis volas (diametras 400mm) Dvi eil\u0117s spyruoklini\u0173 norag\u0173 SX (pjovimo plotis 260 mm) Lyginimo lenta u\u017e norag\u0173 sekcijos Galinis styginis volas (diametras 400mm) Galin\u0117 dantyta lyginimo lenta \u0160oniniai atmu\u0161\u0117jai Mechaninis norag\u0173 gylio reguliavimas Papildoma komplektacija : Dviej\u0173 eili\u0173 norag\u0173 sekcija SZ; Keturi\u0173 [&hellip;]\" \/>\n<meta property=\"og:url\" content=\"https:\/\/www.specagra.ee\/?product=kultivatorius-atlas-ii\" \/>\n<meta property=\"og:site_name\" content=\"Specagra\" \/>\n<meta property=\"article:modified_time\" content=\"2022-05-27T07:55:05+00:00\" \/>\n<meta property=\"og:image\" content=\"https:\/\/specagra.ee\/wp-content\/uploads\/2020\/06\/kret-Sb_b-7.jpg\" \/>\n\t<meta property=\"og:image:width\" content=\"1280\" \/>\n\t<meta property=\"og:image:height\" content=\"720\" \/>\n\t<meta property=\"og:image:type\" content=\"image\/jpeg\" \/>\n<meta name=\"twitter:card\" content=\"summary_large_image\" \/>\n<script type=\"application\/ld+json\" class=\"yoast-schema-graph\">{\"@context\":\"https:\\\/\\\/schema.org\",\"@graph\":[{\"@type\":\"WebPage\",\"@id\":\"https:\\\/\\\/www.specagra.ee\\\/?product=kultivatorius-atlas-ii\",\"url\":\"https:\\\/\\\/www.specagra.ee\\\/?product=kultivatorius-atlas-ii\",\"name\":\"Kultivatorius ATLAS II - Specagra\",\"isPartOf\":{\"@id\":\"https:\\\/\\\/www.specagra.ee\\\/#website\"},\"primaryImageOfPage\":{\"@id\":\"https:\\\/\\\/www.specagra.ee\\\/?product=kultivatorius-atlas-ii#primaryimage\"},\"image\":{\"@id\":\"https:\\\/\\\/www.specagra.ee\\\/?product=kultivatorius-atlas-ii#primaryimage\"},\"thumbnailUrl\":\"https:\\\/\\\/specagra.ee\\\/wp-content\\\/uploads\\\/2020\\\/06\\\/kret-Sb_b-7.jpg\",\"datePublished\":\"2020-06-25T06:30:28+00:00\",\"dateModified\":\"2022-05-27T07:55:05+00:00\",\"breadcrumb\":{\"@id\":\"https:\\\/\\\/www.specagra.ee\\\/?product=kultivatorius-atlas-ii#breadcrumb\"},\"inLanguage\":\"et\",\"potentialAction\":[{\"@type\":\"ReadAction\",\"target\":[\"https:\\\/\\\/www.specagra.ee\\\/?product=kultivatorius-atlas-ii\"]}]},{\"@type\":\"ImageObject\",\"inLanguage\":\"et\",\"@id\":\"https:\\\/\\\/www.specagra.ee\\\/?product=kultivatorius-atlas-ii#primaryimage\",\"url\":\"https:\\\/\\\/specagra.ee\\\/wp-content\\\/uploads\\\/2020\\\/06\\\/kret-Sb_b-7.jpg\",\"contentUrl\":\"https:\\\/\\\/specagra.ee\\\/wp-content\\\/uploads\\\/2020\\\/06\\\/kret-Sb_b-7.jpg\",\"width\":1280,\"height\":720,\"caption\":\"Kultivatorius ATLAS II\"},{\"@type\":\"BreadcrumbList\",\"@id\":\"https:\\\/\\\/www.specagra.ee\\\/?product=kultivatorius-atlas-ii#breadcrumb\",\"itemListElement\":[{\"@type\":\"ListItem\",\"position\":1,\"name\":\"Home\",\"item\":\"https:\\\/\\\/specagra.ee\\\/\"},{\"@type\":\"ListItem\",\"position\":2,\"name\":\"P\u00f5llumajandustehnika ja loomakasvatus\",\"item\":\"https:\\\/\\\/specagra.ee\\\/?page_id=18493\"},{\"@type\":\"ListItem\",\"position\":3,\"name\":\"Kultivatorius ATLAS II\"}]},{\"@type\":\"WebSite\",\"@id\":\"https:\\\/\\\/www.specagra.ee\\\/#website\",\"url\":\"https:\\\/\\\/www.specagra.ee\\\/\",\"name\":\"Specagra\",\"description\":\"P\u00f5llumajandustehnika ja varuosad\",\"publisher\":{\"@id\":\"https:\\\/\\\/www.specagra.ee\\\/#organization\"},\"potentialAction\":[{\"@type\":\"SearchAction\",\"target\":{\"@type\":\"EntryPoint\",\"urlTemplate\":\"https:\\\/\\\/www.specagra.ee\\\/?s={search_term_string}\"},\"query-input\":{\"@type\":\"PropertyValueSpecification\",\"valueRequired\":true,\"valueName\":\"search_term_string\"}}],\"inLanguage\":\"et\"},{\"@type\":\"Organization\",\"@id\":\"https:\\\/\\\/www.specagra.ee\\\/#organization\",\"name\":\"UAB Specagra\",\"url\":\"https:\\\/\\\/www.specagra.ee\\\/\",\"logo\":{\"@type\":\"ImageObject\",\"inLanguage\":\"et\",\"@id\":\"https:\\\/\\\/www.specagra.ee\\\/#\\\/schema\\\/logo\\\/image\\\/\",\"url\":\"http:\\\/\\\/www.specagra.ee\\\/wp-content\\\/uploads\\\/2022\\\/02\\\/SP-logo_naujas-scaled.jpg\",\"contentUrl\":\"http:\\\/\\\/www.specagra.ee\\\/wp-content\\\/uploads\\\/2022\\\/02\\\/SP-logo_naujas-scaled.jpg\",\"width\":2560,\"height\":326,\"caption\":\"UAB Specagra\"},\"image\":{\"@id\":\"https:\\\/\\\/www.specagra.ee\\\/#\\\/schema\\\/logo\\\/image\\\/\"}}]}<\/script>\n<!-- \/ Yoast SEO plugin. -->","yoast_head_json":{"title":"Kultivatorius ATLAS II - Specagra","robots":{"index":"index","follow":"follow","max-snippet":"max-snippet:-1","max-image-preview":"max-image-preview:large","max-video-preview":"max-video-preview:-1"},"canonical":"https:\/\/www.specagra.ee\/?product=kultivatorius-atlas-ii","og_locale":"et_EE","og_type":"article","og_title":"Kultivatorius ATLAS II - Specagra","og_description":"STANDARTIN\u0116 KOMPLEKTACIJA Pakabinimo a\u0161is 70-825\/36mm Vientisas r\u0117mas Priekin\u0117 lyginimo lenta (reguliavimas mechaninis) Priekinis styginis volas (diametras 400mm) Dvi eil\u0117s spyruoklini\u0173 norag\u0173 SX (pjovimo plotis 260 mm) Lyginimo lenta u\u017e norag\u0173 sekcijos Galinis styginis volas (diametras 400mm) Galin\u0117 dantyta lyginimo lenta \u0160oniniai atmu\u0161\u0117jai Mechaninis norag\u0173 gylio reguliavimas Papildoma komplektacija : Dviej\u0173 eili\u0173 norag\u0173 sekcija SZ; Keturi\u0173 [&hellip;]","og_url":"https:\/\/www.specagra.ee\/?product=kultivatorius-atlas-ii","og_site_name":"Specagra","article_modified_time":"2022-05-27T07:55:05+00:00","og_image":[{"width":1280,"height":720,"url":"https:\/\/specagra.ee\/wp-content\/uploads\/2020\/06\/kret-Sb_b-7.jpg","type":"image\/jpeg"}],"twitter_card":"summary_large_image","schema":{"@context":"https:\/\/schema.org","@graph":[{"@type":"WebPage","@id":"https:\/\/www.specagra.ee\/?product=kultivatorius-atlas-ii","url":"https:\/\/www.specagra.ee\/?product=kultivatorius-atlas-ii","name":"Kultivatorius ATLAS II - Specagra","isPartOf":{"@id":"https:\/\/www.specagra.ee\/#website"},"primaryImageOfPage":{"@id":"https:\/\/www.specagra.ee\/?product=kultivatorius-atlas-ii#primaryimage"},"image":{"@id":"https:\/\/www.specagra.ee\/?product=kultivatorius-atlas-ii#primaryimage"},"thumbnailUrl":"https:\/\/specagra.ee\/wp-content\/uploads\/2020\/06\/kret-Sb_b-7.jpg","datePublished":"2020-06-25T06:30:28+00:00","dateModified":"2022-05-27T07:55:05+00:00","breadcrumb":{"@id":"https:\/\/www.specagra.ee\/?product=kultivatorius-atlas-ii#breadcrumb"},"inLanguage":"et","potentialAction":[{"@type":"ReadAction","target":["https:\/\/www.specagra.ee\/?product=kultivatorius-atlas-ii"]}]},{"@type":"ImageObject","inLanguage":"et","@id":"https:\/\/www.specagra.ee\/?product=kultivatorius-atlas-ii#primaryimage","url":"https:\/\/specagra.ee\/wp-content\/uploads\/2020\/06\/kret-Sb_b-7.jpg","contentUrl":"https:\/\/specagra.ee\/wp-content\/uploads\/2020\/06\/kret-Sb_b-7.jpg","width":1280,"height":720,"caption":"Kultivatorius ATLAS II"},{"@type":"BreadcrumbList","@id":"https:\/\/www.specagra.ee\/?product=kultivatorius-atlas-ii#breadcrumb","itemListElement":[{"@type":"ListItem","position":1,"name":"Home","item":"https:\/\/specagra.ee\/"},{"@type":"ListItem","position":2,"name":"P\u00f5llumajandustehnika ja loomakasvatus","item":"https:\/\/specagra.ee\/?page_id=18493"},{"@type":"ListItem","position":3,"name":"Kultivatorius ATLAS II"}]},{"@type":"WebSite","@id":"https:\/\/www.specagra.ee\/#website","url":"https:\/\/www.specagra.ee\/","name":"Specagra","description":"P\u00f5llumajandustehnika ja varuosad","publisher":{"@id":"https:\/\/www.specagra.ee\/#organization"},"potentialAction":[{"@type":"SearchAction","target":{"@type":"EntryPoint","urlTemplate":"https:\/\/www.specagra.ee\/?s={search_term_string}"},"query-input":{"@type":"PropertyValueSpecification","valueRequired":true,"valueName":"search_term_string"}}],"inLanguage":"et"},{"@type":"Organization","@id":"https:\/\/www.specagra.ee\/#organization","name":"UAB Specagra","url":"https:\/\/www.specagra.ee\/","logo":{"@type":"ImageObject","inLanguage":"et","@id":"https:\/\/www.specagra.ee\/#\/schema\/logo\/image\/","url":"http:\/\/www.specagra.ee\/wp-content\/uploads\/2022\/02\/SP-logo_naujas-scaled.jpg","contentUrl":"http:\/\/www.specagra.ee\/wp-content\/uploads\/2022\/02\/SP-logo_naujas-scaled.jpg","width":2560,"height":326,"caption":"UAB Specagra"},"image":{"@id":"https:\/\/www.specagra.ee\/#\/schema\/logo\/image\/"}}]}},"_links":{"self":[{"href":"https:\/\/www.specagra.ee\/index.php?rest_route=\/wp\/v2\/product\/2112","targetHints":{"allow":["GET"]}}],"collection":[{"href":"https:\/\/www.specagra.ee\/index.php?rest_route=\/wp\/v2\/product"}],"about":[{"href":"https:\/\/www.specagra.ee\/index.php?rest_route=\/wp\/v2\/types\/product"}],"wp:featuredmedia":[{"embeddable":true,"href":"https:\/\/www.specagra.ee\/index.php?rest_route=\/wp\/v2\/media\/17399"}],"wp:attachment":[{"href":"https:\/\/www.specagra.ee\/index.php?rest_route=%2Fwp%2Fv2%2Fmedia&parent=2112"}],"wp:term":[{"taxonomy":"product_brand","embeddable":true,"href":"https:\/\/www.specagra.ee\/index.php?rest_route=%2Fwp%2Fv2%2Fproduct_brand&post=2112"},{"taxonomy":"product_cat","embeddable":true,"href":"https:\/\/www.specagra.ee\/index.php?rest_route=%2Fwp%2Fv2%2Fproduct_cat&post=2112"},{"taxonomy":"product_tag","embeddable":true,"href":"https:\/\/www.specagra.ee\/index.php?rest_route=%2Fwp%2Fv2%2Fproduct_tag&post=2112"}],"curies":[{"name":"wp","href":"https:\/\/api.w.org\/{rel}","templated":true}]}}