{"id":12944,"date":"2020-09-23T04:53:05","date_gmt":"2020-09-23T06:53:05","guid":{"rendered":"https:\/\/www.specagra.ee.nemokamossvetaines.hostingas.lt\/?post_type=product&#038;p=12944"},"modified":"2022-05-27T06:12:50","modified_gmt":"2022-05-27T08:12:50","slug":"kultivatorius-u-457","status":"publish","type":"product","link":"https:\/\/www.specagra.ee\/?product=kultivatorius-u-457","title":{"rendered":"Kultivatorius U 457"},"content":{"rendered":"<p>Standartin\u0117 komplektacija :<\/p>\n<ul>\n<li>Darbinis plotis 4,0 m;<\/li>\n<li>Vientisas r\u0117mas;<\/li>\n<li>Trys norag\u0173 eil\u0117s;<\/li>\n<li>Priekinis vamzdinis volas (330mm);<\/li>\n<li>Galinis vamzdinis volas (330mm);<\/li>\n<li>Galinis Crosskill volas (500mm);<\/li>\n<li>Dvi lyginimo lentos;<\/li>\n<li>Mechaninis gylio reguliavimas;<\/li>\n<li>\u0160oniniai deflektoriai;<\/li>\n<li>Pakabinamas ant traktoriaus pakabos;<\/li>\n<\/ul>\n<p>Papildoma komplektacija :<\/p>\n<ul>\n<li>V\u0117\u017ei\u0173 u\u017eertuvai;<\/li>\n<\/ul>\n","protected":false},"excerpt":{"rendered":"<p>Standartin\u0117 komplektacija : Darbinis plotis 4,0 m; Vientisas r\u0117mas; Trys norag\u0173 eil\u0117s; Priekinis vamzdinis volas (330mm); Galinis vamzdinis volas (330mm); Galinis Crosskill volas (500mm); Dvi lyginimo lentos; Mechaninis gylio reguliavimas; \u0160oniniai deflektoriai; Pakabinamas ant traktoriaus pakabos; Papildoma komplektacija : V\u0117\u017ei\u0173 u\u017eertuvai;<\/p>\n","protected":false},"featured_media":17405,"template":"","meta":{"_et_pb_use_builder":"","_et_pb_old_content":"","_et_gb_content_width":""},"product_brand":[],"product_cat":[40],"product_tag":[],"class_list":{"0":"post-12944","1":"product","2":"type-product","3":"status-publish","4":"has-post-thumbnail","6":"product_cat-kultivaatorid","8":"first","9":"instock","10":"shipping-taxable","11":"product-type-simple"},"yoast_head":"<!-- This site is optimized with the Yoast SEO plugin v26.4 - https:\/\/yoast.com\/wordpress\/plugins\/seo\/ -->\n<title>Kultivatorius U 457 - Specagra<\/title>\n<meta name=\"robots\" content=\"index, follow, max-snippet:-1, max-image-preview:large, max-video-preview:-1\" \/>\n<link rel=\"canonical\" href=\"https:\/\/www.specagra.ee\/?product=kultivatorius-u-457\" \/>\n<meta property=\"og:locale\" content=\"et_EE\" \/>\n<meta property=\"og:type\" content=\"article\" \/>\n<meta property=\"og:title\" content=\"Kultivatorius U 457 - Specagra\" \/>\n<meta property=\"og:description\" content=\"Standartin\u0117 komplektacija : Darbinis plotis 4,0 m; Vientisas r\u0117mas; Trys norag\u0173 eil\u0117s; Priekinis vamzdinis volas (330mm); Galinis vamzdinis volas (330mm); Galinis Crosskill volas (500mm); Dvi lyginimo lentos; Mechaninis gylio reguliavimas; \u0160oniniai deflektoriai; Pakabinamas ant traktoriaus pakabos; Papildoma komplektacija : V\u0117\u017ei\u0173 u\u017eertuvai;\" \/>\n<meta property=\"og:url\" content=\"https:\/\/www.specagra.ee\/?product=kultivatorius-u-457\" \/>\n<meta property=\"og:site_name\" content=\"Specagra\" \/>\n<meta property=\"article:modified_time\" content=\"2022-05-27T08:12:50+00:00\" \/>\n<meta property=\"og:image\" content=\"https:\/\/www.specagra.ee\/wp-content\/uploads\/2020\/09\/Copy-of-0203139731-1280-\u00d7-720-px.png\" \/>\n\t<meta property=\"og:image:width\" content=\"1280\" \/>\n\t<meta property=\"og:image:height\" content=\"720\" \/>\n\t<meta property=\"og:image:type\" content=\"image\/png\" \/>\n<meta name=\"twitter:card\" content=\"summary_large_image\" \/>\n<script type=\"application\/ld+json\" class=\"yoast-schema-graph\">{\"@context\":\"https:\/\/schema.org\",\"@graph\":[{\"@type\":\"WebPage\",\"@id\":\"https:\/\/www.specagra.ee\/?product=kultivatorius-u-457\",\"url\":\"https:\/\/www.specagra.ee\/?product=kultivatorius-u-457\",\"name\":\"Kultivatorius U 457 - Specagra\",\"isPartOf\":{\"@id\":\"https:\/\/www.specagra.ee\/#website\"},\"primaryImageOfPage\":{\"@id\":\"https:\/\/www.specagra.ee\/?product=kultivatorius-u-457#primaryimage\"},\"image\":{\"@id\":\"https:\/\/www.specagra.ee\/?product=kultivatorius-u-457#primaryimage\"},\"thumbnailUrl\":\"https:\/\/www.specagra.ee\/wp-content\/uploads\/2020\/09\/Copy-of-0203139731-1280-\u00d7-720-px.png\",\"datePublished\":\"2020-09-23T06:53:05+00:00\",\"dateModified\":\"2022-05-27T08:12:50+00:00\",\"breadcrumb\":{\"@id\":\"https:\/\/www.specagra.ee\/?product=kultivatorius-u-457#breadcrumb\"},\"inLanguage\":\"et\",\"potentialAction\":[{\"@type\":\"ReadAction\",\"target\":[\"https:\/\/www.specagra.ee\/?product=kultivatorius-u-457\"]}]},{\"@type\":\"ImageObject\",\"inLanguage\":\"et\",\"@id\":\"https:\/\/www.specagra.ee\/?product=kultivatorius-u-457#primaryimage\",\"url\":\"https:\/\/www.specagra.ee\/wp-content\/uploads\/2020\/09\/Copy-of-0203139731-1280-\u00d7-720-px.png\",\"contentUrl\":\"https:\/\/www.specagra.ee\/wp-content\/uploads\/2020\/09\/Copy-of-0203139731-1280-\u00d7-720-px.png\",\"width\":1280,\"height\":720,\"caption\":\"Kultivatorius U 457\"},{\"@type\":\"BreadcrumbList\",\"@id\":\"https:\/\/www.specagra.ee\/?product=kultivatorius-u-457#breadcrumb\",\"itemListElement\":[{\"@type\":\"ListItem\",\"position\":1,\"name\":\"Home\",\"item\":\"https:\/\/www.specagra.ee\/\"},{\"@type\":\"ListItem\",\"position\":2,\"name\":\"P\u00f5llumajandustehnika ja loomakasvatus\",\"item\":\"https:\/\/specagra.ee\/?page_id=18493\"},{\"@type\":\"ListItem\",\"position\":3,\"name\":\"Kultivatorius U 457\"}]},{\"@type\":\"WebSite\",\"@id\":\"https:\/\/www.specagra.ee\/#website\",\"url\":\"https:\/\/www.specagra.ee\/\",\"name\":\"Specagra\",\"description\":\"P\u00f5llumajandustehnika ja varuosad\",\"publisher\":{\"@id\":\"https:\/\/www.specagra.ee\/#organization\"},\"potentialAction\":[{\"@type\":\"SearchAction\",\"target\":{\"@type\":\"EntryPoint\",\"urlTemplate\":\"https:\/\/www.specagra.ee\/?s={search_term_string}\"},\"query-input\":{\"@type\":\"PropertyValueSpecification\",\"valueRequired\":true,\"valueName\":\"search_term_string\"}}],\"inLanguage\":\"et\"},{\"@type\":\"Organization\",\"@id\":\"https:\/\/www.specagra.ee\/#organization\",\"name\":\"UAB Specagra\",\"url\":\"https:\/\/www.specagra.ee\/\",\"logo\":{\"@type\":\"ImageObject\",\"inLanguage\":\"et\",\"@id\":\"https:\/\/www.specagra.ee\/#\/schema\/logo\/image\/\",\"url\":\"http:\/\/www.specagra.ee\/wp-content\/uploads\/2022\/02\/SP-logo_naujas-scaled.jpg\",\"contentUrl\":\"http:\/\/www.specagra.ee\/wp-content\/uploads\/2022\/02\/SP-logo_naujas-scaled.jpg\",\"width\":2560,\"height\":326,\"caption\":\"UAB Specagra\"},\"image\":{\"@id\":\"https:\/\/www.specagra.ee\/#\/schema\/logo\/image\/\"}}]}<\/script>\n<!-- \/ Yoast SEO plugin. -->","yoast_head_json":{"title":"Kultivatorius U 457 - Specagra","robots":{"index":"index","follow":"follow","max-snippet":"max-snippet:-1","max-image-preview":"max-image-preview:large","max-video-preview":"max-video-preview:-1"},"canonical":"https:\/\/www.specagra.ee\/?product=kultivatorius-u-457","og_locale":"et_EE","og_type":"article","og_title":"Kultivatorius U 457 - Specagra","og_description":"Standartin\u0117 komplektacija : Darbinis plotis 4,0 m; Vientisas r\u0117mas; Trys norag\u0173 eil\u0117s; Priekinis vamzdinis volas (330mm); Galinis vamzdinis volas (330mm); Galinis Crosskill volas (500mm); Dvi lyginimo lentos; Mechaninis gylio reguliavimas; \u0160oniniai deflektoriai; Pakabinamas ant traktoriaus pakabos; Papildoma komplektacija : V\u0117\u017ei\u0173 u\u017eertuvai;","og_url":"https:\/\/www.specagra.ee\/?product=kultivatorius-u-457","og_site_name":"Specagra","article_modified_time":"2022-05-27T08:12:50+00:00","og_image":[{"width":1280,"height":720,"url":"https:\/\/www.specagra.ee\/wp-content\/uploads\/2020\/09\/Copy-of-0203139731-1280-\u00d7-720-px.png","type":"image\/png"}],"twitter_card":"summary_large_image","schema":{"@context":"https:\/\/schema.org","@graph":[{"@type":"WebPage","@id":"https:\/\/www.specagra.ee\/?product=kultivatorius-u-457","url":"https:\/\/www.specagra.ee\/?product=kultivatorius-u-457","name":"Kultivatorius U 457 - Specagra","isPartOf":{"@id":"https:\/\/www.specagra.ee\/#website"},"primaryImageOfPage":{"@id":"https:\/\/www.specagra.ee\/?product=kultivatorius-u-457#primaryimage"},"image":{"@id":"https:\/\/www.specagra.ee\/?product=kultivatorius-u-457#primaryimage"},"thumbnailUrl":"https:\/\/www.specagra.ee\/wp-content\/uploads\/2020\/09\/Copy-of-0203139731-1280-\u00d7-720-px.png","datePublished":"2020-09-23T06:53:05+00:00","dateModified":"2022-05-27T08:12:50+00:00","breadcrumb":{"@id":"https:\/\/www.specagra.ee\/?product=kultivatorius-u-457#breadcrumb"},"inLanguage":"et","potentialAction":[{"@type":"ReadAction","target":["https:\/\/www.specagra.ee\/?product=kultivatorius-u-457"]}]},{"@type":"ImageObject","inLanguage":"et","@id":"https:\/\/www.specagra.ee\/?product=kultivatorius-u-457#primaryimage","url":"https:\/\/www.specagra.ee\/wp-content\/uploads\/2020\/09\/Copy-of-0203139731-1280-\u00d7-720-px.png","contentUrl":"https:\/\/www.specagra.ee\/wp-content\/uploads\/2020\/09\/Copy-of-0203139731-1280-\u00d7-720-px.png","width":1280,"height":720,"caption":"Kultivatorius U 457"},{"@type":"BreadcrumbList","@id":"https:\/\/www.specagra.ee\/?product=kultivatorius-u-457#breadcrumb","itemListElement":[{"@type":"ListItem","position":1,"name":"Home","item":"https:\/\/www.specagra.ee\/"},{"@type":"ListItem","position":2,"name":"P\u00f5llumajandustehnika ja loomakasvatus","item":"https:\/\/specagra.ee\/?page_id=18493"},{"@type":"ListItem","position":3,"name":"Kultivatorius U 457"}]},{"@type":"WebSite","@id":"https:\/\/www.specagra.ee\/#website","url":"https:\/\/www.specagra.ee\/","name":"Specagra","description":"P\u00f5llumajandustehnika ja varuosad","publisher":{"@id":"https:\/\/www.specagra.ee\/#organization"},"potentialAction":[{"@type":"SearchAction","target":{"@type":"EntryPoint","urlTemplate":"https:\/\/www.specagra.ee\/?s={search_term_string}"},"query-input":{"@type":"PropertyValueSpecification","valueRequired":true,"valueName":"search_term_string"}}],"inLanguage":"et"},{"@type":"Organization","@id":"https:\/\/www.specagra.ee\/#organization","name":"UAB Specagra","url":"https:\/\/www.specagra.ee\/","logo":{"@type":"ImageObject","inLanguage":"et","@id":"https:\/\/www.specagra.ee\/#\/schema\/logo\/image\/","url":"http:\/\/www.specagra.ee\/wp-content\/uploads\/2022\/02\/SP-logo_naujas-scaled.jpg","contentUrl":"http:\/\/www.specagra.ee\/wp-content\/uploads\/2022\/02\/SP-logo_naujas-scaled.jpg","width":2560,"height":326,"caption":"UAB Specagra"},"image":{"@id":"https:\/\/www.specagra.ee\/#\/schema\/logo\/image\/"}}]}},"_links":{"self":[{"href":"https:\/\/www.specagra.ee\/index.php?rest_route=\/wp\/v2\/product\/12944","targetHints":{"allow":["GET"]}}],"collection":[{"href":"https:\/\/www.specagra.ee\/index.php?rest_route=\/wp\/v2\/product"}],"about":[{"href":"https:\/\/www.specagra.ee\/index.php?rest_route=\/wp\/v2\/types\/product"}],"wp:featuredmedia":[{"embeddable":true,"href":"https:\/\/www.specagra.ee\/index.php?rest_route=\/wp\/v2\/media\/17405"}],"wp:attachment":[{"href":"https:\/\/www.specagra.ee\/index.php?rest_route=%2Fwp%2Fv2%2Fmedia&parent=12944"}],"wp:term":[{"taxonomy":"product_brand","embeddable":true,"href":"https:\/\/www.specagra.ee\/index.php?rest_route=%2Fwp%2Fv2%2Fproduct_brand&post=12944"},{"taxonomy":"product_cat","embeddable":true,"href":"https:\/\/www.specagra.ee\/index.php?rest_route=%2Fwp%2Fv2%2Fproduct_cat&post=12944"},{"taxonomy":"product_tag","embeddable":true,"href":"https:\/\/www.specagra.ee\/index.php?rest_route=%2Fwp%2Fv2%2Fproduct_tag&post=12944"}],"curies":[{"name":"wp","href":"https:\/\/api.w.org\/{rel}","templated":true}]}}